000
CDUS42 KKEY 242036 RRA
CLIMTH

CLIMATE REPORT
NATIONAL WEATHER SERVICE KEY WEST, FL
430 PM EDT TUE MAY 24 2016

...................................

...THE MARATHON CLIMATE SUMMARY FOR MAY 24 2016...
VALID TODAY AS OF 0400 PM LOCAL TIME.

CLIMATE NORMAL PERIOD 1981 TO 2010

WEATHER ITEM   OBSERVED TIME   NORMAL DEPARTURE LAST
                VALUE   (LST)  VALUE  FROM      YEAR
                                      NORMAL
......................................................
TEMPERATURE (F)
 TODAY
  MAXIMUM         89    145 PM  88      1       91
  MINIMUM         76    524 AM  78     -2       76
  AVERAGE         83            83      0       84

PRECIPITATION (IN)
  TODAY            0.00          0.10  -0.10     0.05
  MONTH TO DATE    2.28          2.46  -0.18     0.17
  SINCE MAR 1      4.40          7.23  -2.83     4.38
  SINCE JAN 1     12.76         11.05   1.71     6.61

SNOWFALL (IN)
  TODAY            0.0
  MONTH TO DATE    0.0
  SINCE MAR 1      0.0
  SINCE JUL 1      0.0
  SNOW DEPTH       0

DEGREE DAYS
 HEATING
  TODAY            0             0      0        0
  MONTH TO DATE    0             0      0        0
  SINCE MAR 1      0             6     -6        0
  SINCE JUL 1     49            81    -32       50

 COOLING
  TODAY           18            18      0       19
  MONTH TO DATE  400           377     23      413
  SINCE MAR 1   1195          1031    164     1337
  SINCE JAN 1   1491          1413     78     1724
......................................................

WIND (MPH)
  HIGHEST WIND SPEED    10   HIGHEST WIND DIRECTION     E (80)
  HIGHEST GUST SPEED    16   HIGHEST GUST DIRECTION    SE (120)
  AVERAGE WIND SPEED     4.1

SKY COVER
  POSSIBLE SUNSHINE  MM
  AVERAGE SKY COVER 0.2

WEATHER CONDITIONS
 THE FOLLOWING WEATHER WAS RECORDED TODAY.
  NO SIGNIFICANT WEATHER WAS OBSERVED.

RELATIVE HUMIDITY (PERCENT)
 HIGHEST    76
 LOWEST     55
 AVERAGE    66

..........................................................

THE MARATHON CLIMATE NORMALS FOR TOMORROW
                         NORMAL
 MAXIMUM TEMPERATURE (F)   88
 MINIMUM TEMPERATURE (F)   78

SUNRISE AND SUNSET
MAY 24 2016...........SUNRISE   637 AM EDT   SUNSET   806 PM EDT
MAY 25 2016...........SUNRISE   636 AM EDT   SUNSET   806 PM EDT

-  INDICATES NEGATIVE NUMBERS.
R  INDICATES RECORD WAS SET OR TIED.
MM INDICATES DATA IS MISSING.
T  INDICATES TRACE AMOUNT.

$$
