000
CDUS42 KKEY 280540
CLIMTH

CLIMATE REPORT
NATIONAL WEATHER SERVICE KEY WEST, FL
1234 AM EST FRI NOV 28 2014


...................................

...THE MARATHON CLIMATE SUMMARY FOR NOVEMBER 27 2014...

CLIMATE NORMAL PERIOD 1981 TO 2010


WEATHER ITEM   OBSERVED TIME   NORMAL DEPARTURE LAST
                VALUE   (LST)  VALUE  FROM      YEAR
                                      NORMAL
......................................................
TEMPERATURE (F)
 YESTERDAY
  MAXIMUM         72    131 PM  79     -7       80
  MINIMUM         60    745 AM  70    -10       67
  AVERAGE         66            74     -8       74

PRECIPITATION (IN)
  YESTERDAY        0.00          0.08  -0.08     2.14
  MONTH TO DATE    1.84          2.59  -0.75     6.06
  SINCE SEP 1     14.93         15.10  -0.17    10.34
  SINCE JAN 1     34.87         43.92  -9.05    49.57

SNOWFALL (IN)
  YESTERDAY        0.0
  MONTH TO DATE    0.0
  SINCE SEP 1      0.0
  SINCE JUL 1      0.0
  SNOW DEPTH       0

DEGREE DAYS
 HEATING
  YESTERDAY        0             0      0        0
  MONTH TO DATE    4             0      4        0
  SINCE SEP 1      4             0      4        0
  SINCE JUL 1      4             0      4        0

 COOLING
  YESTERDAY        1            10     -9        9
  MONTH TO DATE  243           298    -55      382
  SINCE SEP 1   1295          1351    -56     1522
  SINCE JAN 1   4979          4737    242     5243
......................................................


WIND (MPH)
  HIGHEST WIND SPEED    20   HIGHEST WIND DIRECTION     N (10)
  HIGHEST GUST SPEED    27   HIGHEST GUST DIRECTION     N (350)
  AVERAGE WIND SPEED    13.1


SKY COVER
  POSSIBLE SUNSHINE  MM
  AVERAGE SKY COVER 0.1


WEATHER CONDITIONS
 THE FOLLOWING WEATHER WAS RECORDED YESTERDAY.
  NO SIGNIFICANT WEATHER WAS OBSERVED.


RELATIVE HUMIDITY (PERCENT)
 HIGHEST    84
 LOWEST     35
 AVERAGE    60

..........................................................


THE MARATHON CLIMATE NORMALS FOR TODAY
                         NORMAL
 MAXIMUM TEMPERATURE (F)   79
 MINIMUM TEMPERATURE (F)   70


SUNRISE AND SUNSET
NOVEMBER 28 2014......SUNRISE   650 AM EST   SUNSET   535 PM EST
NOVEMBER 29 2014......SUNRISE   650 AM EST   SUNSET   535 PM EST


-  INDICATES NEGATIVE NUMBERS.
R  INDICATES RECORD WAS SET OR TIED.
MM INDICATES DATA IS MISSING.
T  INDICATES TRACE AMOUNT.




$$
