000
CDUS42 KKEY 260608
CLIMTH

CLIMATE REPORT
NATIONAL WEATHER SERVICE KEY WEST, FL

106 AM EST MON JAN 26 2015


...................................

...THE MARATHON CLIMATE SUMMARY FOR JANUARY 25 2015...

CLIMATE NORMAL PERIOD 1981 TO 2010


WEATHER ITEM   OBSERVED TIME   NORMAL DEPARTURE LAST
                VALUE   (LST)  VALUE  FROM      YEAR
                                      NORMAL
......................................................
TEMPERATURE (F)
 YESTERDAY
  MAXIMUM         67    228 PM  75     -8       77
  MINIMUM         59    752 AM  65     -6       59
  AVERAGE         63            70     -7       68

PRECIPITATION (IN)
  YESTERDAY        0.00          0.05  -0.05     0.00
  MONTH TO DATE    0.20          1.24  -1.04     0.78
  SINCE DEC 1      1.74          3.26  -1.52     3.55
  SINCE JAN 1      0.20          1.24  -1.04     0.78

SNOWFALL (IN)
  YESTERDAY        0.0
  MONTH TO DATE    0.0
  SINCE DEC 1      0.0
  SINCE JUL 1      0.0
  SNOW DEPTH       0

DEGREE DAYS
 HEATING
  YESTERDAY        2             1      1        0
  MONTH TO DATE    2            34    -32       33
  SINCE DEC 1     17            54    -37       33
  SINCE JUL 1     23            55    -32       34

 COOLING
  YESTERDAY        0             6     -6        3
  MONTH TO DATE  221           150     71      135
  SINCE DEC 1    460           378     82      495
  SINCE JAN 1    221           150     71      135
......................................................


WIND (MPH)
  HIGHEST WIND SPEED    16   HIGHEST WIND DIRECTION     N (20)
  HIGHEST GUST SPEED    21   HIGHEST GUST DIRECTION    NW (330)
  AVERAGE WIND SPEED     9.3


SKY COVER
  POSSIBLE SUNSHINE  MM
  AVERAGE SKY COVER 0.3


WEATHER CONDITIONS
 THE FOLLOWING WEATHER WAS RECORDED YESTERDAY.
  NO SIGNIFICANT WEATHER WAS OBSERVED.


RELATIVE HUMIDITY (PERCENT)
 HIGHEST    90
 LOWEST     63
 AVERAGE    77

..........................................................


THE MARATHON CLIMATE NORMALS FOR TODAY
                         NORMAL
 MAXIMUM TEMPERATURE (F)   76
 MINIMUM TEMPERATURE (F)   65


SUNRISE AND SUNSET
JANUARY 26 2015.......SUNRISE   709 AM EST   SUNSET   605 PM EST
JANUARY 27 2015.......SUNRISE   708 AM EST   SUNSET   606 PM EST


-  INDICATES NEGATIVE NUMBERS.
R  INDICATES RECORD WAS SET OR TIED.
MM INDICATES DATA IS MISSING.
T  INDICATES TRACE AMOUNT.




$$
