000
CDUS42 KKEY 270603
CLIMTH

CLIMATE REPORT
NATIONAL WEATHER SERVICE KEY WEST, FL
1258 AM EST SAT DEC 27 2014

...................................

...THE MARATHON CLIMATE SUMMARY FOR DECEMBER 26 2014...

CLIMATE NORMAL PERIOD 1981 TO 2010

WEATHER ITEM   OBSERVED TIME   NORMAL DEPARTURE LAST
                VALUE   (LST)  VALUE  FROM      YEAR
                                      NORMAL
......................................................
TEMPERATURE (F)
 YESTERDAY
  MAXIMUM         78    139 PM  75      3       MM
  MINIMUM         70    822 AM  65      5       72
  AVERAGE         74            70      4       MM

PRECIPITATION (IN)
  YESTERDAY        0.01          0.06  -0.05     0.08
  MONTH TO DATE    1.54          1.74  -0.20     2.73
  SINCE DEC 1      1.54          1.74  -0.20     2.73
  SINCE JAN 1     36.41         45.89  -9.48    52.30

SNOWFALL (IN)
  YESTERDAY        0.0
  MONTH TO DATE    0.0
  SINCE DEC 1      0.0
  SINCE JUL 1      0.0
  SNOW DEPTH       0

DEGREE DAYS
 HEATING
  YESTERDAY        0             1     -1       MM
  MONTH TO DATE   15            19     -4        0
  SINCE DEC 1     15            19     -4        0
  SINCE JUL 1     21            20      1        1

 COOLING
  YESTERDAY        9             6      3       MM
  MONTH TO DATE  180           199    -19      301
  SINCE DEC 1    180           199    -19      301
  SINCE JAN 1   5166          4963    203     5557
......................................................


WIND (MPH)
  HIGHEST WIND SPEED    15   HIGHEST WIND DIRECTION    NE (50)
  HIGHEST GUST SPEED    19   HIGHEST GUST DIRECTION    NE (50)
  AVERAGE WIND SPEED     9.5


SKY COVER
  POSSIBLE SUNSHINE  MM
  AVERAGE SKY COVER 0.5


WEATHER CONDITIONS
 THE FOLLOWING WEATHER WAS RECORDED YESTERDAY.
  LIGHT RAIN
  FOG


RELATIVE HUMIDITY (PERCENT)
 HIGHEST   100
 LOWEST     79
 AVERAGE    90

..........................................................


THE MARATHON CLIMATE NORMALS FOR TODAY
                         NORMAL
 MAXIMUM TEMPERATURE (F)   75
 MINIMUM TEMPERATURE (F)   65


SUNRISE AND SUNSET
DECEMBER 27 2014......SUNRISE   707 AM EST   SUNSET   544 PM EST
DECEMBER 28 2014......SUNRISE   707 AM EST   SUNSET   545 PM EST


-  INDICATES NEGATIVE NUMBERS.
R  INDICATES RECORD WAS SET OR TIED.
MM INDICATES DATA IS MISSING.
T  INDICATES TRACE AMOUNT.

$$
