000
CDUS42 KKEY 182029
CLIMTH

CLIMATE REPORT
NATIONAL WEATHER SERVICE KEY WEST, FL
426 PM EDT FRI APR 18 2014


...................................

...THE MARATHON CLIMATE SUMMARY FOR APRIL 18 2014...
VALID TODAY AS OF 0400 PM LOCAL TIME.

CLIMATE NORMAL PERIOD 1981 TO 2010


WEATHER ITEM   OBSERVED TIME   NORMAL DEPARTURE LAST
                VALUE   (LST)  VALUE  FROM      YEAR
                                      NORMAL
......................................................
TEMPERATURE (F)
 TODAY
  MAXIMUM         87    218 PM  83      4       89
  MINIMUM         78   1012 AM  72      6       77
  AVERAGE         83            78      5       83

PRECIPITATION (IN)
  TODAY            T             0.09  -0.09     0.05
  MONTH TO DATE    0.25          1.31  -1.06     2.16
  SINCE MAR 1      1.82          3.70  -1.88     3.55
  SINCE JAN 1      5.51          7.52  -2.01     5.93

SNOWFALL (IN)
  TODAY            0.0
  MONTH TO DATE    0.0
  SINCE MAR 1      0.0
  SINCE JUL 1      0.0
  SNOW DEPTH       0

DEGREE DAYS
 HEATING
  TODAY            0             0      0        0
  MONTH TO DATE    0             0      0        0
  SINCE MAR 1      0             6     -6       23
  SINCE JUL 1     35            81    -46       36

 COOLING
  TODAY           18            13      5       18
  MONTH TO DATE  257           211     46      301
  SINCE MAR 1    577           494     83      494
  SINCE JAN 1   1083           876    207     1089
......................................................


WIND (MPH)
  HIGHEST WIND SPEED    16   HIGHEST WIND DIRECTION    SE (120)
  HIGHEST GUST SPEED    24   HIGHEST GUST DIRECTION     S (170)
  AVERAGE WIND SPEED     9.8


SKY COVER
  POSSIBLE SUNSHINE  MM
  AVERAGE SKY COVER 0.1


WEATHER CONDITIONS
 THE FOLLOWING WEATHER WAS RECORDED TODAY.
  LIGHT RAIN


RELATIVE HUMIDITY (PERCENT)
 HIGHEST    85
 LOWEST     61
 AVERAGE    73

..........................................................


THE MARATHON CLIMATE NORMALS FOR TOMORROW
                         NORMAL
 MAXIMUM TEMPERATURE (F)   83
 MINIMUM TEMPERATURE (F)   72


SUNRISE AND SUNSET
APRIL 18 2014.........SUNRISE   700 AM EDT   SUNSET   748 PM EDT
APRIL 19 2014.........SUNRISE   659 AM EDT   SUNSET   748 PM EDT


-  INDICATES NEGATIVE NUMBERS.
R  INDICATES RECORD WAS SET OR TIED.
MM INDICATES DATA IS MISSING.
T  INDICATES TRACE AMOUNT.




$$
