000
CDUS43 KILX 190645
CLIMTO


CLIMATE REPORT
NATIONAL WEATHER SERVICE LINCOLN IL
133 AM CDT SAT APR 19 2014


...................................

...THE MATTOON IL AIRPORT CLIMATE SUMMARY FOR APRIL 18 2014...

CLIMATE NORMAL PERIOD 1981 TO 2010
CLIMATE RECORD PERIOD 9999 TO 9999


WEATHER ITEM   OBSERVED TIME   RECORD YEAR NORMAL DEPARTURE LAST
                VALUE   (LST)  VALUE       VALUE  FROM      YEAR
                                                  NORMAL
..................................................................
TEMPERATURE (F)
 YESTERDAY
  MAXIMUM         69    339 PM  MM      MM  65      4       72
  MINIMUM         43    602 AM  MM      MM  44     -1       41
  AVERAGE         56                        54      2       57

PRECIPITATION (IN)
  YESTERDAY        0.00         MM      MM   0.11  -0.11     2.65
  MONTH TO DATE    2.33                      1.80   0.53     5.80
  SINCE MAR 1      3.33                      4.37  -1.04     6.74
  SINCE JAN 1      5.26                      8.35  -3.09    13.19

DEGREE DAYS
 HEATING
  YESTERDAY        9                        11     -2        8
  MONTH TO DATE  252                       254     -2      227
  SINCE MAR 1   1141                       953    188     1123
  SINCE JUL 1   5988                      5157    831     5086

 COOLING
  YESTERDAY        0                         0      0        0
  MONTH TO DATE    1                         0      1        2
  SINCE MAR 1      1                         1      0        2
  SINCE JAN 1      1                         1      0        2
..................................................................


WIND (MPH)
  HIGHEST WIND SPEED    14   HIGHEST WIND DIRECTION    NE (50)
  HIGHEST GUST SPEED    18   HIGHEST GUST DIRECTION    NE (50)
  AVERAGE WIND SPEED     6.6


SKY COVER
  POSSIBLE SUNSHINE  MM
  AVERAGE SKY COVER 0.1


WEATHER CONDITIONS
 THE FOLLOWING WEATHER WAS RECORDED YESTERDAY.
  FOG
  HAZE


RELATIVE HUMIDITY (PERCENT)
 HIGHEST    89           600 AM
 LOWEST     37           400 PM
 AVERAGE    63

..........................................................


THE MATTOON IL AIRPORT CLIMATE NORMALS FOR TODAY
                         NORMAL    RECORD    YEAR
 MAXIMUM TEMPERATURE (F)   65        MM        MM
 MINIMUM TEMPERATURE (F)   45        MM        MM


SUNRISE AND SUNSET
APRIL 19 2014.........SUNRISE   610 AM CDT   SUNSET   735 PM CDT
APRIL 20 2014.........SUNRISE   609 AM CDT   SUNSET   736 PM CDT


-  INDICATES NEGATIVE NUMBERS.
R  INDICATES RECORD WAS SET OR TIED.
MM INDICATES DATA IS MISSING.
T  INDICATES TRACE AMOUNT.




$$
