000
CDUS41 KBTV 180542
CLIMVL


CLIMATE REPORT
NATIONAL WEATHER SERVICE BURLINGTON VT
1240 AM EST THU DEC 18 2014


...................................

...THE MORRISVILLE VT CLIMATE SUMMARY FOR DECEMBER 17 2014...

CLIMATE NORMAL PERIOD 1981 TO 2010
CLIMATE RECORD PERIOD 9999 TO 9999


WEATHER ITEM   OBSERVED TIME   NORMAL DEPARTURE LAST
                VALUE   (LST)  VALUE  FROM      YEAR
                                      NORMAL
......................................................
TEMPERATURE (F)
 YESTERDAY
  MAXIMUM         35    800 PM  31      4       12
  MINIMUM         33   1127 PM  13     20      -23
  AVERAGE         34            22     12       -5

PRECIPITATION (IN)
  YESTERDAY        T             0.07  -0.07     0.02
  MONTH TO DATE    0.62          1.56  -0.94     0.89
  SINCE DEC 1      0.62          1.56  -0.94     0.89
  SINCE JAN 1     34.11         34.92  -0.81    39.66

DEGREE DAYS
 HEATING
  YESTERDAY       31            43    -12       70
  MONTH TO DATE  578           676    -98      762
  SINCE DEC 1    578           676    -98      762
  SINCE JUL 1   1921          2504   -583     2545

 COOLING
  YESTERDAY        0             0      0        0
  MONTH TO DATE    0             0      0        0
  SINCE DEC 1      0             0      0        0
  SINCE JAN 1    249           265    -16      401
......................................................


WIND (MPH)
  HIGHEST WIND SPEED     5   HIGHEST WIND DIRECTION     N (10)
  HIGHEST GUST SPEED     6   HIGHEST GUST DIRECTION     S (170)
  AVERAGE WIND SPEED     0.3


SKY COVER
  AVERAGE SKY COVER 1.0


WEATHER CONDITIONS
 THE FOLLOWING WEATHER WAS RECORDED YESTERDAY.
  LIGHT RAIN
  FOG
  FOG W/VISIBILITY <= 1/4 MILE


RELATIVE HUMIDITY (PERCENT)
 HIGHEST   100          1000 AM
 LOWEST     92          1100 AM
 AVERAGE    96

..........................................................


THE MORRISVILLE VT CLIMATE NORMALS FOR TODAY
                         NORMAL    RECORD    YEAR
 MAXIMUM TEMPERATURE (F)   31        MM        MM
 MINIMUM TEMPERATURE (F)   13        MM        MM


SUNRISE AND SUNSET
DECEMBER 18 2014......SUNRISE   722 AM EST   SUNSET   412 PM EST
DECEMBER 19 2014......SUNRISE   723 AM EST   SUNSET   412 PM EST


-  INDICATES NEGATIVE NUMBERS.
R  INDICATES RECORD WAS SET OR TIED.
MM INDICATES DATA IS MISSING.
T  INDICATES TRACE AMOUNT.




$$
