686
CDUS41 KBTV 220613
CLIMVL


CLIMATE REPORT
NATIONAL WEATHER SERVICE BURLINGTON VT
211 AM EDT FRI SEP 22 2017


...................................

...THE MORRISVILLE VT CLIMATE SUMMARY FOR SEPTEMBER 21 2017...

CLIMATE NORMAL PERIOD 1981 TO 2010
CLIMATE RECORD PERIOD 9999 TO 9999


WEATHER ITEM   OBSERVED TIME   NORMAL DEPARTURE LAST
                VALUE   (LST)  VALUE  FROM      YEAR
                                      NORMAL
......................................................
TEMPERATURE (F)
 YESTERDAY
  MAXIMUM         78    231 PM  68     10       78
  MINIMUM         45   1155 PM  44      1       48
  AVERAGE         62            56      6       63

PRECIPITATION (IN)
  YESTERDAY        0.00          0.13  -0.13     0.00
  MONTH TO DATE    2.71          2.29   0.42     0.62
  SINCE SEP 1      2.71          2.29   0.42     0.62
  SINCE JAN 1     29.67         26.05   3.62    16.26

DEGREE DAYS
 HEATING
  YESTERDAY        3            10     -7        2
  MONTH TO DATE  122           133    -11       70
  SINCE SEP 1    122           133    -11       70
  SINCE JUL 1    284           228     56      129

 COOLING
  YESTERDAY        0             0      0        0
  MONTH TO DATE   14            13      1       34
  SINCE SEP 1     14            13      1       34
  SINCE JAN 1    158           260   -102      322
......................................................


WIND (MPH)
  HIGHEST WIND SPEED    15   HIGHEST WIND DIRECTION    NE (30)
  HIGHEST GUST SPEED    20   HIGHEST GUST DIRECTION     N (20)
  AVERAGE WIND SPEED     2.8


SKY COVER
  AVERAGE SKY COVER 0.3


WEATHER CONDITIONS
 THE FOLLOWING WEATHER WAS RECORDED YESTERDAY.
  FOG
  FOG W/VISIBILITY <= 1/4 MILE


RELATIVE HUMIDITY (PERCENT)
 HIGHEST   100          1200 AM
 LOWEST     30           100 PM
 AVERAGE    65

..........................................................


THE MORRISVILLE VT CLIMATE NORMALS FOR TODAY
                         NORMAL    RECORD    YEAR
 MAXIMUM TEMPERATURE (F)   67        81      2016
                                             2007
 MINIMUM TEMPERATURE (F)   43        31      2008


SUNRISE AND SUNSET
SEPTEMBER 22 2017.....SUNRISE   638 AM EDT   SUNSET   647 PM EDT
SEPTEMBER 23 2017.....SUNRISE   639 AM EDT   SUNSET   646 PM EDT


-  INDICATES NEGATIVE NUMBERS.
R  INDICATES RECORD WAS SET OR TIED.
MM INDICATES DATA IS MISSING.
T  INDICATES TRACE AMOUNT.




$$
