000
CDUS41 KBTV 250552
CLIMVL


CLIMATE REPORT
NATIONAL WEATHER SERVICE BURLINGTON VT
1250 AM EST SAT NOV 25 2017


...................................

...THE MORRISVILLE VT CLIMATE SUMMARY FOR NOVEMBER 24 2017...

CLIMATE NORMAL PERIOD 1981 TO 2010
CLIMATE RECORD PERIOD 9999 TO 9999


WEATHER ITEM   OBSERVED TIME   NORMAL DEPARTURE LAST
                VALUE   (LST)  VALUE  FROM      YEAR
                                      NORMAL
......................................................
TEMPERATURE (F)
 YESTERDAY
  MAXIMUM         42    117 PM  40      2       34
  MINIMUM         26   1159 PM  23      3       28
  AVERAGE         34            32      2       31

PRECIPITATION (IN)
  YESTERDAY        0.00          0.10  -0.10     0.02
  MONTH TO DATE    1.34          2.48  -1.14     0.56
  SINCE SEP 1      7.94          8.96  -1.02     2.64
  SINCE JAN 1     34.90         32.72   2.18    18.28

DEGREE DAYS
 HEATING
  YESTERDAY       31            33     -2       34
  MONTH TO DATE  749           689     60      636
  SINCE SEP 1   1302          1525   -223     1338
  SINCE JUL 1   1464          1620   -156     1397

 COOLING
  YESTERDAY        0             0      0        0
  MONTH TO DATE    0             0      0        0
  SINCE SEP 1     48            18     30       34
  SINCE JAN 1    192           265    -73      322
......................................................


WIND (MPH)
  HIGHEST WIND SPEED    14   HIGHEST WIND DIRECTION     S (190)
  HIGHEST GUST SPEED    22   HIGHEST GUST DIRECTION     S (190)
  AVERAGE WIND SPEED     4.9


SKY COVER
  AVERAGE SKY COVER 0.6


WEATHER CONDITIONS
 THE FOLLOWING WEATHER WAS RECORDED YESTERDAY.
  NO SIGNIFICANT WEATHER WAS OBSERVED.


RELATIVE HUMIDITY (PERCENT)
 HIGHEST    92           800 PM
 LOWEST     57           100 PM
 AVERAGE    75

..........................................................


THE MORRISVILLE VT CLIMATE NORMALS FOR TODAY
                         NORMAL    RECORD    YEAR
 MAXIMUM TEMPERATURE (F)   40        60      2014
 MINIMUM TEMPERATURE (F)   23         2      2000


SUNRISE AND SUNSET
NOVEMBER 25 2017......SUNRISE   700 AM EST   SUNSET   415 PM EST
NOVEMBER 26 2017......SUNRISE   701 AM EST   SUNSET   414 PM EST


-  INDICATES NEGATIVE NUMBERS.
R  INDICATES RECORD WAS SET OR TIED.
MM INDICATES DATA IS MISSING.
T  INDICATES TRACE AMOUNT.




$$
