694
CDUS41 KBTV 240544
CLIMVL


CLIMATE REPORT
NATIONAL WEATHER SERVICE BURLINGTON VT
1239 AM EST SAT FEB 24 2018


...................................

...THE MORRISVILLE VT CLIMATE SUMMARY FOR FEBRUARY 23 2018...

CLIMATE NORMAL PERIOD 1981 TO 2010
CLIMATE RECORD PERIOD 9999 TO 9999


WEATHER ITEM   OBSERVED TIME   NORMAL DEPARTURE LAST
                VALUE   (LST)  VALUE  FROM      YEAR
                                      NORMAL
......................................................
TEMPERATURE (F)
 YESTERDAY
  MAXIMUM         38   1159 PM  33      5       62
  MINIMUM         14    617 AM   9      5       28
  AVERAGE         26            21      5       45

PRECIPITATION (IN)
  YESTERDAY        0.17          0.07   0.10      T
  MONTH TO DATE    1.68          1.43   0.25     0.46
  SINCE DEC 1      5.80          6.61  -0.81     5.60
  SINCE JAN 1      4.95          3.97   0.98     2.39

DEGREE DAYS
 HEATING
  YESTERDAY       39            44     -5       20
  MONTH TO DATE  976          1082   -106      976
  SINCE DEC 1   3813          3916   -103     3488
  SINCE JUL 1   5454          5744   -290     5079

 COOLING
  YESTERDAY        0             0      0        0
  MONTH TO DATE    0             0      0        0
  SINCE DEC 1      0             0      0        0
  SINCE JAN 1      0             0      0        0
......................................................


WIND (MPH)
  HIGHEST WIND SPEED    23   HIGHEST WIND DIRECTION     S (190)
  HIGHEST GUST SPEED    33   HIGHEST GUST DIRECTION     S (170)
  AVERAGE WIND SPEED     5.7


SKY COVER
  AVERAGE SKY COVER 0.5


WEATHER CONDITIONS
 THE FOLLOWING WEATHER WAS RECORDED YESTERDAY.
  RAIN
  LIGHT RAIN
  FOG


RELATIVE HUMIDITY (PERCENT)
 HIGHEST   100           900 PM
 LOWEST     41          1200 PM
 AVERAGE    71

..........................................................


THE MORRISVILLE VT CLIMATE NORMALS FOR TODAY
                         NORMAL    RECORD    YEAR
 MAXIMUM TEMPERATURE (F)   33        48      2017
 MINIMUM TEMPERATURE (F)   10       -29      2015


SUNRISE AND SUNSET
FEBRUARY 24 2018......SUNRISE   636 AM EST   SUNSET   532 PM EST
FEBRUARY 25 2018......SUNRISE   635 AM EST   SUNSET   533 PM EST


-  INDICATES NEGATIVE NUMBERS.
R  INDICATES RECORD WAS SET OR TIED.
MM INDICATES DATA IS MISSING.
T  INDICATES TRACE AMOUNT.




$$
