000
CDUS41 KBTV 290620
CLIMVL


CLIMATE REPORT
NATIONAL WEATHER SERVICE BURLINGTON VT
216 AM EDT WED MAR 29 2017


...................................

...THE MORRISVILLE VT CLIMATE SUMMARY FOR MARCH 28 2017...

CLIMATE NORMAL PERIOD 1981 TO 2010
CLIMATE RECORD PERIOD 9999 TO 9999


WEATHER ITEM   OBSERVED TIME   NORMAL DEPARTURE LAST
                VALUE   (LST)  VALUE  FROM      YEAR
                                      NORMAL
......................................................
TEMPERATURE (F)
 YESTERDAY
  MAXIMUM         51    104 PM  44      7       43
  MINIMUM         32   1155 PM  23      9       31
  AVERAGE         42            33      9       37

PRECIPITATION (IN)
  YESTERDAY        0.04          0.06  -0.02     0.26
  MONTH TO DATE    0.97          1.47  -0.50     1.13
  SINCE MAR 1      0.97          1.47  -0.50     1.13
  SINCE JAN 1      4.04          5.75  -1.71     4.28

DEGREE DAYS
 HEATING
  YESTERDAY       23            32     -9       28
  MONTH TO DATE 1214          1034    180      888
  SINCE MAR 1   1214          1034    180      888
  SINCE JUL 1   6437          6994   -557     5461

 COOLING
  YESTERDAY        0             0      0        0
  MONTH TO DATE    0             0      0        0
  SINCE MAR 1      0             0      0        0
  SINCE JAN 1      0             0      0        0
......................................................


WIND (MPH)
  HIGHEST WIND SPEED    10   HIGHEST WIND DIRECTION     N (20)
  HIGHEST GUST SPEED    14   HIGHEST GUST DIRECTION    NE (40)
  AVERAGE WIND SPEED     2.6


SKY COVER
  AVERAGE SKY COVER 1.0


WEATHER CONDITIONS
 THE FOLLOWING WEATHER WAS RECORDED YESTERDAY.
  LIGHT RAIN
  FOG
  HAZE


RELATIVE HUMIDITY (PERCENT)
 HIGHEST    96           700 AM
 LOWEST     48           100 PM
 AVERAGE    72

..........................................................


THE MORRISVILLE VT CLIMATE NORMALS FOR TODAY
                         NORMAL    RECORD    YEAR
 MAXIMUM TEMPERATURE (F)   45        68      1989
 MINIMUM TEMPERATURE (F)   23         5      2015


SUNRISE AND SUNSET
MARCH 29 2017.........SUNRISE   637 AM EDT   SUNSET   714 PM EDT
MARCH 30 2017.........SUNRISE   635 AM EDT   SUNSET   716 PM EDT


-  INDICATES NEGATIVE NUMBERS.
R  INDICATES RECORD WAS SET OR TIED.
MM INDICATES DATA IS MISSING.
T  INDICATES TRACE AMOUNT.




$$
