000
CDUS46 KOTX 230819
CLIMWH


CLIMATE REPORT
NATIONAL WEATHER SERVICE SPOKANE, WA
118 AM PDT SAT MAY 23 2015


...................................

...THE MOSES LAKE WA AIRPORT CLIMATE SUMMARY FOR MAY 22 2015...

CLIMATE NORMAL PERIOD 1981 TO 2010
CLIMATE RECORD PERIOD 9999 TO 9999


WEATHER ITEM   OBSERVED TIME   RECORD YEAR NORMAL DEPARTURE LAST
                VALUE   (LST)  VALUE       VALUE  FROM      YEAR
                                                  NORMAL
..................................................................
TEMPERATURE (F)
 YESTERDAY
  MAXIMUM         87        MM  MM      MM  75     12       86
  MINIMUM         61        MM  MM      MM  47     14       54
  AVERAGE         74                        61     13       70

PRECIPITATION (IN)
  YESTERDAY        0.06         MM      MM   0.02   0.04     0.00
  MONTH TO DATE    0.53                      0.42   0.11     0.15
  SINCE OCT 1      5.76                      7.13  -1.37     3.42
  SINCE JAN 1      3.10                      3.84  -0.74     2.78

SNOWFALL (IN)
  YESTERDAY       MM

DEGREE DAYS
 HEATING
  YESTERDAY        0                         5     -5        0
  MONTH TO DATE   92                       172    -80       97
  SINCE MAR 1   1033                      1284   -251     1098
  SINCE JUL 1   4791                      5789   -998     5609

 COOLING
  YESTERDAY        9                         1      8        5
  MONTH TO DATE   27                        12     15       17
  SINCE MAR 1     27                        13     14       17
  SINCE JAN 1     27                        13     14       17
..................................................................


WIND (MPH)
  HIGHEST WIND SPEED    14   HIGHEST WIND DIRECTION     W (260)
  HIGHEST GUST SPEED    18   HIGHEST GUST DIRECTION    SW (240)
  AVERAGE WIND SPEED     8.1


SKY COVER
  POSSIBLE SUNSHINE  MM
  AVERAGE SKY COVER 0.4


WEATHER CONDITIONS
 THE FOLLOWING WEATHER WAS RECORDED YESTERDAY.
  THUNDERSTORM
  LIGHT RAIN


RELATIVE HUMIDITY (PERCENT)
 HIGHEST    84           600 AM
 LOWEST     26           500 PM
 AVERAGE    55

..........................................................


THE MOSES LAKE WA AIRPORT CLIMATE NORMALS FOR TODAY
                         NORMAL    RECORD    YEAR
 MAXIMUM TEMPERATURE (F)   75        MM        MM
 MINIMUM TEMPERATURE (F)   47        MM        MM


SUNRISE AND SUNSET
MAY 23 2015...........SUNRISE   513 AM PDT   SUNSET   836 PM PDT
MAY 24 2015...........SUNRISE   512 AM PDT   SUNSET   837 PM PDT


-  INDICATES NEGATIVE NUMBERS.
R  INDICATES RECORD WAS SET OR TIED.
MM INDICATES DATA IS MISSING.
T  INDICATES TRACE AMOUNT.




$$
