000
CDUS45 KBOI 220940
CLIMYL


CLIMATE REPORT
NATIONAL WEATHER SERVICE BOISE ID
239 AM MST SAT NOV 22 2014


...................................

...THE MCCALL ID CLIMATE SUMMARY FOR NOVEMBER 21 2014...

CLIMATE NORMAL PERIOD 1981 TO 2010
CLIMATE RECORD PERIOD 1930 TO 2014


WEATHER ITEM   OBSERVED TIME   RECORD YEAR NORMAL DEPARTURE LAST
                VALUE   (LST)  VALUE       VALUE  FROM      YEAR
                                                  NORMAL
..................................................................
TEMPERATURE (F)
 YESTERDAY
  MAXIMUM         36    755 PM  60    1936  34      2       35
  MINIMUM         28    921 AM  -6    1945  18     10       11
  AVERAGE         32                        26      6       23

PRECIPITATION (IN)
  YESTERDAY        0.18          1.29 2012   0.09   0.09     0.00
  MONTH TO DATE    1.07                      2.07  -1.00     2.05
  SINCE OCT 1      2.67                      3.47  -0.80     2.28
  SINCE JAN 1     20.08                     17.39   2.69    17.89

DEGREE DAYS
 HEATING
  YESTERDAY       33                        39     -6       42
  MONTH TO DATE  785                       724     61      681
  SINCE SEP 1   1639                      1939   -300     1740
  SINCE JUL 1   1755                      2267   -512     1787

 COOLING
  YESTERDAY        0                         0      0        0
  MONTH TO DATE    0                         0      0        0
  SINCE SEP 1      0                         0      0        6
  SINCE JAN 1    185                        25    160      186
..................................................................


WIND (MPH)
  HIGHEST WIND SPEED    15   HIGHEST WIND DIRECTION    SE (150)
  HIGHEST GUST SPEED    22   HIGHEST GUST DIRECTION    SE (150)
  AVERAGE WIND SPEED     4.5


SKY COVER
  AVERAGE SKY COVER 1.0


WEATHER CONDITIONS
 THE FOLLOWING WEATHER WAS RECORDED YESTERDAY.
  LIGHT SNOW
  FOG
  FOG W/VISIBILITY <= 1/4 MILE


RELATIVE HUMIDITY (PERCENT)
 HIGHEST   100           100 AM
 LOWEST     82           600 PM
 AVERAGE    91

..........................................................


THE MCCALL ID CLIMATE NORMALS FOR TODAY
                         NORMAL    RECORD    YEAR
 MAXIMUM TEMPERATURE (F)   33        56      1954
 MINIMUM TEMPERATURE (F)   18        -6      1994


SUNRISE AND SUNSET
NOVEMBER 22 2014......SUNRISE   751 AM MST   SUNSET   510 PM MST
NOVEMBER 23 2014......SUNRISE   752 AM MST   SUNSET   509 PM MST


-  INDICATES NEGATIVE NUMBERS.
R  INDICATES RECORD WAS SET OR TIED.
MM INDICATES DATA IS MISSING.
T  INDICATES TRACE AMOUNT.




$$
