000
CDUS45 KBOI 130932
CLIMYL


CLIMATE REPORT
NATIONAL WEATHER SERVICE BOISE ID
231 AM MST SAT FEB 13 2016


...................................

...THE MCCALL ID CLIMATE SUMMARY FOR FEBRUARY 12 2016...

CLIMATE NORMAL PERIOD 1981 TO 2010
CLIMATE RECORD PERIOD 1930 TO 2016


WEATHER ITEM   OBSERVED TIME   RECORD YEAR NORMAL DEPARTURE LAST
                VALUE   (LST)  VALUE       VALUE  FROM      YEAR
                                                  NORMAL
..................................................................
TEMPERATURE (F)
 YESTERDAY
  MAXIMUM         46    334 PM  50    1996  33     13       48
  MINIMUM         18    816 AM -15    1948  10      8       23
  AVERAGE         32                        21     11       36

PRECIPITATION (IN)
  YESTERDAY        0.00          1.16 1975   0.06  -0.06     0.00
  MONTH TO DATE    0.29                      0.84  -0.55     2.35
  SINCE OCT 1     13.74                      8.75   4.99    12.89
  SINCE JAN 1      3.17                      2.57   0.60     4.13

DEGREE DAYS
 HEATING
  YESTERDAY       33                        44    -11       29
  MONTH TO DATE  500                       528    -28      364
  SINCE DEC 1   3180                      3364   -184     2778
  SINCE JUL 1   5281                      6002   -721     4793

 COOLING
  YESTERDAY        0                         0      0        0
  MONTH TO DATE    0                         0      0        0
  SINCE DEC 1      0                         0      0        0
  SINCE JAN 1      0                         0      0        0
..................................................................


WIND (MPH)
  HIGHEST WIND SPEED     8   HIGHEST WIND DIRECTION    NW (320)
  HIGHEST GUST SPEED    11   HIGHEST GUST DIRECTION    NW (320)
  AVERAGE WIND SPEED     1.1


SKY COVER
  AVERAGE SKY COVER 0.6


WEATHER CONDITIONS
 THE FOLLOWING WEATHER WAS RECORDED YESTERDAY.
  FOG
  FOG W/VISIBILITY <= 1/4 MILE
  HAZE


RELATIVE HUMIDITY (PERCENT)
 HIGHEST   100           100 AM
 LOWEST     53           400 PM
 AVERAGE    77

..........................................................


THE MCCALL ID CLIMATE NORMALS FOR TODAY
                         NORMAL    RECORD    YEAR
 MAXIMUM TEMPERATURE (F)   33        51      1996
 MINIMUM TEMPERATURE (F)   10       -27      1933


SUNRISE AND SUNSET
FEBRUARY 13 2016......SUNRISE   749 AM MST   SUNSET   609 PM MST
FEBRUARY 14 2016......SUNRISE   747 AM MST   SUNSET   611 PM MST


-  INDICATES NEGATIVE NUMBERS.
R  INDICATES RECORD WAS SET OR TIED.
MM INDICATES DATA IS MISSING.
T  INDICATES TRACE AMOUNT.




$$
