495
CDUS45 KBOI 230931
CLIMYL


CLIMATE REPORT
NATIONAL WEATHER SERVICE BOISE ID
331 AM MDT TUE MAY 23 2017


...................................

...THE MCCALL ID CLIMATE SUMMARY FOR MAY 22 2017...

CLIMATE NORMAL PERIOD 1981 TO 2010
CLIMATE RECORD PERIOD 1930 TO 2017


WEATHER ITEM   OBSERVED TIME   RECORD YEAR NORMAL DEPARTURE LAST
                VALUE   (LST)  VALUE       VALUE  FROM      YEAR
                                                  NORMAL
..................................................................
TEMPERATURE (F)
 YESTERDAY
  MAXIMUM         75    446 PM  84    1958  61     14       50
  MINIMUM         38    534 AM  22    1989  34      4       36
  AVERAGE         57                        48      9       43

PRECIPITATION (IN)
  YESTERDAY        0.00          1.90 1948   0.07  -0.07     0.08
  MONTH TO DATE    1.65                      1.54   0.11     1.29
  SINCE OCT 1     27.92                     15.31  12.61    23.00
  SINCE JAN 1     19.43                      9.13  10.30    12.43

DEGREE DAYS
 HEATING
  YESTERDAY        8                        18    -10       22
  MONTH TO DATE  408                       445    -37      330
  SINCE MAR 1   2176                      2405   -229     1924
  SINCE JUL 1   8379                      9080   -701     7793

 COOLING
  YESTERDAY        0                         0      0        0
  MONTH TO DATE    0                         0      0        0
  SINCE MAR 1      0                         0      0        0
  SINCE JAN 1      0                         0      0        0
..................................................................


WIND (MPH)
  HIGHEST WIND SPEED    15   HIGHEST WIND DIRECTION     N (340)
  HIGHEST GUST SPEED    22   HIGHEST GUST DIRECTION     N (360)
  AVERAGE WIND SPEED     4.6


SKY COVER
  AVERAGE SKY COVER 0.0


WEATHER CONDITIONS
 THE FOLLOWING WEATHER WAS RECORDED YESTERDAY.
  NO SIGNIFICANT WEATHER WAS OBSERVED.


RELATIVE HUMIDITY (PERCENT)
 HIGHEST    85           500 AM
 LOWEST     13           500 PM
 AVERAGE    49

..........................................................


THE MCCALL ID CLIMATE NORMALS FOR TODAY
                         NORMAL    RECORD    YEAR
 MAXIMUM TEMPERATURE (F)   61        82      2001
 MINIMUM TEMPERATURE (F)   35        20      1944


SUNRISE AND SUNSET
MAY 23 2017...........SUNRISE   607 AM MDT   SUNSET   915 PM MDT
MAY 24 2017...........SUNRISE   607 AM MDT   SUNSET   916 PM MDT


-  INDICATES NEGATIVE NUMBERS.
R  INDICATES RECORD WAS SET OR TIED.
MM INDICATES DATA IS MISSING.
T  INDICATES TRACE AMOUNT.




$$
