000
CDUS45 KBOI 220932
CLIMYL


CLIMATE REPORT
NATIONAL WEATHER SERVICE BOISE ID
331 AM MDT WED MAR 22 2017


...................................

...THE MCCALL ID CLIMATE SUMMARY FOR MARCH 21 2017...

CLIMATE NORMAL PERIOD 1981 TO 2010
CLIMATE RECORD PERIOD 1930 TO 2017


WEATHER ITEM   OBSERVED TIME   RECORD YEAR NORMAL DEPARTURE LAST
                VALUE   (LST)  VALUE       VALUE  FROM      YEAR
                                                  NORMAL
..................................................................
TEMPERATURE (F)
 YESTERDAY
  MAXIMUM         46    144 PM  60    1978  41      5       43
  MINIMUM         32   1140 PM  -5    1952  20     12       32
  AVERAGE         39                        30      9       38

PRECIPITATION (IN)
  YESTERDAY        0.51          0.79 1958   0.08   0.43     0.29
  MONTH TO DATE    4.14                      1.37   2.77     4.10
  SINCE OCT 1     21.25                     11.02  10.23    19.39
  SINCE JAN 1     12.76                      4.84   7.92     8.82

DEGREE DAYS
 HEATING
  YESTERDAY       26                        35     -9       27
  MONTH TO DATE  658                       782   -124      670
  SINCE MAR 1    658                       782   -124      670
  SINCE JUL 1   6861                      7457   -596     6539

 COOLING
  YESTERDAY        0                         0      0        0
  MONTH TO DATE    0                         0      0        0
  SINCE MAR 1      0                         0      0        0
  SINCE JAN 1      0                         0      0        0
..................................................................


WIND (MPH)
  HIGHEST WIND SPEED    18   HIGHEST WIND DIRECTION     W (270)
  HIGHEST GUST SPEED    26   HIGHEST GUST DIRECTION     W (260)
  AVERAGE WIND SPEED     2.4


SKY COVER
  AVERAGE SKY COVER 0.9


WEATHER CONDITIONS
 THE FOLLOWING WEATHER WAS RECORDED YESTERDAY.
  HEAVY RAIN
  RAIN
  LIGHT RAIN
  FOG


RELATIVE HUMIDITY (PERCENT)
 HIGHEST    96          1000 PM
 LOWEST     85           900 AM
 AVERAGE    91

..........................................................


THE MCCALL ID CLIMATE NORMALS FOR TODAY
                         NORMAL    RECORD    YEAR
 MAXIMUM TEMPERATURE (F)   41        60      1972
 MINIMUM TEMPERATURE (F)   20       -10      1952


SUNRISE AND SUNSET
MARCH 22 2017.........SUNRISE   743 AM MDT   SUNSET   800 PM MDT
MARCH 23 2017.........SUNRISE   741 AM MDT   SUNSET   801 PM MDT


-  INDICATES NEGATIVE NUMBERS.
R  INDICATES RECORD WAS SET OR TIED.
MM INDICATES DATA IS MISSING.
T  INDICATES TRACE AMOUNT.




$$
