000
CDUS45 KBOI 270931
CLIMYL


CLIMATE REPORT
NATIONAL WEATHER SERVICE BOISE ID
231 AM MST SAT DEC 27 2014


...................................

...THE MCCALL ID CLIMATE SUMMARY FOR DECEMBER 26 2014...

CLIMATE NORMAL PERIOD 1981 TO 2010
CLIMATE RECORD PERIOD 1930 TO 2014


WEATHER ITEM   OBSERVED TIME   RECORD YEAR NORMAL DEPARTURE LAST
                VALUE   (LST)  VALUE       VALUE  FROM      YEAR
                                                  NORMAL
..................................................................
TEMPERATURE (F)
 YESTERDAY
  MAXIMUM         27    125 PM  45    1989  27      0       29
  MINIMUM          9   1140 PM -15    1948   9      0        3
  AVERAGE         18                        18      0       16

PRECIPITATION (IN)
  YESTERDAY        0.02          1.19 1933   0.08  -0.06     0.00
  MONTH TO DATE    3.13                      1.72   1.41     1.67
  SINCE OCT 1      8.22                      5.84   2.38     4.01
  SINCE JAN 1     25.63                     19.76   5.87    19.62

DEGREE DAYS
 HEATING
  YESTERDAY       47                        47      0       49
  MONTH TO DATE  904                      1200   -296     1231
  SINCE DEC 1    904                      1200   -296     1231
  SINCE JUL 1   2968                      3838   -870     3321

 COOLING
  YESTERDAY        0                         0      0        0
  MONTH TO DATE    0                         0      0        0
  SINCE DEC 1      0                         0      0        0
  SINCE JAN 1    185                        25    160      186
..................................................................


WIND (MPH)
  HIGHEST WIND SPEED    13   HIGHEST WIND DIRECTION    NW (300)
  HIGHEST GUST SPEED    17   HIGHEST GUST DIRECTION    NW (310)
  AVERAGE WIND SPEED     3.8


SKY COVER
  AVERAGE SKY COVER 0.8


WEATHER CONDITIONS
 THE FOLLOWING WEATHER WAS RECORDED YESTERDAY.
  LIGHT SNOW
  FOG


RELATIVE HUMIDITY (PERCENT)
 HIGHEST    92          1100 PM
 LOWEST     60           500 PM
 AVERAGE    76

..........................................................


THE MCCALL ID CLIMATE NORMALS FOR TODAY
                         NORMAL    RECORD    YEAR
 MAXIMUM TEMPERATURE (F)   27        45      1989
 MINIMUM TEMPERATURE (F)    9       -12      1954


SUNRISE AND SUNSET
DECEMBER 27 2014......SUNRISE   821 AM MST   SUNSET   510 PM MST
DECEMBER 28 2014......SUNRISE   822 AM MST   SUNSET   510 PM MST


-  INDICATES NEGATIVE NUMBERS.
R  INDICATES RECORD WAS SET OR TIED.
MM INDICATES DATA IS MISSING.
T  INDICATES TRACE AMOUNT.




$$
