000
CDUS44 KLIX 242217
CLINEW


CLIMATE REPORT
NATIONAL WEATHER SERVICE NEW ORLEANS
417 PM CST TUE JAN 24 2017


...................................

...THE NEW ORLEANS CLIMATE SUMMARY FOR JANUARY 24 2017...
VALID TODAY AS OF 0400 PM LOCAL TIME.

CLIMATE NORMAL PERIOD 1981 TO 2010
CLIMATE RECORD PERIOD 1946 TO 2017


WEATHER ITEM   OBSERVED TIME   RECORD YEAR NORMAL DEPARTURE LAST
                VALUE   (LST)  VALUE       VALUE  FROM      YEAR
                                                  NORMAL
..................................................................
TEMPERATURE (F)
 TODAY
  MAXIMUM         68    259 PM  81    2002  62      6       55
                                      1972
  MINIMUM         46    412 AM  14    1963  45      1       33
  AVERAGE         57                        54      3       44

PRECIPITATION (IN)
  TODAY            0.00          4.60 1978   0.17  -0.17     0.00
  MONTH TO DATE    4.76                      3.96   0.80     3.07
  SINCE DEC 1     12.62                      9.20   3.42     9.53
  SINCE JAN 1      4.76                      3.96   0.80     3.07

SNOWFALL (IN)
  TODAY            0.0
  MONTH TO DATE    0.0
  SINCE DEC 1      0.0
  SINCE JUL 1      0.0
  SNOW DEPTH       0

DEGREE DAYS
 HEATING
  TODAY            8                        12     -4       21
  MONTH TO DATE  133                       288   -155      288
  SINCE DEC 1    352                       605   -253      404
  SINCE JUL 1    423                       769   -346      462

 COOLING
  TODAY            0                         0      0        0
  MONTH TO DATE   52                        12     40        0
  SINCE DEC 1    107                        39     68      111
  SINCE JAN 1     52                        12     40        0
..................................................................


WIND (MPH)
  HIGHEST WIND SPEED    13   HIGHEST WIND DIRECTION     S (200)
  HIGHEST GUST SPEED    16   HIGHEST GUST DIRECTION     S (180)
  AVERAGE WIND SPEED     4.9


SKY COVER
  POSSIBLE SUNSHINE  MM
  AVERAGE SKY COVER 0.1


WEATHER CONDITIONS
 THE FOLLOWING WEATHER WAS RECORDED TODAY.
  NO SIGNIFICANT WEATHER WAS OBSERVED.


RELATIVE HUMIDITY (PERCENT)
 HIGHEST    93           400 AM
 LOWEST     45           200 PM
 AVERAGE    69

..........................................................


THE NEW ORLEANS CLIMATE NORMALS FOR TOMORROW
                         NORMAL    RECORD    YEAR
 MAXIMUM TEMPERATURE (F)   62        81      1970
 MINIMUM TEMPERATURE (F)   45        18      1963


SUNRISE AND SUNSET
JANUARY 24 2017.......SUNRISE   655 AM CST   SUNSET   532 PM CST
JANUARY 25 2017.......SUNRISE   655 AM CST   SUNSET   533 PM CST


-  INDICATES NEGATIVE NUMBERS.
R  INDICATES RECORD WAS SET OR TIED.
MM INDICATES DATA IS MISSING.
T  INDICATES TRACE AMOUNT.




$$
