000
CDUS44 KLIX 200800
CLINEW


CLIMATE REPORT
NATIONAL WEATHER SERVICE NEW ORLEANS
200 AM CST MON FEB 20 2017


...................................

...THE NEW ORLEANS CLIMATE SUMMARY FOR FEBRUARY 19 2017...

CLIMATE NORMAL PERIOD 1981 TO 2010
CLIMATE RECORD PERIOD 1946 TO 2017


WEATHER ITEM   OBSERVED TIME   RECORD YEAR NORMAL DEPARTURE LAST
                VALUE   (LST)  VALUE       VALUE  FROM      YEAR
                                                  NORMAL
..................................................................
TEMPERATURE (F)
 YESTERDAY
  MAXIMUM         78    320 PM  81    1956  66     12       75
  MINIMUM         55    624 AM  31    1978  49      6       50
  AVERAGE         67                        58      9       63

PRECIPITATION (IN)
  YESTERDAY        0.00          0.70 1961   0.19  -0.19     0.00
  MONTH TO DATE    1.80                      3.75  -1.95     1.67
  SINCE DEC 1     14.56                     14.14   0.42    12.54
  SINCE JAN 1      6.70                      8.90  -2.20     6.08

SNOWFALL (IN)
  YESTERDAY        0.0
  MONTH TO DATE    0.0
  SINCE DEC 1      0.0
  SINCE JUL 1      0.0
  SNOW DEPTH       0

DEGREE DAYS
 HEATING
  YESTERDAY        0                         8     -8        2
  MONTH TO DATE   66                       187   -121      148
  SINCE DEC 1    481                       879   -398      604
  SINCE JUL 1    552                      1043   -491      662

 COOLING
  YESTERDAY        2                         1      1        0
  MONTH TO DATE   40                        19     21       19
  SINCE DEC 1    147                        62     85      134
  SINCE JAN 1     92                        35     57       23
..................................................................


WIND (MPH)
  HIGHEST WIND SPEED    14   HIGHEST WIND DIRECTION    SE (130)
  HIGHEST GUST SPEED    17   HIGHEST GUST DIRECTION    SE (150)
  AVERAGE WIND SPEED     6.0


SKY COVER
  POSSIBLE SUNSHINE  MM
  AVERAGE SKY COVER 0.6


WEATHER CONDITIONS
 THE FOLLOWING WEATHER WAS RECORDED YESTERDAY.
  FOG
  FOG W/VISIBILITY <= 1/4 MILE


RELATIVE HUMIDITY (PERCENT)
 HIGHEST   100          1200 AM
 LOWEST     67           200 PM
 AVERAGE    84

..........................................................


THE NEW ORLEANS CLIMATE NORMALS FOR TODAY
                         NORMAL    RECORD    YEAR
 MAXIMUM TEMPERATURE (F)   66        82      1971
 MINIMUM TEMPERATURE (F)   49        26      1978


SUNRISE AND SUNSET
FEBRUARY 20 2017......SUNRISE   636 AM CST   SUNSET   554 PM CST
FEBRUARY 21 2017......SUNRISE   635 AM CST   SUNSET   555 PM CST


-  INDICATES NEGATIVE NUMBERS.
R  INDICATES RECORD WAS SET OR TIED.
MM INDICATES DATA IS MISSING.
T  INDICATES TRACE AMOUNT.




$$
