000
CDUS44 KLIX 280702
CLINEW


CLIMATE REPORT
NATIONAL WEATHER SERVICE NEW ORLEANS
201 AM CDT MON JUL 28 2014


...................................

...THE NEW ORLEANS CLIMATE SUMMARY FOR JULY 27 2014...

CLIMATE NORMAL PERIOD 1981 TO 2010
CLIMATE RECORD PERIOD 1946 TO 2014


WEATHER ITEM   OBSERVED TIME   RECORD YEAR NORMAL DEPARTURE LAST
                VALUE   (LST)  VALUE       VALUE  FROM      YEAR
                                                  NORMAL
..................................................................
TEMPERATURE (F)
 YESTERDAY
  MAXIMUM         94    320 PM  99    1995  92      2       83
  MINIMUM         77    521 AM  68    1967  75      2       76
  AVERAGE         86                        83      3       80

PRECIPITATION (IN)
  YESTERDAY        0.00          2.67 1955   0.18  -0.18     0.07
  MONTH TO DATE    4.49                      5.20  -0.71     3.97
  SINCE JUN 1     12.52                     13.26  -0.74     8.36
  SINCE JAN 1     37.46                     37.50  -0.04    43.09

SNOWFALL (IN)
  YESTERDAY        0.0
  MONTH TO DATE    0.0
  SINCE JUN 1      0.0
  SINCE JUL 1      0.0
  SNOW DEPTH       0

DEGREE DAYS
 HEATING
  YESTERDAY        0                         0      0        0
  MONTH TO DATE    0                         0      0        0
  SINCE JUN 1      0                         0      0        0
  SINCE JUL 1      0                         0      0        0

 COOLING
  YESTERDAY       21                        18      3       15
  MONTH TO DATE  477                       486     -9      467
  SINCE JUN 1    981                       981      0     1008
  SINCE JAN 1   1504                      1600    -96     1501
..................................................................


WIND (MPH)
  HIGHEST WIND SPEED    17   HIGHEST WIND DIRECTION     W (250)
  HIGHEST GUST SPEED    22   HIGHEST GUST DIRECTION     W (260)
  AVERAGE WIND SPEED     8.0


SKY COVER
  POSSIBLE SUNSHINE  MM
  AVERAGE SKY COVER 0.4


WEATHER CONDITIONS
 THE FOLLOWING WEATHER WAS RECORDED YESTERDAY.
  NO SIGNIFICANT WEATHER WAS OBSERVED.


RELATIVE HUMIDITY (PERCENT)
 HIGHEST    94           400 AM
 LOWEST     46           200 PM
 AVERAGE    70

..........................................................


THE NEW ORLEANS CLIMATE NORMALS FOR TODAY
                         NORMAL    RECORD    YEAR
 MAXIMUM TEMPERATURE (F)   92        98      1993
 MINIMUM TEMPERATURE (F)   75        68      1994


SUNRISE AND SUNSET
JULY 28 2014..........SUNRISE   618 AM CDT   SUNSET   757 PM CDT
JULY 29 2014..........SUNRISE   618 AM CDT   SUNSET   756 PM CDT


-  INDICATES NEGATIVE NUMBERS.
R  INDICATES RECORD WAS SET OR TIED.
MM INDICATES DATA IS MISSING.
T  INDICATES TRACE AMOUNT.




$$
