000
CDUS44 KLIX 262131
CLINEW


CLIMATE REPORT
NATIONAL WEATHER SERVICE NEW ORLEANS
430 PM CDT TUE SEP 26 2017


...................................

...THE NEW ORLEANS CLIMATE SUMMARY FOR SEPTEMBER 26 2017...
VALID TODAY AS OF 0400 PM LOCAL TIME.

CLIMATE NORMAL PERIOD 1981 TO 2010
CLIMATE RECORD PERIOD 1946 TO 2017


WEATHER ITEM   OBSERVED TIME   RECORD YEAR NORMAL DEPARTURE LAST
                VALUE   (LST)  VALUE       VALUE  FROM      YEAR
                                                  NORMAL
..................................................................
TEMPERATURE (F)
 TODAY
  MAXIMUM         88    249 PM  95    2016  85      3       95
  MINIMUM         74    552 AM  50    1975  69      5       77
  AVERAGE         81                        77      4       86

PRECIPITATION (IN)
  TODAY            T             2.65 2002   0.14  -0.14     0.00
  MONTH TO DATE    0.42                      4.47  -4.05     4.63
  SINCE SEP 1      0.42                      4.47  -4.05     4.63
  SINCE JAN 1     64.07                     48.68  15.39    60.06

SNOWFALL (IN)
  TODAY            0.0
  MONTH TO DATE    0.0
  SINCE SEP 1      0.0
  SINCE JUL 1      0.0
  SNOW DEPTH       0

DEGREE DAYS
 HEATING
  TODAY            0                         0      0        0
  MONTH TO DATE    0                         0      0        0
  SINCE SEP 1      0                         0      0        0
  SINCE JUL 1      0                         0      0        0

 COOLING
  TODAY           16                        12      4       21
  MONTH TO DATE  388                       396     -8      545
  SINCE SEP 1    388                       396     -8      545
  SINCE JAN 1   2741                      2642     99     3247
..................................................................


WIND (MPH)
  HIGHEST WIND SPEED    21   HIGHEST WIND DIRECTION     E (110)
  HIGHEST GUST SPEED    23   HIGHEST GUST DIRECTION     E (110)
  AVERAGE WIND SPEED     3.9


SKY COVER
  POSSIBLE SUNSHINE  MM
  AVERAGE SKY COVER 0.5


WEATHER CONDITIONS
 THE FOLLOWING WEATHER WAS RECORDED TODAY.
  LIGHT RAIN
  FOG


RELATIVE HUMIDITY (PERCENT)
 HIGHEST   100           400 AM
 LOWEST     59          1200 PM
 AVERAGE    80

..........................................................


THE NEW ORLEANS CLIMATE NORMALS FOR TOMORROW
                         NORMAL    RECORD    YEAR
 MAXIMUM TEMPERATURE (F)   85        93      1955
 MINIMUM TEMPERATURE (F)   69        52      1975


SUNRISE AND SUNSET
SEPTEMBER 26 2017.....SUNRISE   652 AM CDT   SUNSET   652 PM CDT
SEPTEMBER 27 2017.....SUNRISE   652 AM CDT   SUNSET   651 PM CDT


-  INDICATES NEGATIVE NUMBERS.
R  INDICATES RECORD WAS SET OR TIED.
MM INDICATES DATA IS MISSING.
T  INDICATES TRACE AMOUNT.




$$
