000
CDUS44 KLIX 172215
CLINEW


CLIMATE REPORT
NATIONAL WEATHER SERVICE NEW ORLEANS
415 PM CST FRI NOV 17 2017


...................................

...THE NEW ORLEANS CLIMATE SUMMARY FOR NOVEMBER 17 2017...
VALID TODAY AS OF 0400 PM LOCAL TIME.

CLIMATE NORMAL PERIOD 1981 TO 2010
CLIMATE RECORD PERIOD 1946 TO 2017


WEATHER ITEM   OBSERVED TIME   RECORD YEAR NORMAL DEPARTURE LAST
                VALUE   (LST)  VALUE       VALUE  FROM      YEAR
                                                  NORMAL
..................................................................
TEMPERATURE (F)
 TODAY
  MAXIMUM         78    123 PM  85    2003  71      7       77
  MINIMUM         56    621 AM  27    1970  53      3       51
  AVERAGE         67                        62      5       64

PRECIPITATION (IN)
  TODAY            0.00          1.40 1974   0.15  -0.15     0.00
  MONTH TO DATE    0.05                      2.44  -2.39     2.07
  SINCE SEP 1      3.60                     10.95  -7.35     6.75
  SINCE JAN 1     67.25                     55.16  12.09    62.18

SNOWFALL (IN)
  TODAY            0.0
  MONTH TO DATE    0.0
  SINCE SEP 1      0.0
  SINCE JUL 1      0.0
  SNOW DEPTH       0

DEGREE DAYS
 HEATING
  TODAY            0                         5     -5        1
  MONTH TO DATE   14                        58    -44       13
  SINCE SEP 1     54                        83    -29       13
  SINCE JUL 1     54                        83    -29       13

 COOLING
  TODAY            2                         2      0        0
  MONTH TO DATE   79                        48     31       91
  SINCE SEP 1    833                       711    122     1106
  SINCE JAN 1   3186                      2957    229     3808
..................................................................


WIND (MPH)
  HIGHEST WIND SPEED    15   HIGHEST WIND DIRECTION    SE (150)
  HIGHEST GUST SPEED    19   HIGHEST GUST DIRECTION     S (170)
  AVERAGE WIND SPEED     4.9


SKY COVER
  POSSIBLE SUNSHINE  MM
  AVERAGE SKY COVER 0.3


WEATHER CONDITIONS
 THE FOLLOWING WEATHER WAS RECORDED TODAY.
  FOG
  HAZE


RELATIVE HUMIDITY (PERCENT)
 HIGHEST   100           200 AM
 LOWEST     49          1000 AM
 AVERAGE    75

..........................................................


THE NEW ORLEANS CLIMATE NORMALS FOR TOMORROW
                         NORMAL    RECORD    YEAR
 MAXIMUM TEMPERATURE (F)   71        85      1986
 MINIMUM TEMPERATURE (F)   53        33      1959


SUNRISE AND SUNSET
NOVEMBER 17 2017......SUNRISE   628 AM CST   SUNSET   504 PM CST
NOVEMBER 18 2017......SUNRISE   629 AM CST   SUNSET   503 PM CST


-  INDICATES NEGATIVE NUMBERS.
R  INDICATES RECORD WAS SET OR TIED.
MM INDICATES DATA IS MISSING.
T  INDICATES TRACE AMOUNT.




$$
