000
CDUS44 KLIX 280720
CLINEW


CLIMATE REPORT
NATIONAL WEATHER SERVICE NEW ORLEANS
220 AM CDT THU MAY 28 2015


...................................

...THE NEW ORLEANS CLIMATE SUMMARY FOR MAY 27 2015...

CLIMATE NORMAL PERIOD 1981 TO 2010
CLIMATE RECORD PERIOD 1946 TO 2015


WEATHER ITEM   OBSERVED TIME   RECORD YEAR NORMAL DEPARTURE LAST
                VALUE   (LST)  VALUE       VALUE  FROM      YEAR
                                                  NORMAL
..................................................................
TEMPERATURE (F)
 YESTERDAY
  MAXIMUM         84    847 AM  94    2012  87     -3       88
                                      1982
                                      1978
  MINIMUM         68   1134 AM  54    1961  71     -3       74
  AVERAGE         76                        79     -3       81

PRECIPITATION (IN)
  YESTERDAY        0.20          0.87 1975   0.17   0.03     0.05
  MONTH TO DATE    8.76                      3.88   4.88     4.02
  SINCE MAR 1     27.09                     13.04  14.05    11.58
  SINCE JAN 1     34.79                     23.49  11.30    20.61

SNOWFALL (IN)
  YESTERDAY        0.0
  MONTH TO DATE    0.0
  SINCE MAR 1      0.0
  SINCE JUL 1      0.0
  SNOW DEPTH       0

DEGREE DAYS
 HEATING
  YESTERDAY        0                         0      0        0
  MONTH TO DATE    0                         0      0        0
  SINCE MAR 1     70                       170   -100      228
  SINCE JUL 1   1274                      1279     -5     1581

 COOLING
  YESTERDAY       11                        14     -3       16
  MONTH TO DATE  359                       303     56      273
  SINCE MAR 1    751                       523    228      452
  SINCE JAN 1    769                       560    209      476
..................................................................


WIND (MPH)
  HIGHEST WIND SPEED    44   HIGHEST WIND DIRECTION    NW (300)
  HIGHEST GUST SPEED    55   HIGHEST GUST DIRECTION    NW (300)
  AVERAGE WIND SPEED     5.2


SKY COVER
  POSSIBLE SUNSHINE  MM
  AVERAGE SKY COVER 0.8


WEATHER CONDITIONS
 THE FOLLOWING WEATHER WAS RECORDED YESTERDAY.
  THUNDERSTORM
  LIGHT RAIN
  FOG


RELATIVE HUMIDITY (PERCENT)
 HIGHEST    94           400 AM
 LOWEST     62           500 PM
 AVERAGE    78

..........................................................


THE NEW ORLEANS CLIMATE NORMALS FOR TODAY
                         NORMAL    RECORD    YEAR
 MAXIMUM TEMPERATURE (F)   88        96      1953
 MINIMUM TEMPERATURE (F)   71        54      1961


SUNRISE AND SUNSET
MAY 28 2015...........SUNRISE   602 AM CDT   SUNSET   755 PM CDT
MAY 29 2015...........SUNRISE   601 AM CDT   SUNSET   756 PM CDT


-  INDICATES NEGATIVE NUMBERS.
R  INDICATES RECORD WAS SET OR TIED.
MM INDICATES DATA IS MISSING.
T  INDICATES TRACE AMOUNT.




$$
