000
CDUS46 KMTR 110029
CLINUQ


CLIMATE REPORT
NATIONAL WEATHER SERVICE SAN FRANCISCO BAY AREA
428 PM PST SAT DEC 10 2016


...................................

...THE MOFFETT FIELD CLIMATE SUMMARY FOR DECEMBER 10 2016...
VALID TODAY AS OF 0400 PM LOCAL TIME.

CLIMATE NORMAL PERIOD 1981 TO 2010
CLIMATE RECORD PERIOD 1945 TO 2016


WEATHER ITEM   OBSERVED TIME   RECORD YEAR NORMAL DEPARTURE LAST
                VALUE   (LST)  VALUE       VALUE  FROM      YEAR
                                                  NORMAL
..................................................................
TEMPERATURE (F)
 TODAY
  MAXIMUM         63   1126 AM  69    2012  59      4       63
                                      1958
  MINIMUM         60    359 PM  29    2013  43     17       50
                                      1972
  AVERAGE         62                        51     11       57

PRECIPITATION (IN)
  TODAY            0.50          0.72 1992   0.07   0.43     0.19
  MONTH TO DATE    0.56                      0.69  -0.13     0.30
  SINCE OCT 1      3.65                      2.97   0.68     2.77
  SINCE JAN 1     12.40                     12.81  -0.41     7.03

DEGREE DAYS
 HEATING
  TODAY            3                                         8
  MONTH TO DATE  113                                       109
  SINCE DEC 1    113                                       109
  SINCE JUL 1    400                                       452

 COOLING
  TODAY            0                                         0
  MONTH TO DATE    0                                         0
  SINCE DEC 1      0                                         0
  SINCE JAN 1    460                                       667
..................................................................


WIND (MPH)
  RESULTANT WIND SPEED   9   RESULTANT WIND DIRECTION  SE (140)
  HIGHEST WIND SPEED    14   HIGHEST WIND DIRECTION    SE (140)
  HIGHEST GUST SPEED    19   HIGHEST GUST DIRECTION    SE (130)
  AVERAGE WIND SPEED     8.7


SKY COVER
  POSSIBLE SUNSHINE  MM
  AVERAGE SKY COVER 0.9


WEATHER CONDITIONS
 THE FOLLOWING WEATHER WAS RECORDED TODAY.
  HEAVY RAIN
  RAIN
  LIGHT RAIN
  FOG


RELATIVE HUMIDITY (PERCENT)
 HIGHEST    90           100 PM
 LOWEST     78          1200 AM
 AVERAGE    84

..........................................................


THE MOFFETT FIELD CLIMATE NORMALS FOR TOMORROW
                         NORMAL    RECORD    YEAR
 MAXIMUM TEMPERATURE (F)   59        74      1958
 MINIMUM TEMPERATURE (F)   43        29      1972


SUNRISE AND SUNSET
DECEMBER 10 2016......SUNRISE   712 AM PST   SUNSET   450 PM PST
DECEMBER 11 2016......SUNRISE   713 AM PST   SUNSET   451 PM PST


-  INDICATES NEGATIVE NUMBERS.
R  INDICATES RECORD WAS SET OR TIED.
MM INDICATES DATA IS MISSING.
T  INDICATES TRACE AMOUNT.




$$
