000
CDUS46 KMTR 270845
CLINUQ


CLIMATE REPORT
NATIONAL WEATHER SERVICE SAN FRANCISCO BAY AREA
1245 AM PST THU NOV 27 2014


...................................

...THE MOFFETT FIELD CLIMATE SUMMARY FOR NOVEMBER 26 2014...

CLIMATE NORMAL PERIOD 1981 TO 2010
CLIMATE RECORD PERIOD 1945 TO 2014


WEATHER ITEM   OBSERVED TIME   RECORD YEAR NORMAL DEPARTURE LAST
                VALUE   (LST)  VALUE       VALUE  FROM      YEAR
                                                  NORMAL
..................................................................
TEMPERATURE (F)
 YESTERDAY
  MAXIMUM         70    209 PM  76    1959  62      8       62
  MINIMUM         43    537 AM  32    2010  45     -2       43
  AVERAGE         57                        54      3       53

PRECIPITATION (IN)
  YESTERDAY        0.00          1.25 1997   0.07  -0.07     0.00
  MONTH TO DATE    0.39                      1.42  -1.03     0.59
  SINCE JUL 1      1.06                      2.27  -1.21     1.10
  SINCE JAN 1      6.25                     11.90  -5.65     2.92

DEGREE DAYS
 HEATING
  YESTERDAY        8                                        12
  MONTH TO DATE  163                                       207
  SINCE SEP 1    194                                       330
  SINCE JUL 1    194                                       334

 COOLING
  YESTERDAY        0                                         0
  MONTH TO DATE    0                                         0
  SINCE SEP 1    201                                       119
  SINCE JAN 1    643                                       478
..................................................................


WIND (MPH)
  RESULTANT WIND SPEED   1   RESULTANT WIND DIRECTION   N (350)
  HIGHEST WIND SPEED     9   HIGHEST WIND DIRECTION     N (350)
  HIGHEST GUST SPEED    10   HIGHEST GUST DIRECTION     N (350)
  AVERAGE WIND SPEED     1.3


SKY COVER
  POSSIBLE SUNSHINE  MM
  AVERAGE SKY COVER 0.0


WEATHER CONDITIONS
 THE FOLLOWING WEATHER WAS RECORDED YESTERDAY.
  HAZE


RELATIVE HUMIDITY (PERCENT)
 HIGHEST    93           800 AM
 LOWEST     37           200 PM
 AVERAGE    65

..........................................................


THE MOFFETT FIELD CLIMATE NORMALS FOR TODAY
                         NORMAL    RECORD    YEAR
 MAXIMUM TEMPERATURE (F)   62        73      2003
 MINIMUM TEMPERATURE (F)   45        31      1948


SUNRISE AND SUNSET
NOVEMBER 27 2014......SUNRISE   700 AM PST   SUNSET   451 PM PST
NOVEMBER 28 2014......SUNRISE   701 AM PST   SUNSET   451 PM PST


-  INDICATES NEGATIVE NUMBERS.
R  INDICATES RECORD WAS SET OR TIED.
MM INDICATES DATA IS MISSING.
T  INDICATES TRACE AMOUNT.




$$
