000
CDUS46 KMTR 290841
CLINUQ


CLIMATE REPORT
NATIONAL WEATHER SERVICE SAN FRANCISCO BAY AREA
141 AM PDT SUN MAY 29 2016


...................................

...THE MOFFETT FIELD CLIMATE SUMMARY FOR MAY 28 2016...

CLIMATE NORMAL PERIOD 1981 TO 2010
CLIMATE RECORD PERIOD 1945 TO 2016


WEATHER ITEM   OBSERVED TIME   RECORD YEAR NORMAL DEPARTURE LAST
                VALUE   (LST)  VALUE       VALUE  FROM      YEAR
                                                  NORMAL
..................................................................
TEMPERATURE (F)
 YESTERDAY
  MAXIMUM         86    112 PM  93    1975  74     12       66
  MINIMUM         57    512 AM  45    1959  55      2       54
  AVERAGE         72                        64      8       60

PRECIPITATION (IN)
  YESTERDAY        0.00          0.17 1990   0.00   0.00     0.00
  MONTH TO DATE    0.13                      0.44  -0.31     0.64
  SINCE OCT 1     13.15                     14.34  -1.19    14.12
  SINCE JAN 1      8.75                      9.50  -0.75     4.13

DEGREE DAYS
 HEATING
  YESTERDAY        0                                         5
  MONTH TO DATE   61                                       131
  SINCE MAR 1    395                                       436
  SINCE JUL 1   1780                                      1541

 COOLING
  YESTERDAY        7                                         0
  MONTH TO DATE   25                                         0
  SINCE MAR 1     48                                        18
  SINCE JAN 1     50                                        18
..................................................................


WIND (MPH)
  RESULTANT WIND SPEED   6   RESULTANT WIND DIRECTION   N (350)
  HIGHEST WIND SPEED    18   HIGHEST WIND DIRECTION     N (350)
  HIGHEST GUST SPEED    23   HIGHEST GUST DIRECTION     N (340)
  AVERAGE WIND SPEED     6.9


SKY COVER
  POSSIBLE SUNSHINE  MM
  AVERAGE SKY COVER 0.0


WEATHER CONDITIONS
 THE FOLLOWING WEATHER WAS RECORDED YESTERDAY.
  NO SIGNIFICANT WEATHER WAS OBSERVED.


RELATIVE HUMIDITY (PERCENT)
 HIGHEST    80           300 AM
 LOWEST     27          1200 PM
 AVERAGE    54

..........................................................


THE MOFFETT FIELD CLIMATE NORMALS FOR TODAY
                         NORMAL    RECORD    YEAR
 MAXIMUM TEMPERATURE (F)   74        98      1950
 MINIMUM TEMPERATURE (F)   55        45      1961


SUNRISE AND SUNSET
MAY 29 2016...........SUNRISE   550 AM PDT   SUNSET   822 PM PDT
MAY 30 2016...........SUNRISE   549 AM PDT   SUNSET   823 PM PDT


-  INDICATES NEGATIVE NUMBERS.
R  INDICATES RECORD WAS SET OR TIED.
MM INDICATES DATA IS MISSING.
T  INDICATES TRACE AMOUNT.




$$
