000
CDUS46 KMTR 120826
CLINUQ


CLIMATE REPORT
NATIONAL WEATHER SERVICE SAN FRANCISCO BAY AREA
1225 AM PST TUE DEC 12 2017


...................................

...THE MOFFETT FIELD CLIMATE SUMMARY FOR DECEMBER 11 2017...

CLIMATE NORMAL PERIOD 1981 TO 2010
CLIMATE RECORD PERIOD 1945 TO 2017


WEATHER ITEM   OBSERVED TIME   RECORD YEAR NORMAL DEPARTURE LAST
                VALUE   (LST)  VALUE       VALUE  FROM      YEAR
                                                  NORMAL
..................................................................
TEMPERATURE (F)
 YESTERDAY
  MAXIMUM         67    337 PM  74    1958  59      8       55
  MINIMUM         37    700 AM  29    1972  43     -6       47
  AVERAGE         52                        51      1       51

PRECIPITATION (IN)
  YESTERDAY        0.00          3.36 2014   0.07  -0.07     0.00
  MONTH TO DATE    0.02                      0.76  -0.74     0.60
  SINCE OCT 1      1.89                      3.04  -1.15     3.69
  SINCE JAN 1     15.53                     12.88   2.65    12.44

DEGREE DAYS
 HEATING
  YESTERDAY       13                                        14
  MONTH TO DATE  147                                       131
  SINCE DEC 1    147                                       131
  SINCE JUL 1    429                                       418

 COOLING
  YESTERDAY        0                                         0
  MONTH TO DATE    0                                         0
  SINCE DEC 1      0                                         0
  SINCE JAN 1    689                                       460
..................................................................


WIND (MPH)
  RESULTANT WIND SPEED   1   RESULTANT WIND DIRECTION  NW (330)
  HIGHEST WIND SPEED     8   HIGHEST WIND DIRECTION     N (350)
  HIGHEST GUST SPEED    10   HIGHEST GUST DIRECTION     N (360)
  AVERAGE WIND SPEED     1.2


SKY COVER
  POSSIBLE SUNSHINE  MM
  AVERAGE SKY COVER 0.0


WEATHER CONDITIONS
 THE FOLLOWING WEATHER WAS RECORDED YESTERDAY.
  NO SIGNIFICANT WEATHER WAS OBSERVED.


RELATIVE HUMIDITY (PERCENT)
 HIGHEST    85           700 AM
 LOWEST     32           300 PM
 AVERAGE    59

..........................................................


THE MOFFETT FIELD CLIMATE NORMALS FOR TODAY
                         NORMAL    RECORD    YEAR
 MAXIMUM TEMPERATURE (F)   59        75      1958
 MINIMUM TEMPERATURE (F)   43        27      1949


SUNRISE AND SUNSET
DECEMBER 12 2017......SUNRISE   713 AM PST   SUNSET   451 PM PST
DECEMBER 13 2017......SUNRISE   714 AM PST   SUNSET   451 PM PST


-  INDICATES NEGATIVE NUMBERS.
R  INDICATES RECORD WAS SET OR TIED.
MM INDICATES DATA IS MISSING.
T  INDICATES TRACE AMOUNT.




$$
