000
CDUS46 KMTR 290826
CLINUQ


CLIMATE REPORT
NATIONAL WEATHER SERVICE SAN FRANCISCO BAY AREA
126 AM PDT THU JUN 29 2017


...................................

...THE MOFFETT FIELD CLIMATE SUMMARY FOR JUNE 28 2017...

CLIMATE NORMAL PERIOD 1981 TO 2010
CLIMATE RECORD PERIOD 1945 TO 2017


WEATHER ITEM   OBSERVED TIME   RECORD YEAR NORMAL DEPARTURE LAST
                VALUE   (LST)  VALUE       VALUE  FROM      YEAR
                                                  NORMAL
..................................................................
TEMPERATURE (F)
 YESTERDAY
  MAXIMUM         71   1059 AM  98    1976  78     -7       78
  MINIMUM         57   1142 PM  48    1947  58     -1       58
  AVERAGE         64                        68     -4       68

PRECIPITATION (IN)
  YESTERDAY        0.00          0.47 2011   0.00   0.00     0.00
  MONTH TO DATE    0.02                      0.10  -0.08      T
  SINCE OCT 1     18.15                     14.47   3.68    13.15
  SINCE JAN 1     13.58                      9.63   3.95     8.75

DEGREE DAYS
 HEATING
  YESTERDAY        1                                         0
  MONTH TO DATE   25                                         6
  SINCE JUN 1     25                                         6
  SINCE JUL 1   2034                                      1786

 COOLING
  YESTERDAY        0                                         3
  MONTH TO DATE   89                                       101
  SINCE JUN 1     89                                       101
  SINCE JAN 1    142                                       161
..................................................................


WIND (MPH)
  RESULTANT WIND SPEED   7   RESULTANT WIND DIRECTION   N (350)
  HIGHEST WIND SPEED    20   HIGHEST WIND DIRECTION     N (350)
  HIGHEST GUST SPEED    24   HIGHEST GUST DIRECTION     N (350)
  AVERAGE WIND SPEED     7.8


SKY COVER
  POSSIBLE SUNSHINE  MM
  AVERAGE SKY COVER 0.3


WEATHER CONDITIONS
 THE FOLLOWING WEATHER WAS RECORDED YESTERDAY.
  NO SIGNIFICANT WEATHER WAS OBSERVED.


RELATIVE HUMIDITY (PERCENT)
 HIGHEST    86          1200 AM
 LOWEST     57          1100 AM
 AVERAGE    72

..........................................................


THE MOFFETT FIELD CLIMATE NORMALS FOR TODAY
                         NORMAL    RECORD    YEAR
 MAXIMUM TEMPERATURE (F)   78        92      2013
 MINIMUM TEMPERATURE (F)   58        45      1949


SUNRISE AND SUNSET
JUNE 29 2017..........SUNRISE   550 AM PDT   SUNSET   833 PM PDT
JUNE 30 2017..........SUNRISE   551 AM PDT   SUNSET   833 PM PDT


-  INDICATES NEGATIVE NUMBERS.
R  INDICATES RECORD WAS SET OR TIED.
MM INDICATES DATA IS MISSING.
T  INDICATES TRACE AMOUNT.




$$
