000
CDUS46 KMTR 220827
CLINUQ


CLIMATE REPORT
NATIONAL WEATHER SERVICE SAN FRANCISCO BAY AREA
127 AM PDT SUN OCT 22 2017


...................................

...THE MOFFETT FIELD CLIMATE SUMMARY FOR OCTOBER 21 2017...

CLIMATE NORMAL PERIOD 1981 TO 2010
CLIMATE RECORD PERIOD 1945 TO 2017


WEATHER ITEM   OBSERVED TIME   RECORD YEAR NORMAL DEPARTURE LAST
                VALUE   (LST)  VALUE       VALUE  FROM      YEAR
                                                  NORMAL
..................................................................
TEMPERATURE (F)
 YESTERDAY
  MAXIMUM         70    254 PM  84    2006  73     -3       76
  MINIMUM         46    529 AM  37    1949  53     -7       52
  AVERAGE         58                        63     -5       64

PRECIPITATION (IN)
  YESTERDAY        0.00          0.17 1989   0.02  -0.02     0.00
  MONTH TO DATE    0.15                      0.33  -0.18     0.70
  SINCE OCT 1      0.15                      0.33  -0.18     0.70
  SINCE JAN 1     13.79                     10.17   3.62     9.45

DEGREE DAYS
 HEATING
  YESTERDAY        7                                         1
  MONTH TO DATE   40                                        36
  SINCE SEP 1     48                                        46
  SINCE JUL 1     50                                        53

 COOLING
  YESTERDAY        0                                         0
  MONTH TO DATE   25                                        16
  SINCE SEP 1    240                                       120
  SINCE JAN 1    651                                       456
..................................................................


WIND (MPH)
  RESULTANT WIND SPEED   4   RESULTANT WIND DIRECTION  NW (320)
  HIGHEST WIND SPEED    13   HIGHEST WIND DIRECTION    NW (330)
  HIGHEST GUST SPEED    19   HIGHEST GUST DIRECTION    NW (330)
  AVERAGE WIND SPEED     4.7


SKY COVER
  POSSIBLE SUNSHINE  MM
  AVERAGE SKY COVER 0.0


WEATHER CONDITIONS
 THE FOLLOWING WEATHER WAS RECORDED YESTERDAY.
  NO SIGNIFICANT WEATHER WAS OBSERVED.


RELATIVE HUMIDITY (PERCENT)
 HIGHEST    80           500 AM
 LOWEST     34           100 PM
 AVERAGE    57

..........................................................


THE MOFFETT FIELD CLIMATE NORMALS FOR TODAY
                         NORMAL    RECORD    YEAR
 MAXIMUM TEMPERATURE (F)   72        86      2011
 MINIMUM TEMPERATURE (F)   53        38      1949


SUNRISE AND SUNSET
OCTOBER 22 2017.......SUNRISE   723 AM PDT   SUNSET   621 PM PDT
OCTOBER 23 2017.......SUNRISE   724 AM PDT   SUNSET   620 PM PDT


-  INDICATES NEGATIVE NUMBERS.
R  INDICATES RECORD WAS SET OR TIED.
MM INDICATES DATA IS MISSING.
T  INDICATES TRACE AMOUNT.




$$
