317
CDUS41 KOKX 160621
CLINYC


CLIMATE REPORT
NATIONAL WEATHER SERVICE NEW YORK NY
120 AM EST SAT DEC 16 2017


...................................

...THE CENTRAL PARK NY CLIMATE SUMMARY FOR DECEMBER 15 2017...

CLIMATE NORMAL PERIOD 1981 TO 2010
CLIMATE RECORD PERIOD 1869 TO 2017


WEATHER ITEM   OBSERVED TIME   RECORD YEAR NORMAL DEPARTURE LAST
                VALUE   (LST)  VALUE       VALUE  FROM      YEAR
                                                  NORMAL
..................................................................
TEMPERATURE (F)
 YESTERDAY
  MAXIMUM         28    215 PM  68    2015  43    -15       34
  MINIMUM         20    557 AM   6    1874  32    -12       19
  AVERAGE         24                        38    -14       27

PRECIPITATION (IN)
  YESTERDAY        0.11          1.34 1981   0.13  -0.02      T
  MONTH TO DATE    1.41                      2.05  -0.64     1.23
  SINCE DEC 1      1.41                      2.05  -0.64     1.23
  SINCE JAN 1     44.24                     47.99  -3.75    40.51

SNOWFALL (IN)
  YESTERDAY        1.2          12.7  1916   0.2    1.0       T
  MONTH TO DATE    7.0                       1.7    5.3      0.4
  SINCE OCT 1      7.0                       2.0    5.0      0.4
  SINCE JUL 1      7.0                       2.0    5.0      0.4
  SNOW DEPTH       1

DEGREE DAYS
 HEATING
  YESTERDAY       41                        27     14       38
  MONTH TO DATE  388                       375     13      383
  SINCE DEC 1    388                       375     13      383
  SINCE JUL 1   1050                      1208   -158     1070

 COOLING
  YESTERDAY        0                         0      0        0
  MONTH TO DATE    0                         0      0        0
  SINCE DEC 1      0                         0      0        0
  SINCE JAN 1   1265                      1105    160     1489
..................................................................


WIND (MPH)
  HIGHEST WIND SPEED    12   HIGHEST WIND DIRECTION     W (270)
  HIGHEST GUST SPEED    19   HIGHEST GUST DIRECTION     W (250)
  AVERAGE WIND SPEED     3.9


SKY COVER
  AVERAGE SKY COVER 0.4


WEATHER CONDITIONS
 THE FOLLOWING WEATHER WAS RECORDED YESTERDAY.
  SNOW
  LIGHT SNOW
  FOG
  HAZE


RELATIVE HUMIDITY (PERCENT)
 HIGHEST    88           500 PM
 LOWEST     47           200 AM
 AVERAGE    68

..........................................................


THE CENTRAL PARK NY CLIMATE NORMALS FOR TODAY
                         NORMAL    RECORD    YEAR
 MAXIMUM TEMPERATURE (F)   43        63      1971
 MINIMUM TEMPERATURE (F)   32         7      1876


SUNRISE AND SUNSET
DECEMBER 16 2017......SUNRISE   714 AM EST   SUNSET   429 PM EST
DECEMBER 17 2017......SUNRISE   714 AM EST   SUNSET   430 PM EST


-  INDICATES NEGATIVE NUMBERS.
R  INDICATES RECORD WAS SET OR TIED.
MM INDICATES DATA IS MISSING.
T  INDICATES TRACE AMOUNT.




$$
