000
CDUS41 KOKX 220617
CLINYC


CLIMATE REPORT
NATIONAL WEATHER SERVICE NEW YORK NY
217 AM EDT FRI MAY 22 2015


...................................

...THE CENTRAL PARK NY CLIMATE SUMMARY FOR MAY 21 2015...

CLIMATE NORMAL PERIOD 1981 TO 2010
CLIMATE RECORD PERIOD 1869 TO 2015


WEATHER ITEM   OBSERVED TIME   RECORD YEAR NORMAL DEPARTURE LAST
                VALUE   (LST)  VALUE       VALUE  FROM      YEAR
                                                  NORMAL
..................................................................
TEMPERATURE (F)
 YESTERDAY
  MAXIMUM         62    115 PM  93    1996  72    -10       74
  MINIMUM         52    437 AM  40    1907  55     -3       63
  AVERAGE         57                        64     -7       69

PRECIPITATION (IN)
  YESTERDAY        0.00          1.94 1883   0.14  -0.14     0.00
  MONTH TO DATE    0.32                      2.70  -2.38     2.77
  SINCE MAR 1      7.12                     11.56  -4.44    14.29
  SINCE JAN 1     14.39                     18.30  -3.91    22.56

SNOWFALL (IN)
  YESTERDAY        0.0           0.0  2002   0.0    0.0      0.0
                                      2001
  MONTH TO DATE    0.0                       0.0    0.0      0.0
  SINCE OCT 1     50.3                      25.8   24.5     57.4
  SINCE JUL 1     50.3                      25.8   24.5     57.4
  SNOW DEPTH       0

DEGREE DAYS
 HEATING
  YESTERDAY        8                         3      5        0
  MONTH TO DATE   32                       112    -80       57
  SINCE MAR 1   1177                      1183     -6     1276
  SINCE JUL 1   4936                      4705    231     4946

 COOLING
  YESTERDAY        0                         2     -2        4
  MONTH TO DATE   73                        28     45       26
  SINCE MAR 1     78                        40     38       30
  SINCE JAN 1     78                        40     38       30
..................................................................


WIND (MPH)
  HIGHEST WIND SPEED    12   HIGHEST WIND DIRECTION     W (270)
  HIGHEST GUST SPEED    16   HIGHEST GUST DIRECTION     W (250)
  AVERAGE WIND SPEED     2.6


SKY COVER
  AVERAGE SKY COVER 0.7


WEATHER CONDITIONS
 THE FOLLOWING WEATHER WAS RECORDED YESTERDAY.
  NO SIGNIFICANT WEATHER WAS OBSERVED.


RELATIVE HUMIDITY (PERCENT)
 HIGHEST    72          1100 PM
 LOWEST     36          1200 PM
 AVERAGE    54

..........................................................


THE CENTRAL PARK NY CLIMATE NORMALS FOR TODAY
                         NORMAL    RECORD    YEAR
 MAXIMUM TEMPERATURE (F)   72        96      1941
 MINIMUM TEMPERATURE (F)   56        44      1990


SUNRISE AND SUNSET
MAY 22 2015...........SUNRISE   533 AM EDT   SUNSET   813 PM EDT
MAY 23 2015...........SUNRISE   532 AM EDT   SUNSET   814 PM EDT


-  INDICATES NEGATIVE NUMBERS.
R  INDICATES RECORD WAS SET OR TIED.
MM INDICATES DATA IS MISSING.
T  INDICATES TRACE AMOUNT.




$$
