000
CDUS41 KOKX 302034
CLINYC


CLIMATE REPORT
NATIONAL WEATHER SERVICE NEW YORK NY
434 PM EDT SUN APR 30 2017


...................................

...THE CENTRAL PARK NY CLIMATE SUMMARY FOR APRIL 30 2017...
VALID TODAY AS OF 0400 PM LOCAL TIME.

CLIMATE NORMAL PERIOD 1981 TO 2010
CLIMATE RECORD PERIOD 1869 TO 2017


WEATHER ITEM   OBSERVED TIME   RECORD YEAR NORMAL DEPARTURE LAST
                VALUE   (LST)  VALUE       VALUE  FROM      YEAR
                                                  NORMAL
..................................................................
TEMPERATURE (F)
 TODAY
  MAXIMUM         67    201 AM  91    1942  66      1       65
  MINIMUM         58    259 PM  30    1875  49      9       46
  AVERAGE         63                        58      5       56

PRECIPITATION (IN)
  TODAY            0.00          4.97 2014   0.13  -0.13     0.00
  MONTH TO DATE    3.84                      4.50  -0.66     1.61
  SINCE MAR 1      9.09                      8.86   0.23     2.78
  SINCE JAN 1     16.40                     15.60   0.80    11.59

SNOWFALL (IN)
  TODAY            0.0          MM      MM   0.0    0.0      0.0
  MONTH TO DATE    0.0                       0.6   -0.6       T
  SINCE OCT 1     30.2                      25.8    4.4     32.8
  SINCE JUL 1     30.2                      25.8    4.4     32.8
  SNOW DEPTH       0

DEGREE DAYS
 HEATING
  TODAY            2                         8     -6        9
  MONTH TO DATE  258                       370   -112      355
  SINCE MAR 1   1051                      1071    -20      853
  SINCE JUL 1   4034                      4593   -559     3600

 COOLING
  TODAY            0                         1     -1        0
  MONTH TO DATE   34                        11     23       13
  SINCE MAR 1     34                        12     22       19
  SINCE JAN 1     34                        12     22       19
..................................................................


WIND (MPH)
  HIGHEST WIND SPEED    14   HIGHEST WIND DIRECTION     E (80)
  HIGHEST GUST SPEED    22   HIGHEST GUST DIRECTION    SE (150)
  AVERAGE WIND SPEED     6.8


SKY COVER
  AVERAGE SKY COVER 0.8


WEATHER CONDITIONS
 THE FOLLOWING WEATHER WAS RECORDED TODAY.
  NO SIGNIFICANT WEATHER WAS OBSERVED.


RELATIVE HUMIDITY (PERCENT)
 HIGHEST    55          1200 AM
 LOWEST     42           800 AM
 AVERAGE    49

..........................................................


THE CENTRAL PARK NY CLIMATE NORMALS FOR TOMORROW
                         NORMAL    RECORD    YEAR
 MAXIMUM TEMPERATURE (F)   67        87      2001
 MINIMUM TEMPERATURE (F)   50        35      1880


SUNRISE AND SUNSET
APRIL 30 2017.........SUNRISE   555 AM EDT   SUNSET   751 PM EDT
MAY  1 2017...........SUNRISE   554 AM EDT   SUNSET   752 PM EDT


-  INDICATES NEGATIVE NUMBERS.
R  INDICATES RECORD WAS SET OR TIED.
MM INDICATES DATA IS MISSING.
T  INDICATES TRACE AMOUNT.




$$
