000
CDUS41 KOKX 090627
CLINYC


CLIMATE REPORT
NATIONAL WEATHER SERVICE NEW YORK NY
126 AM EST FRI DEC 9 2016


...................................

...THE CENTRAL PARK NY CLIMATE SUMMARY FOR DECEMBER 8 2016...

CLIMATE NORMAL PERIOD 1981 TO 2010
CLIMATE RECORD PERIOD 1869 TO 2016


WEATHER ITEM   OBSERVED TIME   RECORD YEAR NORMAL DEPARTURE LAST
                VALUE   (LST)  VALUE       VALUE  FROM      YEAR
                                                  NORMAL
..................................................................
TEMPERATURE (F)
 YESTERDAY
  MAXIMUM         45        MM  65    1927  45      0       49
  MINIMUM         35   1159 PM   4    1900  34      1       41
  AVERAGE         40                        40      0       45

PRECIPITATION (IN)
  YESTERDAY        0.00          1.54 1917   0.14  -0.14     0.00
  MONTH TO DATE    0.70                      1.12  -0.42     0.47
  SINCE DEC 1      0.70                      1.12  -0.42     0.47
  SINCE JAN 1     39.98                     47.06  -7.08    36.72

SNOWFALL (IN)
  YESTERDAY        0.0           2.0  1928   0.1   -0.1      0.0
  MONTH TO DATE    0.0                       0.7   -0.7      0.0
  SINCE OCT 1      T                         1.0   -1.0      0.0
  SINCE JUL 1      T                         1.0   -1.0      0.0
  SNOW DEPTH       0

DEGREE DAYS
 HEATING
  YESTERDAY       25                        25      0       20
  MONTH TO DATE  170                       191    -21      138
  SINCE DEC 1    170                       191    -21      138
  SINCE JUL 1    857                      1024   -167      726

 COOLING
  YESTERDAY        0                         0      0        0
  MONTH TO DATE    0                         0      0        0
  SINCE DEC 1      0                         0      0        0
  SINCE JAN 1   1489                      1105    384     1578
..................................................................


WIND (MPH)
  HIGHEST WIND SPEED    MM   HIGHEST WIND DIRECTION    MM
  HIGHEST GUST SPEED    MM   HIGHEST GUST DIRECTION    MM
  AVERAGE WIND SPEED    MM


SKY COVER
  AVERAGE SKY COVER 0.2


WEATHER CONDITIONS
 THE FOLLOWING WEATHER WAS RECORDED YESTERDAY.
  NO SIGNIFICANT WEATHER WAS OBSERVED.


RELATIVE HUMIDITY (PERCENT)
 HIGHEST    MM
 LOWEST     MM
 AVERAGE    MM

..........................................................


THE CENTRAL PARK NY CLIMATE NORMALS FOR TODAY
                         NORMAL    RECORD    YEAR
 MAXIMUM TEMPERATURE (F)   45        66      1966
 MINIMUM TEMPERATURE (F)   34         7      1876


SUNRISE AND SUNSET
DECEMBER  9 2016......SUNRISE   709 AM EST   SUNSET   428 PM EST
DECEMBER 10 2016......SUNRISE   709 AM EST   SUNSET   428 PM EST


-  INDICATES NEGATIVE NUMBERS.
R  INDICATES RECORD WAS SET OR TIED.
MM INDICATES DATA IS MISSING.
T  INDICATES TRACE AMOUNT.




$$
