000
CDUS45 KPSR 252316 RRA
CLINYL

CLIMATE REPORT
NATIONAL WEATHER SERVICE PHOENIX AZ
415 PM MST SUN JUN 25 2017


...................................

...THE YUMA AZ CLIMATE SUMMARY FOR JUNE 25 2017...
VALID TODAY AS OF 0400 PM LOCAL TIME.

CLIMATE NORMAL PERIOD 1981 TO 2010
CLIMATE RECORD PERIOD 1876 TO 2017


WEATHER ITEM   OBSERVED TIME   RECORD YEAR NORMAL DEPARTURE LAST
                VALUE   (LST)  VALUE       VALUE  FROM      YEAR
                                                  NORMAL
..................................................................
TEMPERATURE (F)
 TODAY
  MAXIMUM        113    347 PM 119    1994 106      7      107
  MINIMUM         84    408 AM  61    1911  78      6       82
  AVERAGE         99                        92      7       95

PRECIPITATION (IN)
  TODAY            0.00          0.09 1922   0.00   0.00     0.00
  MONTH TO DATE    0.00                      0.01  -0.01      T
  SINCE OCT 1      2.65                      2.27   0.38     1.12
  SINCE JAN 1      1.70                      1.33   0.37     0.98

DEGREE DAYS
 HEATING
  TODAY            0                         0      0        0
  MONTH TO DATE    0                         0      0        0
  SINCE JUN 1      0                         0      0        0
  SINCE JUL 1    526                       686   -160      598

 COOLING
  TODAY           34                        27      7       30
  MONTH TO DATE  609                       586     23      677
  SINCE JUN 1    609                       586     23      677
  SINCE JAN 1   1677                      1498    179     1678
..................................................................


WIND (MPH)
  HIGHEST WIND SPEED    23   HIGHEST WIND DIRECTION     S (160)
  HIGHEST GUST SPEED    26   HIGHEST GUST DIRECTION    SE (150)
  AVERAGE WIND SPEED    11.5


SKY COVER
  AVERAGE SKY COVER 0.0


WEATHER CONDITIONS
 THE FOLLOWING WEATHER WAS RECORDED TODAY.
  THUNDERSTORM


RELATIVE HUMIDITY (PERCENT)
 HIGHEST    48
 LOWEST     13
 AVERAGE    31

..........................................................


THE YUMA AZ CLIMATE NORMALS FOR TOMORROW
                         NORMAL    RECORD    YEAR
 MAXIMUM TEMPERATURE (F)  106       122      1990
 MINIMUM TEMPERATURE (F)   78        58      1965


SUNRISE AND SUNSET
JUNE 25 2017..........SUNRISE   532 AM MST   SUNSET   750 PM MST
JUNE 26 2017..........SUNRISE   533 AM MST   SUNSET   750 PM MST


-  INDICATES NEGATIVE NUMBERS.
R  INDICATES RECORD WAS SET OR TIED.
MM INDICATES DATA IS MISSING.
T  INDICATES TRACE AMOUNT.

$$
