000
CDUS45 KPSR 240811 RRA
CLINYL

CLIMATE REPORT
NATIONAL WEATHER SERVICE PHOENIX AZ
111 AM MST WED AUG 24 2016


...................................

...THE YUMA AZ CLIMATE SUMMARY FOR AUGUST 23 2016...

CLIMATE NORMAL PERIOD 1981 TO 2010
CLIMATE RECORD PERIOD 1876 TO 2016


WEATHER ITEM   OBSERVED TIME   RECORD YEAR NORMAL DEPARTURE LAST
                VALUE   (LST)  VALUE       VALUE  FROM      YEAR
                                                  NORMAL
..................................................................
TEMPERATURE (F)
 YESTERDAY
  MAXIMUM        103    518 PM 115    2011 106     -3      108
  MINIMUM         81    653 AM  63    1968  82     -1       82
                                      1900
  AVERAGE         92                        94     -2       95

PRECIPITATION (IN)
  YESTERDAY        0.00          1.36 1921   0.02  -0.02     0.00
  MONTH TO DATE    0.08                      0.36  -0.28     0.00
  SINCE OCT 1      1.89                      2.92  -1.03     1.68
  SINCE JAN 1      1.75                      1.98  -0.23     1.24

DEGREE DAYS
 HEATING
  YESTERDAY        0                         0      0        0
  MONTH TO DATE    0                         0      0        0
  SINCE JUN 1      0                         0      0        0
  SINCE JUL 1      0                         0      0        0

 COOLING
  YESTERDAY       27                        29     -2       30
  MONTH TO DATE  711                       679     32      760
  SINCE JUN 1   2515                      2313    202     2445
  SINCE JAN 1   3516                      3225    291     3524
..................................................................


WIND (MPH)
  HIGHEST WIND SPEED    12   HIGHEST WIND DIRECTION     S (170)
  HIGHEST GUST SPEED    16   HIGHEST GUST DIRECTION     S (160)
  AVERAGE WIND SPEED     3.8


SKY COVER
  AVERAGE SKY COVER 0.2


WEATHER CONDITIONS
 THE FOLLOWING WEATHER WAS RECORDED YESTERDAY.
  NO SIGNIFICANT WEATHER WAS OBSERVED.


RELATIVE HUMIDITY (PERCENT)
 HIGHEST    65
 LOWEST     16
 AVERAGE    41

..........................................................


THE YUMA AZ CLIMATE NORMALS FOR TODAY
                         NORMAL    RECORD    YEAR
 MAXIMUM TEMPERATURE (F)  106       119      1985
 MINIMUM TEMPERATURE (F)   82        64      1879


SUNRISE AND SUNSET
AUGUST 24 2016........SUNRISE   608 AM MST   SUNSET   712 PM MST
AUGUST 25 2016........SUNRISE   609 AM MST   SUNSET   711 PM MST


-  INDICATES NEGATIVE NUMBERS.
R  INDICATES RECORD WAS SET OR TIED.
MM INDICATES DATA IS MISSING.
T  INDICATES TRACE AMOUNT.

$$
