266
CDUS45 KPSR 300831
CLINYL

CDUS45 KPSR DDHHMM
CLINYL

CLIMATE REPORT
NATIONAL WEATHER SERVICE PHOENIX AZ
126 AM MST FRI SEP 30 2016


...................................

...THE YUMA AZ CLIMATE SUMMARY FOR SEPTEMBER 29 2016...

CLIMATE NORMAL PERIOD 1981 TO 2010
CLIMATE RECORD PERIOD 1876 TO 2016


WEATHER ITEM   OBSERVED TIME   RECORD YEAR NORMAL DEPARTURE LAST
                VALUE   (LST)  VALUE       VALUE  FROM      YEAR
                                                  NORMAL
..................................................................
TEMPERATURE (F)
 YESTERDAY
  MAXIMUM         97    421 PM 110    1980  97      0      105
  MINIMUM         76    536 AM  50    1894  72      4       79
  AVERAGE         87                        84      3       92

PRECIPITATION (IN)
  YESTERDAY        T             1.27 1971   0.02  -0.02     0.00
  MONTH TO DATE    0.12                      0.52  -0.40     0.95
  SINCE OCT 1      2.01                      3.55  -1.54     2.63
  SINCE JAN 1      1.87                      2.61  -0.74     2.19

DEGREE DAYS
 HEATING
  YESTERDAY        0                         0      0        0
  MONTH TO DATE    0                         0      0        0
  SINCE SEP 1      0                         0      0        0
  SINCE JUL 1      0                         0      0        0

 COOLING
  YESTERDAY       22                        19      3       27
  MONTH TO DATE  644                       703    -59      770
  SINCE SEP 1    644                       703    -59      770
  SINCE JAN 1   4391                      4156    235     4557
..................................................................


WIND (MPH)
  HIGHEST WIND SPEED     8   HIGHEST WIND DIRECTION    NW (320)
  HIGHEST GUST SPEED    10   HIGHEST GUST DIRECTION     S (200)
  AVERAGE WIND SPEED     3.1


SKY COVER
  AVERAGE SKY COVER 0.5


WEATHER CONDITIONS
 THE FOLLOWING WEATHER WAS RECORDED YESTERDAY.
  NO SIGNIFICANT WEATHER WAS OBSERVED.


RELATIVE HUMIDITY (PERCENT)
 HIGHEST    54
 LOWEST     24
 AVERAGE    39

..........................................................


THE YUMA AZ CLIMATE NORMALS FOR TODAY
                         NORMAL    RECORD    YEAR
 MAXIMUM TEMPERATURE (F)   96       109      2012
 MINIMUM TEMPERATURE (F)   71        50      1907


SUNRISE AND SUNSET
SEPTEMBER 30 2016.....SUNRISE   632 AM MST   SUNSET   624 PM MST
OCTOBER  1 2016.......SUNRISE   633 AM MST   SUNSET   622 PM MST


-  INDICATES NEGATIVE NUMBERS.
R  INDICATES RECORD WAS SET OR TIED.
MM INDICATES DATA IS MISSING.
T  INDICATES TRACE AMOUNT.

$$
