000
CDUS45 KPSR 190815 RRA
CLINYL

CLIMATE REPORT
NATIONAL WEATHER SERVICE PHOENIX AZ
114 AM MST SAT AUG 19 2017


...................................

...THE YUMA AZ CLIMATE SUMMARY FOR AUGUST 18 2017...

CLIMATE NORMAL PERIOD 1981 TO 2010
CLIMATE RECORD PERIOD 1876 TO 2017


WEATHER ITEM   OBSERVED TIME   RECORD YEAR NORMAL DEPARTURE LAST
                VALUE   (LST)  VALUE       VALUE  FROM      YEAR
                                                  NORMAL
..................................................................
TEMPERATURE (F)
 YESTERDAY
  MAXIMUM        106    409 PM 116    1960 106      0      107
  MINIMUM         78    641 AM  61    1918  82     -4       89
  AVERAGE         92                        94     -2       98

PRECIPITATION (IN)
  YESTERDAY        0.00          1.19 1906   0.02  -0.02     0.00
  MONTH TO DATE    0.09                      0.28  -0.19     0.00
  SINCE OCT 1      2.74                      2.84  -0.10     1.81
  SINCE JAN 1      1.79                      1.90  -0.11     1.67

DEGREE DAYS
 HEATING
  YESTERDAY        0                         0      0        0
  MONTH TO DATE    0                         0      0        0
  SINCE JUN 1      0                         0      0        0
  SINCE JUL 1      0                         0      0        0

 COOLING
  YESTERDAY       27                        29     -2       33
  MONTH TO DATE  553                       534     19      570
  SINCE JUN 1   2284                      2168    116     2374
  SINCE JAN 1   3352                      3080    272     3375
..................................................................


WIND (MPH)
  HIGHEST WIND SPEED    18   HIGHEST WIND DIRECTION     S (160)
  HIGHEST GUST SPEED    27   HIGHEST GUST DIRECTION     S (160)
  AVERAGE WIND SPEED     7.4


SKY COVER
  AVERAGE SKY COVER 0.0


WEATHER CONDITIONS
 THE FOLLOWING WEATHER WAS RECORDED YESTERDAY.
  NO SIGNIFICANT WEATHER WAS OBSERVED.


RELATIVE HUMIDITY (PERCENT)
 HIGHEST    55
 LOWEST     18
 AVERAGE    37

..........................................................


THE YUMA AZ CLIMATE NORMALS FOR TODAY
                         NORMAL    RECORD    YEAR
 MAXIMUM TEMPERATURE (F)  106       116      1915
 MINIMUM TEMPERATURE (F)   82        64      1916


SUNRISE AND SUNSET
AUGUST 19 2017........SUNRISE   605 AM MST   SUNSET   718 PM MST
AUGUST 20 2017........SUNRISE   606 AM MST   SUNSET   717 PM MST


-  INDICATES NEGATIVE NUMBERS.
R  INDICATES RECORD WAS SET OR TIED.
MM INDICATES DATA IS MISSING.
T  INDICATES TRACE AMOUNT.

$$
