000
CDUS45 KPSR 240833 RRA
CLINYL

CDUS45 KPSR DDHHMM
CLINYL

CLIMATE REPORT
NATIONAL WEATHER SERVICE PHOENIX AZ
133 AM MST TUE MAY 24 2016


...................................

...THE YUMA AZ CLIMATE SUMMARY FOR MAY 23 2016...

CLIMATE NORMAL PERIOD 1981 TO 2010
CLIMATE RECORD PERIOD 1876 TO 2016


WEATHER ITEM   OBSERVED TIME   RECORD YEAR NORMAL DEPARTURE LAST
                VALUE   (LST)  VALUE       VALUE  FROM      YEAR
                                                  NORMAL
..................................................................
TEMPERATURE (F)
 YESTERDAY
  MAXIMUM         88    430 PM 111    2001  97     -9       85
  MINIMUM         59    535 AM  52    1912  69    -10       60
  AVERAGE         74                        83     -9       73

PRECIPITATION (IN)
  YESTERDAY        0.00          0.03 2008   0.00   0.00     0.00
  MONTH TO DATE    0.18                      0.06   0.12     0.31
  SINCE OCT 1      1.12                      2.24  -1.12     1.26
  SINCE JAN 1      0.98                      1.30  -0.32     0.82

DEGREE DAYS
 HEATING
  YESTERDAY        0                         0      0        0
  MONTH TO DATE    0                         0      0        3
  SINCE MAR 1     22                        63    -41       26
  SINCE JUL 1    598                       686    -88       86

 COOLING
  YESTERDAY        9                        18     -9        8
  MONTH TO DATE  303                       352    -49      244
  SINCE MAR 1    755                       722     33      823
  SINCE JAN 1    891                       758    133      934
..................................................................


WIND (MPH)
  HIGHEST WIND SPEED    15   HIGHEST WIND DIRECTION     S (200)
  HIGHEST GUST SPEED    18   HIGHEST GUST DIRECTION    SW (230)
  AVERAGE WIND SPEED     6.8


SKY COVER
  AVERAGE SKY COVER 0.0


WEATHER CONDITIONS
 THE FOLLOWING WEATHER WAS RECORDED YESTERDAY.
  NO SIGNIFICANT WEATHER WAS OBSERVED.


RELATIVE HUMIDITY (PERCENT)
 HIGHEST    49
 LOWEST     10
 AVERAGE    30

..........................................................


THE YUMA AZ CLIMATE NORMALS FOR TODAY
                         NORMAL    RECORD    YEAR
 MAXIMUM TEMPERATURE (F)   98       109      2001
                                             1983
 MINIMUM TEMPERATURE (F)   69        52      2010
                                             1909


SUNRISE AND SUNSET
MAY 24 2016...........SUNRISE   534 AM MST   SUNSET   737 PM MST
MAY 25 2016...........SUNRISE   534 AM MST   SUNSET   737 PM MST


-  INDICATES NEGATIVE NUMBERS.
R  INDICATES RECORD WAS SET OR TIED.
MM INDICATES DATA IS MISSING.
T  INDICATES TRACE AMOUNT.

$$
