881
CDUS45 KPSR 220819
CLINYL

CLIMATE REPORT
NATIONAL WEATHER SERVICE PHOENIX AZ
118 AM MST FRI MAY 22 2015


...................................

...THE YUMA AZ CLIMATE SUMMARY FOR MAY 21 2015...

CLIMATE NORMAL PERIOD 1981 TO 2010
CLIMATE RECORD PERIOD 1876 TO 2015


WEATHER ITEM   OBSERVED TIME   RECORD YEAR NORMAL DEPARTURE LAST
                VALUE   (LST)  VALUE       VALUE  FROM      YEAR
                                                  NORMAL
..................................................................
TEMPERATURE (F)
 YESTERDAY
  MAXIMUM         86    327 PM 108    2012  97    -11       86
                                      2005
                                      1892
  MINIMUM         65   1155 PM  50    1975  68     -3       61
  AVERAGE         76                        83     -7       74

PRECIPITATION (IN)
  YESTERDAY        0.00          0.02 2009   0.00   0.00     0.00
                                      1882
  MONTH TO DATE    0.31                      0.06   0.25     0.00
  SINCE OCT 1      1.26                      2.24  -0.98     1.18
  SINCE JAN 1      0.82                      1.30  -0.48     0.07

DEGREE DAYS
 HEATING
  YESTERDAY        0                         0      0        0
  MONTH TO DATE    3                         0      3        0
  SINCE MAR 1     26                        63    -37        9
  SINCE JUL 1     86                       686   -600      370

 COOLING
  YESTERDAY       11                        18     -7        9
  MONTH TO DATE  229                       316    -87      328
  SINCE MAR 1    808                       686    122      826
  SINCE JAN 1    919                       722    197      940
..................................................................


WIND (MPH)
  HIGHEST WIND SPEED    21   HIGHEST WIND DIRECTION    NW (310)
  HIGHEST GUST SPEED    27   HIGHEST GUST DIRECTION     W (290)
  AVERAGE WIND SPEED     9.1


SKY COVER
  AVERAGE SKY COVER 0.3


WEATHER CONDITIONS
 THE FOLLOWING WEATHER WAS RECORDED YESTERDAY.
  HAZE


RELATIVE HUMIDITY (PERCENT)
 HIGHEST    38
 LOWEST     17
 AVERAGE    28

..........................................................


THE YUMA AZ CLIMATE NORMALS FOR TODAY
                         NORMAL    RECORD    YEAR
 MAXIMUM TEMPERATURE (F)   97       110      2005
 MINIMUM TEMPERATURE (F)   69        51      1902


SUNRISE AND SUNSET
MAY 22 2015...........SUNRISE   536 AM MST   SUNSET   735 PM MST
MAY 23 2015...........SUNRISE   535 AM MST   SUNSET   736 PM MST


-  INDICATES NEGATIVE NUMBERS.
R  INDICATES RECORD WAS SET OR TIED.
MM INDICATES DATA IS MISSING.
T  INDICATES TRACE AMOUNT.




$$
