000
CDUS46 KMTR 050846
CLIOAK


CLIMATE REPORT
NATIONAL WEATHER SERVICE SAN FRANCISCO BAY AREA
1246 AM PST THU MAR 5 2015


...................................

...THE OAKLAND AIRPORT CLIMATE SUMMARY FOR MARCH 4 2015...

CLIMATE NORMAL PERIOD 1981 TO 2010
CLIMATE RECORD PERIOD 1948 TO 2015


WEATHER ITEM   OBSERVED TIME   RECORD YEAR NORMAL DEPARTURE LAST
                VALUE   (LST)  VALUE       VALUE  FROM      YEAR
                                                  NORMAL
..................................................................
TEMPERATURE (F)
 YESTERDAY
  MAXIMUM         67        MM  77    1984  61      6       66
  MINIMUM         41        MM  37    1953  46     -5       55
  AVERAGE         54                        53      1       61

PRECIPITATION (IN)
  YESTERDAY        0.00          1.12 1951   0.12  -0.12      T
  MONTH TO DATE    T                         0.50  -0.50     0.15
  SINCE OCT 1     13.22                     15.75  -2.53     5.31
  SINCE JAN 1      2.00                      8.44  -6.44     3.85

SNOWFALL (IN)
  YESTERDAY        0.0                                       0.0
  MONTH TO DATE    0.0                                       0.0
  SINCE MAR 1      0.0                                       0.0
  SINCE JUL 1      0.0                                       0.0

DEGREE DAYS
 HEATING
  YESTERDAY       11                        12     -1        4
  MONTH TO DATE   47                        48     -1       24
  SINCE MAR 1     47                        48     -1       24
  SINCE JUL 1   1356                      2070   -714     1845

 COOLING
  YESTERDAY        0                         0      0        0
  MONTH TO DATE    0                         0      0        0
  SINCE MAR 1      0                         0      0        0
  SINCE JAN 1      0                         0      0        0
..................................................................


WIND (MPH)
  RESULTANT WIND SPEED   1   RESULTANT WIND DIRECTION  NW (310)
  HIGHEST WIND SPEED     7   HIGHEST WIND DIRECTION    NW (310)
  HIGHEST GUST SPEED    MM   HIGHEST GUST DIRECTION    MM
  AVERAGE WIND SPEED     3.5


SKY COVER
  POSSIBLE SUNSHINE  MM
  AVERAGE SKY COVER 0.1


WEATHER CONDITIONS
 THE FOLLOWING WEATHER WAS RECORDED YESTERDAY.
  NO SIGNIFICANT WEATHER WAS OBSERVED.


RELATIVE HUMIDITY (PERCENT)
 HIGHEST    89           300 AM
 LOWEST     32           300 PM
 AVERAGE    61

..........................................................


THE OAKLAND AIRPORT CLIMATE NORMALS FOR TODAY
                         NORMAL    RECORD    YEAR
 MAXIMUM TEMPERATURE (F)   61        75      1959
 MINIMUM TEMPERATURE (F)   46        35      1955


SUNRISE AND SUNSET
MARCH  5 2015.........SUNRISE   635 AM PST   SUNSET   606 PM PST
MARCH  6 2015.........SUNRISE   633 AM PST   SUNSET   607 PM PST


-  INDICATES NEGATIVE NUMBERS.
R  INDICATES RECORD WAS SET OR TIED.
MM INDICATES DATA IS MISSING.
T  INDICATES TRACE AMOUNT.




$$
