000
CDUS46 KMTR 170835
CLIOAK


CLIMATE REPORT
NATIONAL WEATHER SERVICE SAN FRANCISCO BAY AREA
135 AM PDT THU APR 17 2014


...................................

...THE OAKLAND AIRPORT CLIMATE SUMMARY FOR APRIL 16 2014...

CLIMATE NORMAL PERIOD 1981 TO 2010
CLIMATE RECORD PERIOD 1948 TO 2014


WEATHER ITEM   OBSERVED TIME   RECORD YEAR NORMAL DEPARTURE LAST
                VALUE   (LST)  VALUE       VALUE  FROM      YEAR
                                                  NORMAL
..................................................................
TEMPERATURE (F)
 YESTERDAY
  MAXIMUM         73    211 PM  82    1954  67      6       68
  MINIMUM         50    551 AM  39    1955  48      2       46
  AVERAGE         62                        58      4       57

PRECIPITATION (IN)
  YESTERDAY        0.00          0.52 2006   0.04  -0.04     0.00
  MONTH TO DATE    1.01                      0.79   0.22     1.33
  SINCE JUL 1      9.43                     19.40  -9.97    13.62
  SINCE JAN 1      7.36                     11.81  -4.45     2.63

SNOWFALL (IN)
  YESTERDAY        0.0                                       0.0
  MONTH TO DATE    0.0                                       0.0
  SINCE MAR 1      0.0                                       0.0
  SINCE JUL 1      0.0                                       0.0

DEGREE DAYS
 HEATING
  YESTERDAY        3                         8     -5        8
  MONTH TO DATE   98                       135    -37       75
  SINCE MAR 1    283                       466   -183      326
  SINCE JUL 1   2104                      2488   -384     2232

 COOLING
  YESTERDAY        0                         0      0        0
  MONTH TO DATE    2                         0      2        4
  SINCE MAR 1      3                         1      2        4
  SINCE JAN 1      3                         1      2        4
..................................................................


WIND (MPH)
  RESULTANT WIND SPEED   6   RESULTANT WIND DIRECTION   W (260)
  HIGHEST WIND SPEED    18   HIGHEST WIND DIRECTION     W (280)
  HIGHEST GUST SPEED    24   HIGHEST GUST DIRECTION     E (80)
  AVERAGE WIND SPEED     8.1


SKY COVER
  POSSIBLE SUNSHINE  MM
  AVERAGE SKY COVER 0.3


WEATHER CONDITIONS
 THE FOLLOWING WEATHER WAS RECORDED YESTERDAY.
  NO SIGNIFICANT WEATHER WAS OBSERVED.


RELATIVE HUMIDITY (PERCENT)
 HIGHEST    83          1200 AM
 LOWEST     44           200 PM
 AVERAGE    64

..........................................................


THE OAKLAND AIRPORT CLIMATE NORMALS FOR TODAY
                         NORMAL    RECORD    YEAR
 MAXIMUM TEMPERATURE (F)   67        87      1954
 MINIMUM TEMPERATURE (F)   48        38      1963


SUNRISE AND SUNSET
APRIL 17 2014.........SUNRISE   631 AM PDT   SUNSET   746 PM PDT
APRIL 18 2014.........SUNRISE   630 AM PDT   SUNSET   747 PM PDT


-  INDICATES NEGATIVE NUMBERS.
R  INDICATES RECORD WAS SET OR TIED.
MM INDICATES DATA IS MISSING.
T  INDICATES TRACE AMOUNT.




$$
