000
CDUS46 KMTR 290034
CLIOAK


CLIMATE REPORT
NATIONAL WEATHER SERVICE SAN FRANCISCO BAY AREA
534 PM PDT SAT MAR 28 2015


...................................

...THE OAKLAND AIRPORT CLIMATE SUMMARY FOR MARCH 28 2015...
VALID TODAY AS OF 0500 PM LOCAL TIME.

CLIMATE NORMAL PERIOD 1981 TO 2010
CLIMATE RECORD PERIOD 1948 TO 2015


WEATHER ITEM   OBSERVED TIME   RECORD YEAR NORMAL DEPARTURE LAST
                VALUE   (LST)  VALUE       VALUE  FROM      YEAR
                                                  NORMAL
..................................................................
TEMPERATURE (F)
 TODAY
  MAXIMUM         74    238 PM  79    1968  64     10       69
  MINIMUM         48    516 AM  38    1950  47      1       56
  AVERAGE         61                        55      6       63

PRECIPITATION (IN)
  TODAY            0.00          0.32 2006   0.08  -0.08     0.01
  MONTH TO DATE    0.09                      2.84  -2.75     1.21
  SINCE OCT 1     13.31                     18.09  -4.78     6.37
  SINCE JAN 1      2.09                     10.78  -8.69     4.91

SNOWFALL (IN)
  TODAY            0.0           0.0  1985
  MONTH TO DATE    0.0
  SINCE MAR 1      0.0
  SINCE JUL 1      0.0

DEGREE DAYS
 HEATING
  TODAY            4                        10     -6        2
  MONTH TO DATE  182                       304   -122      156
  SINCE MAR 1    182                       304   -122      156
  SINCE JUL 1   1491                      2326   -835     1977

 COOLING
  TODAY            0                         0      0        0
  MONTH TO DATE    1                         0      1        1
  SINCE MAR 1      1                         0      1        1
  SINCE JAN 1      1                         0      1        1
..................................................................


WIND (MPH)
  RESULTANT WIND SPEED   3   RESULTANT WIND DIRECTION   W (260)
  HIGHEST WIND SPEED    24   HIGHEST WIND DIRECTION     W (280)
  HIGHEST GUST SPEED    26   HIGHEST GUST DIRECTION     W (280)
  AVERAGE WIND SPEED     5.8


SKY COVER
  POSSIBLE SUNSHINE  MM
  AVERAGE SKY COVER 0.4


WEATHER CONDITIONS
 THE FOLLOWING WEATHER WAS RECORDED TODAY.
  NO SIGNIFICANT WEATHER WAS OBSERVED.


RELATIVE HUMIDITY (PERCENT)
 HIGHEST    93           300 AM
 LOWEST     44           100 PM
 AVERAGE    69

..........................................................


THE OAKLAND AIRPORT CLIMATE NORMALS FOR TOMORROW
                         NORMAL    RECORD    YEAR
 MAXIMUM TEMPERATURE (F)   64        77      1968
 MINIMUM TEMPERATURE (F)   47        40      1959


SUNRISE AND SUNSET
MARCH 28 2015.........SUNRISE   700 AM PDT   SUNSET   728 PM PDT
MARCH 29 2015.........SUNRISE   659 AM PDT   SUNSET   729 PM PDT


-  INDICATES NEGATIVE NUMBERS.
R  INDICATES RECORD WAS SET OR TIED.
MM INDICATES DATA IS MISSING.
T  INDICATES TRACE AMOUNT.




$$
