000
CDUS43 KOAX 290650
CLIOAX


CLIMATE REPORT
NATIONAL WEATHER SERVICE OMAHA NEBRASKA
150 AM CDT FRI MAY 29 2015


...................................

...THE VALLEY  NWS, NEBRASKA CLIMATE SUMMARY FOR MAY 28 2015...

CLIMATE NORMAL PERIOD 1981 TO 2010
CLIMATE RECORD PERIOD 1997 TO 2015


WEATHER ITEM   OBSERVED TIME   NORMAL DEPARTURE LAST
                VALUE   (LST)  VALUE  FROM      YEAR
                                      NORMAL
......................................................
TEMPERATURE (F)
 YESTERDAY
  MAXIMUM         73    607 PM  77     -4       85
  MINIMUM         63    453 AM  57      6       64
  AVERAGE         68            67      1       75

PRECIPITATION (IN)
  YESTERDAY        0.02          0.15  -0.13     0.00
  MONTH TO DATE    5.83          4.09   1.74     4.85
  SINCE MAR 1     10.01          9.12   0.89     7.87
  SINCE JAN 1     11.58         10.83   0.75     8.91

SNOWFALL (IN)
  YESTERDAY        0.0                           0.0
  MONTH TO DATE    0.0                           0.0
  SINCE JUL 1     19.3                          18.2
  SNOW DEPTH       0

DEGREE DAYS
 HEATING
  YESTERDAY        0             2     -2        0
  MONTH TO DATE  138           145     -7      148
  SINCE MAR 1   1126          1412   -286     1441
  SINCE JUL 1   5855          6243   -388     6501

 COOLING
  YESTERDAY        3             4     -1       10
  MONTH TO DATE   26            53    -27       88
  SINCE MAR 1     30            60    -30       97
  SINCE JAN 1     30            60    -30       97
......................................................


WIND (MPH)
  HIGHEST WIND SPEED    MM   HIGHEST WIND DIRECTION    MM
  HIGHEST GUST SPEED    22   HIGHEST GUST DIRECTION    MM


SKY COVER
  POSSIBLE SUNSHINE  MM


WEATHER CONDITIONS
 THE FOLLOWING WEATHER WAS RECORDED YESTERDAY.
  LIGHT RAIN


..........................................................


THE VALLEY  NWS, NEBRASKA CLIMATE NORMALS FOR TODAY
                         NORMAL
 MAXIMUM TEMPERATURE (F)   77
 MINIMUM TEMPERATURE (F)   57


SUNRISE AND SUNSET
MAY 29 2015...........SUNRISE   556 AM CDT   SUNSET   850 PM CDT
MAY 30 2015...........SUNRISE   556 AM CDT   SUNSET   851 PM CDT


-  INDICATES NEGATIVE NUMBERS.
R  INDICATES RECORD WAS SET OR TIED.
MM INDICATES DATA IS MISSING.
T  INDICATES TRACE AMOUNT.




$$
