000
CDUS43 KOAX 060703
CLIOAX


CLIMATE REPORT
NATIONAL WEATHER SERVICE OMAHA NEBRASKA
102 AM CST SAT FEB 6 2016


...................................

...THE VALLEY  NWS, NEBRASKA CLIMATE SUMMARY FOR FEBRUARY 5 2016...

CLIMATE NORMAL PERIOD 1981 TO 2010
CLIMATE RECORD PERIOD 1997 TO 2016


WEATHER ITEM   OBSERVED TIME   NORMAL DEPARTURE LAST
                VALUE   (LST)  VALUE  FROM      YEAR
                                      NORMAL
......................................................
TEMPERATURE (F)
 YESTERDAY
  MAXIMUM         33    723 PM  35     -2       23
  MINIMUM         13   1241 AM  15     -2       -4
  AVERAGE         23            25     -2       10

PRECIPITATION (IN)
  YESTERDAY        0.05          0.03   0.02     0.00
  MONTH TO DATE    0.92          0.16   0.76     0.76
  SINCE DEC 1      6.78          2.06   4.72     3.38
  SINCE JAN 1      1.67          0.95   0.72     1.48

SNOWFALL (IN)
  YESTERDAY        0.9                           0.0
  MONTH TO DATE    8.9                           9.0
  SINCE JUL 1     27.7                          18.6
  SNOW DEPTH       5

DEGREE DAYS
 HEATING
  YESTERDAY       42            40      2       55
  MONTH TO DATE  196           202     -6      262
  SINCE DEC 1   2402          2706   -304     2452
  SINCE JUL 1   3287          3976   -689     3769

 COOLING
  YESTERDAY        0             0      0        0
  MONTH TO DATE    0             0      0        0
  SINCE DEC 1      0             0      0        0
  SINCE JAN 1      0             0      0        0
......................................................


WIND (MPH)
  HIGHEST WIND SPEED    MM   HIGHEST WIND DIRECTION    MM
  HIGHEST GUST SPEED    20   HIGHEST GUST DIRECTION    MM


SKY COVER
  POSSIBLE SUNSHINE  MM


WEATHER CONDITIONS
 THE FOLLOWING WEATHER WAS RECORDED YESTERDAY.
  LIGHT SNOW


..........................................................


THE VALLEY  NWS, NEBRASKA CLIMATE NORMALS FOR TODAY
                         NORMAL
 MAXIMUM TEMPERATURE (F)   35
 MINIMUM TEMPERATURE (F)   16


SUNRISE AND SUNSET
FEBRUARY  6 2016......SUNRISE   732 AM CST   SUNSET   548 PM CST
FEBRUARY  7 2016......SUNRISE   731 AM CST   SUNSET   549 PM CST


-  INDICATES NEGATIVE NUMBERS.
R  INDICATES RECORD WAS SET OR TIED.
MM INDICATES DATA IS MISSING.
T  INDICATES TRACE AMOUNT.




$$
