000
CDUS43 KOAX 010634
CLIOAX


CLIMATE REPORT
NATIONAL WEATHER SERVICE OMAHA NEBRASKA
134 AM CDT SAT NOV 1 2014


...................................

...THE VALLEY  NWS, NEBRASKA CLIMATE SUMMARY FOR OCTOBER 31 2014...

CLIMATE NORMAL PERIOD 1981 TO 2010
CLIMATE RECORD PERIOD 1997 TO 2014


WEATHER ITEM   OBSERVED TIME   NORMAL DEPARTURE LAST
                VALUE   (LST)  VALUE  FROM      YEAR
                                      NORMAL
......................................................
TEMPERATURE (F)
 YESTERDAY
  MAXIMUM         44    404 PM  57    -13       57
  MINIMUM         27    653 AM  36     -9       35
  AVERAGE         36            46    -10       46

PRECIPITATION (IN)
  YESTERDAY        0.00          0.06  -0.06     0.00
  MONTH TO DATE    1.50          2.29  -0.79     4.82
  SINCE SEP 1      6.10          5.14   0.96     6.36
  SINCE JAN 1     36.15         30.06   6.09    27.40

SNOWFALL (IN)
  YESTERDAY        0.0                           0.0
  MONTH TO DATE    0.0                           0.0
  SINCE JUL 1      0.0                           0.0
  SNOW DEPTH       0

DEGREE DAYS
 HEATING
  YESTERDAY       29            19     10       19
  MONTH TO DATE  295           385    -90      391
  SINCE SEP 1    377           475    -98      406
  SINCE JUL 1    378           481   -103      411

 COOLING
  YESTERDAY        0             0      0        0
  MONTH TO DATE    6            16    -10       21
  SINCE SEP 1    114           124    -10      225
  SINCE JAN 1   1039          1075    -36     1237
......................................................


WIND (MPH)
  HIGHEST WIND SPEED    MM   HIGHEST WIND DIRECTION    MM
  HIGHEST GUST SPEED    36   HIGHEST GUST DIRECTION    MM


SKY COVER
  POSSIBLE SUNSHINE  MM


WEATHER CONDITIONS
 THE FOLLOWING WEATHER WAS RECORDED YESTERDAY.
  NO SIGNIFICANT WEATHER WAS OBSERVED.


..........................................................


THE VALLEY  NWS, NEBRASKA CLIMATE NORMALS FOR TODAY
                         NORMAL
 MAXIMUM TEMPERATURE (F)   57
 MINIMUM TEMPERATURE (F)   36


SUNRISE AND SUNSET
NOVEMBER  1 2014......SUNRISE   757 AM CDT   SUNSET   621 PM CDT
NOVEMBER  2 2014......SUNRISE   658 AM CST   SUNSET   519 PM CST


-  INDICATES NEGATIVE NUMBERS.
R  INDICATES RECORD WAS SET OR TIED.
MM INDICATES DATA IS MISSING.
T  INDICATES TRACE AMOUNT.




$$
