074
CDUS43 KOAX 220708
CLIOAX


CLIMATE REPORT
NATIONAL WEATHER SERVICE OMAHA NEBRASKA
107 AM CST THU FEB 22 2018


...................................

...THE VALLEY  NWS, NEBRASKA CLIMATE SUMMARY FOR FEBRUARY 21 2018...

CLIMATE NORMAL PERIOD 1981 TO 2010
CLIMATE RECORD PERIOD 1997 TO 2018


WEATHER ITEM   OBSERVED TIME   NORMAL DEPARTURE LAST
                VALUE   (LST)  VALUE  FROM      YEAR
                                      NORMAL
......................................................
TEMPERATURE (F)
 YESTERDAY
  MAXIMUM         25    424 PM  38    -13       73
  MINIMUM          7    719 AM  19    -12       32
  AVERAGE         16            29    -13       53

PRECIPITATION (IN)
  YESTERDAY        0.00          0.03  -0.03     0.00
  MONTH TO DATE    0.54          0.67  -0.13     0.30
  SINCE DEC 1      2.22          2.57  -0.35     2.56
  SINCE JAN 1      1.84          1.46   0.38     1.25

SNOWFALL (IN)
  YESTERDAY        0.0                           0.0
  MONTH TO DATE    6.9                           4.0
  SINCE JUL 1     17.4                           9.0
  SNOW DEPTH       T

DEGREE DAYS
 HEATING
  YESTERDAY       49            36     13       12
  MONTH TO DATE  932           813    119      565
  SINCE DEC 1   3373          3317     56     2899
  SINCE JUL 1   4448          4587   -139     3688

 COOLING
  YESTERDAY        0             0      0        0
  MONTH TO DATE    0             0      0        0
  SINCE DEC 1      0             0      0        0
  SINCE JAN 1      0             0      0        0
......................................................


WIND (MPH)
  HIGHEST WIND SPEED    MM   HIGHEST WIND DIRECTION    MM
  HIGHEST GUST SPEED    18   HIGHEST GUST DIRECTION    MM


SKY COVER
  POSSIBLE SUNSHINE  MM


WEATHER CONDITIONS
 THE FOLLOWING WEATHER WAS RECORDED YESTERDAY.
  NO SIGNIFICANT WEATHER WAS OBSERVED.


..........................................................


THE VALLEY  NWS, NEBRASKA CLIMATE NORMALS FOR TODAY
                         NORMAL
 MAXIMUM TEMPERATURE (F)   39
 MINIMUM TEMPERATURE (F)   20


SUNRISE AND SUNSET
FEBRUARY 22 2018......SUNRISE   710 AM CST   SUNSET   608 PM CST
FEBRUARY 23 2018......SUNRISE   709 AM CST   SUNSET   609 PM CST


-  INDICATES NEGATIVE NUMBERS.
R  INDICATES RECORD WAS SET OR TIED.
MM INDICATES DATA IS MISSING.
T  INDICATES TRACE AMOUNT.




$$
