000
CDUS43 KOAX 270634
CLIOAX


CLIMATE REPORT
NATIONAL WEATHER SERVICE OMAHA NEBRASKA
1230 AM CST SAT DEC 27 2014


...................................

...THE VALLEY  NWS, NEBRASKA CLIMATE SUMMARY FOR DECEMBER 26 2014...

CLIMATE NORMAL PERIOD 1981 TO 2010
CLIMATE RECORD PERIOD 1997 TO 2014


WEATHER ITEM   OBSERVED TIME   NORMAL DEPARTURE LAST
                VALUE   (LST)  VALUE  FROM      YEAR
                                      NORMAL
......................................................
TEMPERATURE (F)
 YESTERDAY
  MAXIMUM         34    329 AM  32      2       49
  MINIMUM         28   1157 PM  15     13       21
  AVERAGE         31            24      7       35

PRECIPITATION (IN)
  YESTERDAY        0.02          0.03  -0.01     0.00
  MONTH TO DATE    1.83          0.97   0.86     0.18
  SINCE DEC 1      1.83          0.97   0.86     0.18
  SINCE JAN 1     38.31         32.50   5.81    29.09

SNOWFALL (IN)
  YESTERDAY        0.2                           0.0
  MONTH TO DATE    0.3                           3.4
  SINCE JUL 1      3.3                           4.1
  SNOW DEPTH       0

DEGREE DAYS
 HEATING
  YESTERDAY       34            41     -7       30
  MONTH TO DATE  794          1000   -206     1117
  SINCE DEC 1    794          1000   -206     1117
  SINCE JUL 1   2111          2270   -159     2336

 COOLING
  YESTERDAY        0             0      0        0
  MONTH TO DATE    0             0      0        0
  SINCE DEC 1      0             0      0        0
  SINCE JAN 1   1039          1075    -36     1237
......................................................


WIND (MPH)
  HIGHEST WIND SPEED    MM   HIGHEST WIND DIRECTION    MM
  HIGHEST GUST SPEED    28   HIGHEST GUST DIRECTION    MM


SKY COVER
  POSSIBLE SUNSHINE  MM


WEATHER CONDITIONS
 THE FOLLOWING WEATHER WAS RECORDED YESTERDAY.
  LT FREEZING RAIN
  LIGHT SNOW


..........................................................


THE VALLEY  NWS, NEBRASKA CLIMATE NORMALS FOR TODAY
                         NORMAL
 MAXIMUM TEMPERATURE (F)   32
 MINIMUM TEMPERATURE (F)   15


SUNRISE AND SUNSET
DECEMBER 27 2014......SUNRISE   750 AM CST   SUNSET   503 PM CST
DECEMBER 28 2014......SUNRISE   751 AM CST   SUNSET   504 PM CST


-  INDICATES NEGATIVE NUMBERS.
R  INDICATES RECORD WAS SET OR TIED.
MM INDICATES DATA IS MISSING.
T  INDICATES TRACE AMOUNT.




$$
