000
CDUS43 KOAX 162200
CLIOAX


CLIMATE REPORT
NATIONAL WEATHER SERVICE OMAHA NEBRASKA
450 PM CDT MON OCT 16 2017


...................................

...THE VALLEY  NWS, NEBRASKA CLIMATE SUMMARY FOR OCTOBER 16 2017...
VALID TODAY AS OF 400 PM LOCAL TIME.

CLIMATE NORMAL PERIOD 1981 TO 2010
CLIMATE RECORD PERIOD 1997 TO 2017


WEATHER ITEM   OBSERVED TIME   NORMAL DEPARTURE LAST
                VALUE   (LST)  VALUE  FROM      YEAR
                                      NORMAL
......................................................
TEMPERATURE (F)
 TODAY
  MAXIMUM         73    159 PM  64      9       79
  MINIMUM         40    625 AM  42     -2       53
  AVERAGE         57            53      4       66

PRECIPITATION (IN)
  TODAY            0.00          0.08  -0.08     0.00
  MONTH TO DATE    5.41          1.28   4.13     1.66
  SINCE SEP 1     10.35          4.13   6.22     4.28
  SINCE JAN 1     35.57         29.05   6.52    41.72

SNOWFALL (IN)
  TODAY            0.0                           0.0
  MONTH TO DATE    0.0                           0.0
  SINCE JUL 1      0.0                           0.0
  SNOW DEPTH       0

DEGREE DAYS
 HEATING
  TODAY            8            12     -4        0
  MONTH TO DATE  116           152    -36      118
  SINCE SEP 1    150           242    -92      156
  SINCE JUL 1    150           248    -98      158

 COOLING
  TODAY            0             0      0        1
  MONTH TO DATE   12            13     -1        4
  SINCE SEP 1    198           121     77      178
  SINCE JAN 1   1203          1072    131     1275
......................................................


WIND (MPH)
  HIGHEST WIND SPEED    MM   HIGHEST WIND DIRECTION    MM
  HIGHEST GUST SPEED    28   HIGHEST GUST DIRECTION    MM



WEATHER CONDITIONS
 THE FOLLOWING WEATHER WAS RECORDED TODAY.
  NO SIGNIFICANT WEATHER WAS OBSERVED.


..........................................................


THE VALLEY  NWS, NEBRASKA CLIMATE NORMALS FOR TOMORROW
                         NORMAL
 MAXIMUM TEMPERATURE (F)   64
 MINIMUM TEMPERATURE (F)   42


SUNRISE AND SUNSET
OCTOBER 16 2017.......SUNRISE   739 AM CDT   SUNSET   643 PM CDT
OCTOBER 17 2017.......SUNRISE   740 AM CDT   SUNSET   641 PM CDT


-  INDICATES NEGATIVE NUMBERS.
R  INDICATES RECORD WAS SET OR TIED.
MM INDICATES DATA IS MISSING.
T  INDICATES TRACE AMOUNT.




$$

KLISH
