000
CDUS43 KGID 250638
CLIODX


CLIMATE REPORT
NATIONAL WEATHER SERVICE HASTINGS NE
135 AM CDT TUE APR 25 2017


...................................

...THE ORD NE CLIMATE SUMMARY FOR APRIL 24 2017...

CLIMATE NORMAL PERIOD 1981 TO 2010
CLIMATE RECORD PERIOD 1895 TO 2017


WEATHER ITEM   OBSERVED TIME   NORMAL DEPARTURE LAST
                VALUE   (LST)  VALUE  FROM      YEAR
                                      NORMAL
......................................................
TEMPERATURE (F)
 YESTERDAY
  MAXIMUM         69    412 PM  64      5       74
  MINIMUM         48   1159 PM  39      9       52
  AVERAGE         59            52      7       63

PRECIPITATION (IN)
  YESTERDAY        T             0.10  -0.10      T
  MONTH TO DATE    1.67          1.95  -0.28     4.23
  SINCE MAR 1      3.50          3.40   0.10     5.58
  SINCE JAN 1      5.44          4.21   1.23     6.73

DEGREE DAYS
 HEATING
  YESTERDAY        6            14     -8        2
  MONTH TO DATE  298           414   -116      331
  SINCE MAR 1   1027          1260   -233     1012
  SINCE JUL 1   5538          6277   -739     5361

 COOLING
  YESTERDAY        0             0      0        0
  MONTH TO DATE    0             0      0        0
  SINCE MAR 1      0             0      0        0
  SINCE JAN 1      0             0      0        0
......................................................


WIND (MPH)
  HIGHEST WIND SPEED    21   HIGHEST WIND DIRECTION     S (200)
  HIGHEST GUST SPEED    27   HIGHEST GUST DIRECTION     S (170)
  AVERAGE WIND SPEED    10.9


SKY COVER
  AVERAGE SKY COVER 0.0


WEATHER CONDITIONS
 THE FOLLOWING WEATHER WAS RECORDED YESTERDAY.
  THUNDERSTORM


RELATIVE HUMIDITY (PERCENT)
 HIGHEST    71          1100 PM
 LOWEST     37           100 PM
 AVERAGE    54

..........................................................


THE ORD NE CLIMATE NORMALS FOR TODAY
                         NORMAL
 MAXIMUM TEMPERATURE (F)   65
 MINIMUM TEMPERATURE (F)   39


SUNRISE AND SUNSET
APRIL 25 2017.........SUNRISE   640 AM CDT   SUNSET   828 PM CDT
APRIL 26 2017.........SUNRISE   639 AM CDT   SUNSET   829 PM CDT


-  INDICATES NEGATIVE NUMBERS.
R  INDICATES RECORD WAS SET OR TIED.
MM INDICATES DATA IS MISSING.
T  INDICATES TRACE AMOUNT.




$$
