000
CDUS43 KGID 072328
CLIODX


CLIMATE REPORT
NATIONAL WEATHER SERVICE HASTINGS NE
528 PM CST WED DEC 7 2016


...................................

...THE ORD NE CLIMATE SUMMARY FOR DECEMBER 7 2016...
VALID TODAY AS OF 0500 PM LOCAL TIME.

CLIMATE NORMAL PERIOD 1981 TO 2010
CLIMATE RECORD PERIOD 1895 TO 2016


WEATHER ITEM   OBSERVED TIME   NORMAL DEPARTURE LAST
                VALUE   (LST)  VALUE  FROM      YEAR
                                      NORMAL
......................................................
TEMPERATURE (F)
 TODAY
  MAXIMUM         22    257 PM  38    -16       60
  MINIMUM         12    600 AM  15     -3       23
  AVERAGE         17            26     -9       42

PRECIPITATION (IN)
  TODAY            0.00          0.04  -0.04     0.00
  MONTH TO DATE    0.00          0.31  -0.31      T
  SINCE DEC 1      0.00          0.31  -0.31      T
  SINCE JAN 1     30.21         24.66   5.55    22.65

DEGREE DAYS
 HEATING
  TODAY           48            39      9       23
  MONTH TO DATE  249           262    -13      222
  SINCE DEC 1    249           262    -13      222
  SINCE JUL 1   1365          1743   -378     1361

 COOLING
  TODAY            0             0      0        0
  MONTH TO DATE    0             0      0        0
  SINCE DEC 1      0             0      0        0
  SINCE JAN 1    887           845     42      818
......................................................


WIND (MPH)
  HIGHEST WIND SPEED    23   HIGHEST WIND DIRECTION    NW (310)
  HIGHEST GUST SPEED    30   HIGHEST GUST DIRECTION    NW (330)
  AVERAGE WIND SPEED    15.4


SKY COVER
  AVERAGE SKY COVER 0.5


WEATHER CONDITIONS
 THE FOLLOWING WEATHER WAS RECORDED TODAY.
  NO SIGNIFICANT WEATHER WAS OBSERVED.


RELATIVE HUMIDITY (PERCENT)
 HIGHEST    61           200 AM
 LOWEST     39           200 PM
 AVERAGE    50

..........................................................


THE ORD NE CLIMATE NORMALS FOR TOMORROW
                         NORMAL
 MAXIMUM TEMPERATURE (F)   38
 MINIMUM TEMPERATURE (F)   14


SUNRISE AND SUNSET
DECEMBER  7 2016......SUNRISE   749 AM CST   SUNSET   505 PM CST
DECEMBER  8 2016......SUNRISE   750 AM CST   SUNSET   505 PM CST


-  INDICATES NEGATIVE NUMBERS.
R  INDICATES RECORD WAS SET OR TIED.
MM INDICATES DATA IS MISSING.
T  INDICATES TRACE AMOUNT.




$$
