000
CDUS43 KGID 270654
CLIODX


CLIMATE REPORT
NATIONAL WEATHER SERVICE HASTINGS NE
1252 AM CST THU NOV 27 2014


...................................

...THE ORD NE CLIMATE SUMMARY FOR NOVEMBER 26 2014...

CLIMATE NORMAL PERIOD 1981 TO 2010
CLIMATE RECORD PERIOD 1895 TO 2014


WEATHER ITEM   OBSERVED TIME   NORMAL DEPARTURE LAST
                VALUE   (LST)  VALUE  FROM      YEAR
                                      NORMAL
......................................................
TEMPERATURE (F)
 YESTERDAY
  MAXIMUM         37    327 AM  43     -6       32
  MINIMUM         12   1113 PM  19     -7        5
  AVERAGE         25            31     -6       19

PRECIPITATION (IN)
  YESTERDAY        T             0.02  -0.02     0.00
  MONTH TO DATE    0.06          0.96  -0.90     0.50
  SINCE SEP 1      2.88          5.33  -2.45     4.92
  SINCE JAN 1     20.52         24.24  -3.72    24.35

DEGREE DAYS
 HEATING
  YESTERDAY       40            34      6       46
  MONTH TO DATE  892           719    173      763
  SINCE SEP 1   1443          1325    118     1330
  SINCE JUL 1   1462          1339    123     1337

 COOLING
  YESTERDAY        0             0      0        0
  MONTH TO DATE    0             0      0        0
  SINCE SEP 1     57            88    -31      147
  SINCE JAN 1    692           845   -153      907
......................................................


WIND (MPH)
  HIGHEST WIND SPEED    36   HIGHEST WIND DIRECTION    NW (320)
  HIGHEST GUST SPEED    43   HIGHEST GUST DIRECTION    NW (330)
  AVERAGE WIND SPEED    16.1


SKY COVER
  AVERAGE SKY COVER 0.5


WEATHER CONDITIONS
 THE FOLLOWING WEATHER WAS RECORDED YESTERDAY.
  LIGHT SNOW


RELATIVE HUMIDITY (PERCENT)
 HIGHEST    88          1100 PM
 LOWEST     63           200 PM
 AVERAGE    76

..........................................................


THE ORD NE CLIMATE NORMALS FOR TODAY
                         NORMAL
 MAXIMUM TEMPERATURE (F)   43
 MINIMUM TEMPERATURE (F)   19


SUNRISE AND SUNSET
NOVEMBER 27 2014......SUNRISE   739 AM CST   SUNSET   508 PM CST
NOVEMBER 28 2014......SUNRISE   740 AM CST   SUNSET   507 PM CST


-  INDICATES NEGATIVE NUMBERS.
R  INDICATES RECORD WAS SET OR TIED.
MM INDICATES DATA IS MISSING.
T  INDICATES TRACE AMOUNT.




$$
