000
CDUS43 KGID 192332
CLIODX


CLIMATE REPORT
NATIONAL WEATHER SERVICE HASTINGS NE
531 PM CST FRI JAN 19 2018


...................................

...THE ORD NE CLIMATE SUMMARY FOR JANUARY 19 2018...
VALID TODAY AS OF 0500 PM LOCAL TIME.

CLIMATE NORMAL PERIOD 1981 TO 2010
CLIMATE RECORD PERIOD 1895 TO 2018


WEATHER ITEM   OBSERVED TIME   NORMAL DEPARTURE LAST
                VALUE   (LST)  VALUE  FROM      YEAR
                                      NORMAL
......................................................
TEMPERATURE (F)
 TODAY
  MAXIMUM         64    320 PM  37     27       42
  MINIMUM         23    525 AM  12     11       31
  AVERAGE         44            25     19       37

PRECIPITATION (IN)
  TODAY            0.00          0.02  -0.02     0.00
  MONTH TO DATE    0.12          0.20  -0.08     0.67
  SINCE DEC 1      0.55          0.79  -0.24     1.08
  SINCE JAN 1      0.12          0.20  -0.08     0.67

DEGREE DAYS
 HEATING
  TODAY           21            40    -19       28
  MONTH TO DATE  877           773    104      864
  SINCE DEC 1   2099          2016     83     2144
  SINCE JUL 1   3444          3497    -53     3260

 COOLING
  TODAY            0             0      0        0
  MONTH TO DATE    0             0      0        0
  SINCE DEC 1      0             0      0        0
  SINCE JAN 1      0             0      0        0
......................................................


WIND (MPH)
  HIGHEST WIND SPEED    10   HIGHEST WIND DIRECTION     N (350)
  HIGHEST GUST SPEED    14   HIGHEST GUST DIRECTION     N (360)
  AVERAGE WIND SPEED     2.0


SKY COVER
  AVERAGE SKY COVER 0.0


WEATHER CONDITIONS
 THE FOLLOWING WEATHER WAS RECORDED TODAY.
  NO SIGNIFICANT WEATHER WAS OBSERVED.


RELATIVE HUMIDITY (PERCENT)
 HIGHEST    92           400 AM
 LOWEST     25           100 PM
 AVERAGE    59

..........................................................


THE ORD NE CLIMATE NORMALS FOR TOMORROW
                         NORMAL
 MAXIMUM TEMPERATURE (F)   37
 MINIMUM TEMPERATURE (F)   13


SUNRISE AND SUNSET
JANUARY 19 2018.......SUNRISE   758 AM CST   SUNSET   535 PM CST
JANUARY 20 2018.......SUNRISE   757 AM CST   SUNSET   537 PM CST


-  INDICATES NEGATIVE NUMBERS.
R  INDICATES RECORD WAS SET OR TIED.
MM INDICATES DATA IS MISSING.
T  INDICATES TRACE AMOUNT.




$$

Thies
