000
CDUS43 KGID 172223
CLIODX


CLIMATE REPORT
NATIONAL WEATHER SERVICE HASTINGS NE
523 PM CDT WED SEP 17 2014


...................................

...THE ORD NE CLIMATE SUMMARY FOR SEPTEMBER 17 2014...
VALID TODAY AS OF 0500 PM LOCAL TIME.

CLIMATE NORMAL PERIOD 1981 TO 2010
CLIMATE RECORD PERIOD 1895 TO 2014


WEATHER ITEM   OBSERVED TIME   NORMAL DEPARTURE LAST
                VALUE   (LST)  VALUE  FROM      YEAR
                                      NORMAL
......................................................
TEMPERATURE (F)
 TODAY
  MAXIMUM         82    320 PM  78      4       73
  MINIMUM         44    645 AM  48     -4       56
  AVERAGE         63            63      0       65

PRECIPITATION (IN)
  TODAY            0.00          0.08  -0.08     0.00
  MONTH TO DATE    1.13          1.49  -0.36     0.20
  SINCE SEP 1      1.13          1.49  -0.36     0.20
  SINCE JAN 1     18.77         20.40  -1.63    19.63

DEGREE DAYS
 HEATING
  TODAY            2             4     -2        0
  MONTH TO DATE  120            37     83       11
  SINCE SEP 1    120            37     83       11
  SINCE JUL 1    139            51     88       18

 COOLING
  TODAY            0             2     -2        0
  MONTH TO DATE   21            65    -44      121
  SINCE SEP 1     21            65    -44      121
  SINCE JAN 1    656           822   -166      881
......................................................


WIND (MPH)
  HIGHEST WIND SPEED    12   HIGHEST WIND DIRECTION    SE (120)
  HIGHEST GUST SPEED    15   HIGHEST GUST DIRECTION    SE (120)
  AVERAGE WIND SPEED     2.4


SKY COVER
  AVERAGE SKY COVER 0.2


WEATHER CONDITIONS
 THE FOLLOWING WEATHER WAS RECORDED TODAY.
  FOG
  FOG W/VISIBILITY <= 1/4 MILE


RELATIVE HUMIDITY (PERCENT)
 HIGHEST   100          1200 AM
 LOWEST     47           300 PM
 AVERAGE    74

..........................................................


THE ORD NE CLIMATE NORMALS FOR TOMORROW
                         NORMAL
 MAXIMUM TEMPERATURE (F)   78
 MINIMUM TEMPERATURE (F)   48


SUNRISE AND SUNSET
SEPTEMBER 17 2014.....SUNRISE   718 AM CDT   SUNSET   742 PM CDT
SEPTEMBER 18 2014.....SUNRISE   719 AM CDT   SUNSET   740 PM CDT


-  INDICATES NEGATIVE NUMBERS.
R  INDICATES RECORD WAS SET OR TIED.
MM INDICATES DATA IS MISSING.
T  INDICATES TRACE AMOUNT.




$$
