000
CDUS43 KGID 130631
CLIODX


CLIMATE REPORT
NATIONAL WEATHER SERVICE HASTINGS NE
131 AM CDT SUN JUL 13 2014


...................................

...THE ORD NE CLIMATE SUMMARY FOR JULY 12 2014...

CLIMATE NORMAL PERIOD 1981 TO 2010
CLIMATE RECORD PERIOD 1895 TO 2014


WEATHER ITEM   OBSERVED TIME   NORMAL DEPARTURE LAST
                VALUE   (LST)  VALUE  FROM      YEAR
                                      NORMAL
......................................................
TEMPERATURE (F)
 YESTERDAY
  MAXIMUM         80    701 PM  88     -8       95
  MINIMUM         64   1159 PM  61      3       69
  AVERAGE         72            74     -2       82

PRECIPITATION (IN)
  YESTERDAY        0.21          0.08   0.13     0.00
  MONTH TO DATE    1.63          1.04   0.59     1.71
  SINCE JUN 1      9.71          5.16   4.55     3.64
  SINCE JAN 1     11.93         13.82  -1.89    13.78

DEGREE DAYS
 HEATING
  YESTERDAY        0             0      0        0
  MONTH TO DATE    6             0      6        1
  SINCE JUN 1     38            37      1       48
  SINCE JUL 1      6             0      6        1

 COOLING
  YESTERDAY        7            10     -3       17
  MONTH TO DATE   66           107    -41      121
  SINCE JUN 1    212           269    -57      287
  SINCE JAN 1    281           310    -29      334
......................................................


WIND (MPH)
  HIGHEST WIND SPEED    20   HIGHEST WIND DIRECTION     N (340)
  HIGHEST GUST SPEED    28   HIGHEST GUST DIRECTION     N (340)
  AVERAGE WIND SPEED     6.1


SKY COVER
  AVERAGE SKY COVER 0.4


WEATHER CONDITIONS
 THE FOLLOWING WEATHER WAS RECORDED YESTERDAY.
  THUNDERSTORM
  LIGHT RAIN
  FOG


RELATIVE HUMIDITY (PERCENT)
 HIGHEST    93           100 AM
 LOWEST     67           400 PM
 AVERAGE    80

..........................................................


THE ORD NE CLIMATE NORMALS FOR TODAY
                         NORMAL
 MAXIMUM TEMPERATURE (F)   88
 MINIMUM TEMPERATURE (F)   61


SUNRISE AND SUNSET
JULY 13 2014..........SUNRISE   613 AM CDT   SUNSET   910 PM CDT
JULY 14 2014..........SUNRISE   614 AM CDT   SUNSET   909 PM CDT


-  INDICATES NEGATIVE NUMBERS.
R  INDICATES RECORD WAS SET OR TIED.
MM INDICATES DATA IS MISSING.
T  INDICATES TRACE AMOUNT.




$$
