000
CDUS43 KGID 012224
CLIODX


CLIMATE REPORT
NATIONAL WEATHER SERVICE HASTINGS NE
523 PM CDT WED OCT 1 2014


...................................

...THE ORD NE CLIMATE SUMMARY FOR OCTOBER 1 2014...
VALID TODAY AS OF 0500 PM LOCAL TIME.

CLIMATE NORMAL PERIOD 1981 TO 2010
CLIMATE RECORD PERIOD 1895 TO 2014


WEATHER ITEM   OBSERVED TIME   NORMAL DEPARTURE LAST
                VALUE   (LST)  VALUE  FROM      YEAR
                                      NORMAL
......................................................
TEMPERATURE (F)
 TODAY
  MAXIMUM         77    333 PM  71      6       75
  MINIMUM         53    717 AM  42     11       47
  AVERAGE         65            56      9       61

PRECIPITATION (IN)
  TODAY            0.00          0.08  -0.08     0.00
  MONTH TO DATE    0.00          0.08  -0.08     0.00
  SINCE SEP 1      1.68          2.52  -0.84     2.80
  SINCE JAN 1     19.32         21.43  -2.11    22.23

DEGREE DAYS
 HEATING
  TODAY            0            10    -10        4
  MONTH TO DATE    0            10    -10        4
  SINCE SEP 1    137           133      4       49
  SINCE JUL 1    156           147      9       56

 COOLING
  TODAY            0             1     -1        0
  MONTH TO DATE    0             1     -1        0
  SINCE SEP 1     57            82    -25      146
  SINCE JAN 1    692           839   -147      906
......................................................


WIND (MPH)
  HIGHEST WIND SPEED    13   HIGHEST WIND DIRECTION     W (280)
  HIGHEST GUST SPEED    17   HIGHEST GUST DIRECTION     W (280)
  AVERAGE WIND SPEED     5.0


SKY COVER
  AVERAGE SKY COVER 0.4


WEATHER CONDITIONS
 THE FOLLOWING WEATHER WAS RECORDED TODAY.
  FOG


RELATIVE HUMIDITY (PERCENT)
 HIGHEST   100          1200 AM
 LOWEST     38           300 PM
 AVERAGE    69

..........................................................


THE ORD NE CLIMATE NORMALS FOR TOMORROW
                         NORMAL
 MAXIMUM TEMPERATURE (F)   70
 MINIMUM TEMPERATURE (F)   41


SUNRISE AND SUNSET
OCTOBER  1 2014.......SUNRISE   733 AM CDT   SUNSET   717 PM CDT
OCTOBER  2 2014.......SUNRISE   734 AM CDT   SUNSET   716 PM CDT


-  INDICATES NEGATIVE NUMBERS.
R  INDICATES RECORD WAS SET OR TIED.
MM INDICATES DATA IS MISSING.
T  INDICATES TRACE AMOUNT.




$$
