000
CDUS43 KGID 260633
CLIODX


CLIMATE REPORT
NATIONAL WEATHER SERVICE HASTINGS NE
131 AM CDT TUE MAY 26 2015


...................................

...THE ORD NE CLIMATE SUMMARY FOR MAY 25 2015...

CLIMATE NORMAL PERIOD 1981 TO 2010
CLIMATE RECORD PERIOD 1895 TO 2015


WEATHER ITEM   OBSERVED TIME   NORMAL DEPARTURE LAST
                VALUE   (LST)  VALUE  FROM      YEAR
                                      NORMAL
......................................................
TEMPERATURE (F)
 YESTERDAY
  MAXIMUM         74    613 PM  75     -1       84
  MINIMUM         55    102 AM  50      5       58
  AVERAGE         65            62      3       71

PRECIPITATION (IN)
  YESTERDAY        0.01          0.14  -0.13      T
  MONTH TO DATE    2.85          2.93  -0.08     0.49
  SINCE MAR 1      5.59          6.97  -1.38     1.95
  SINCE JAN 1      6.33          7.78  -1.45     2.20

DEGREE DAYS
 HEATING
  YESTERDAY        0             4     -4        0
  MONTH TO DATE  217           195     22      256
  SINCE MAR 1   1366          1531   -165     1702
  SINCE JUL 1   6498          6548    -50     6855

 COOLING
  YESTERDAY        0             2     -2        6
  MONTH TO DATE    5            27    -22       21
  SINCE MAR 1      9            29    -20       22
  SINCE JAN 1      9            29    -20       22
......................................................


WIND (MPH)
  HIGHEST WIND SPEED    18   HIGHEST WIND DIRECTION    SW (210)
  HIGHEST GUST SPEED    23   HIGHEST GUST DIRECTION     S (200)
  AVERAGE WIND SPEED     6.7


SKY COVER
  AVERAGE SKY COVER 0.7


WEATHER CONDITIONS
 THE FOLLOWING WEATHER WAS RECORDED YESTERDAY.
  THUNDERSTORM
  LIGHT RAIN
  FOG
  FOG W/VISIBILITY <= 1/4 MILE


RELATIVE HUMIDITY (PERCENT)
 HIGHEST   100           400 AM
 LOWEST     49           400 PM
 AVERAGE    75

..........................................................


THE ORD NE CLIMATE NORMALS FOR TODAY
                         NORMAL
 MAXIMUM TEMPERATURE (F)   75
 MINIMUM TEMPERATURE (F)   51


SUNRISE AND SUNSET
MAY 26 2015...........SUNRISE   607 AM CDT   SUNSET   859 PM CDT
MAY 27 2015...........SUNRISE   607 AM CDT   SUNSET   859 PM CDT


-  INDICATES NEGATIVE NUMBERS.
R  INDICATES RECORD WAS SET OR TIED.
MM INDICATES DATA IS MISSING.
T  INDICATES TRACE AMOUNT.




$$
