000
CDUS43 KGID 280635
CLIODX


CLIMATE REPORT
NATIONAL WEATHER SERVICE HASTINGS NE
133 AM CDT TUE JUL 28 2015


...................................

...THE ORD NE CLIMATE SUMMARY FOR JULY 27 2015...

CLIMATE NORMAL PERIOD 1981 TO 2010
CLIMATE RECORD PERIOD 1895 TO 2015


WEATHER ITEM   OBSERVED TIME   NORMAL DEPARTURE LAST
                VALUE   (LST)  VALUE  FROM      YEAR
                                      NORMAL
......................................................
TEMPERATURE (F)
 YESTERDAY
  MAXIMUM         90    437 PM  88      2       85
  MINIMUM         70    612 AM  62      8       57
  AVERAGE         80            75      5       71

PRECIPITATION (IN)
  YESTERDAY        0.00          0.12  -0.12     0.00
  MONTH TO DATE    2.16          2.32  -0.16     1.97
  SINCE JUN 1      5.43          6.44  -1.01    10.05
  SINCE JAN 1     11.89         15.10  -3.21    12.27

DEGREE DAYS
 HEATING
  YESTERDAY        0             0      0        0
  MONTH TO DATE    5             0      5       19
  SINCE JUN 1     11            37    -26       51
  SINCE JUL 1      5             0      5       19

 COOLING
  YESTERDAY       15            10      5        6
  MONTH TO DATE  270           257     13      170
  SINCE JUN 1    430           419     11      316
  SINCE JAN 1    439           460    -21      385
......................................................


WIND (MPH)
  HIGHEST WIND SPEED    23   HIGHEST WIND DIRECTION     S (160)
  HIGHEST GUST SPEED    30   HIGHEST GUST DIRECTION    SE (150)
  AVERAGE WIND SPEED    11.0


SKY COVER
  AVERAGE SKY COVER 0.1


WEATHER CONDITIONS
 THE FOLLOWING WEATHER WAS RECORDED YESTERDAY.
  THUNDERSTORM


RELATIVE HUMIDITY (PERCENT)
 HIGHEST    93           200 AM
 LOWEST     46          1200 PM
 AVERAGE    70

..........................................................


THE ORD NE CLIMATE NORMALS FOR TODAY
                         NORMAL
 MAXIMUM TEMPERATURE (F)   88
 MINIMUM TEMPERATURE (F)   62


SUNRISE AND SUNSET
JULY 28 2015..........SUNRISE   626 AM CDT   SUNSET   858 PM CDT
JULY 29 2015..........SUNRISE   627 AM CDT   SUNSET   857 PM CDT


-  INDICATES NEGATIVE NUMBERS.
R  INDICATES RECORD WAS SET OR TIED.
MM INDICATES DATA IS MISSING.
T  INDICATES TRACE AMOUNT.




$$
