000
CDUS43 KGID 220627
CLIODX


CLIMATE REPORT
NATIONAL WEATHER SERVICE HASTINGS NE
126 AM CDT MON MAY 22 2017


...................................

...THE ORD NE CLIMATE SUMMARY FOR MAY 21 2017...

CLIMATE NORMAL PERIOD 1981 TO 2010
CLIMATE RECORD PERIOD 1895 TO 2017


WEATHER ITEM   OBSERVED TIME   NORMAL DEPARTURE LAST
                VALUE   (LST)  VALUE  FROM      YEAR
                                      NORMAL
......................................................
TEMPERATURE (F)
 YESTERDAY
  MAXIMUM         68    448 PM  73     -5       70
  MINIMUM         33    510 AM  49    -16       54
  AVERAGE         51            61    -10       62

PRECIPITATION (IN)
  YESTERDAY        0.00          0.13  -0.13     0.00
  MONTH TO DATE    2.99          2.37   0.62     2.86
  SINCE MAR 1      9.07          6.41   2.66    13.20
  SINCE JAN 1     11.01          7.22   3.79    14.35

DEGREE DAYS
 HEATING
  YESTERDAY       14             5      9        3
  MONTH TO DATE  188           176     12      219
  SINCE MAR 1   1366          1512   -146     1337
  SINCE JUL 1   5877          6529   -652     5686

 COOLING
  YESTERDAY        0             2     -2        0
  MONTH TO DATE   14            19     -5        2
  SINCE MAR 1     14            21     -7        2
  SINCE JAN 1     14            21     -7        2
......................................................


WIND (MPH)
  HIGHEST WIND SPEED    17   HIGHEST WIND DIRECTION    NW (300)
  HIGHEST GUST SPEED    23   HIGHEST GUST DIRECTION     W (280)
  AVERAGE WIND SPEED     8.1


SKY COVER
  AVERAGE SKY COVER 0.1


WEATHER CONDITIONS
 THE FOLLOWING WEATHER WAS RECORDED YESTERDAY.
  NO SIGNIFICANT WEATHER WAS OBSERVED.


RELATIVE HUMIDITY (PERCENT)
 HIGHEST    92          1200 AM
 LOWEST     32           400 PM
 AVERAGE    62

..........................................................


THE ORD NE CLIMATE NORMALS FOR TODAY
                         NORMAL
 MAXIMUM TEMPERATURE (F)   74
 MINIMUM TEMPERATURE (F)   49


SUNRISE AND SUNSET
MAY 22 2017...........SUNRISE   610 AM CDT   SUNSET   856 PM CDT
MAY 23 2017...........SUNRISE   609 AM CDT   SUNSET   856 PM CDT


-  INDICATES NEGATIVE NUMBERS.
R  INDICATES RECORD WAS SET OR TIED.
MM INDICATES DATA IS MISSING.
T  INDICATES TRACE AMOUNT.




$$
