000
CDUS43 KGID 100725
CLIODX


CLIMATE REPORT
NATIONAL WEATHER SERVICE HASTINGS NE
124 AM CST WED FEB 10 2016


...................................

...THE ORD NE CLIMATE SUMMARY FOR FEBRUARY 9 2016...

CLIMATE NORMAL PERIOD 1981 TO 2010
CLIMATE RECORD PERIOD 1895 TO 2016


WEATHER ITEM   OBSERVED TIME   NORMAL DEPARTURE LAST
                VALUE   (LST)  VALUE  FROM      YEAR
                                      NORMAL
......................................................
TEMPERATURE (F)
 YESTERDAY
  MAXIMUM         29   1117 PM  39    -10       39
  MINIMUM         22    439 AM  14      8       24
  AVERAGE         26            26      0       32

PRECIPITATION (IN)
  YESTERDAY        0.00          0.02  -0.02     0.00
  MONTH TO DATE    0.85          0.16   0.69     0.49
  SINCE DEC 1      1.84          1.12   0.72     2.22
  SINCE JAN 1      1.15          0.53   0.62     0.66

DEGREE DAYS
 HEATING
  YESTERDAY       39            39      0       33
  MONTH TO DATE  346           351     -5      349
  SINCE DEC 1   2660          2846   -186     2736
  SINCE JUL 1   3799          4327   -528     4322

 COOLING
  YESTERDAY        0             0      0        0
  MONTH TO DATE    0             0      0        0
  SINCE DEC 1      0             0      0        0
  SINCE JAN 1      0             0      0        0
......................................................


WIND (MPH)
  HIGHEST WIND SPEED    23   HIGHEST WIND DIRECTION     N (340)
  HIGHEST GUST SPEED    26   HIGHEST GUST DIRECTION     N (340)
  AVERAGE WIND SPEED     9.4


SKY COVER
  AVERAGE SKY COVER 0.8


WEATHER CONDITIONS
 THE FOLLOWING WEATHER WAS RECORDED YESTERDAY.
  NO SIGNIFICANT WEATHER WAS OBSERVED.


RELATIVE HUMIDITY (PERCENT)
 HIGHEST    75          1100 PM
 LOWEST     46           100 PM
 AVERAGE    61

..........................................................


THE ORD NE CLIMATE NORMALS FOR TODAY
                         NORMAL
 MAXIMUM TEMPERATURE (F)   39
 MINIMUM TEMPERATURE (F)   14


SUNRISE AND SUNSET
FEBRUARY 10 2016......SUNRISE   738 AM CST   SUNSET   602 PM CST
FEBRUARY 11 2016......SUNRISE   737 AM CST   SUNSET   604 PM CST


-  INDICATES NEGATIVE NUMBERS.
R  INDICATES RECORD WAS SET OR TIED.
MM INDICATES DATA IS MISSING.
T  INDICATES TRACE AMOUNT.




$$
