000
CDUS43 KOAX 290650
CLIOFK


CLIMATE REPORT
NATIONAL WEATHER SERVICE OMAHA NEBRASKA
150 AM CDT FRI MAY 29 2015


...................................

...THE NORFOLK, NEBRASKA CLIMATE SUMMARY FOR MAY 28 2015...

CLIMATE NORMAL PERIOD 1981 TO 2010
CLIMATE RECORD PERIOD 1888 TO 2015


WEATHER ITEM   OBSERVED TIME   RECORD YEAR NORMAL DEPARTURE LAST
                VALUE   (LST)  VALUE       VALUE  FROM      YEAR
                                                  NORMAL
..................................................................
TEMPERATURE (F)
 YESTERDAY
  MAXIMUM         79    144 PM 100    1934  76      3       87
  MINIMUM         62    232 AM  30    1947  53      9       59
  AVERAGE         71                        64      7       73

PRECIPITATION (IN)
  YESTERDAY        0.00          2.73 1929   0.14  -0.14     0.00
  MONTH TO DATE    3.30                      3.50  -0.20     0.93
  SINCE MAR 1      6.06                      7.92  -1.86     4.61
  SINCE JAN 1      6.94                      9.27  -2.33     5.17

SNOWFALL (IN)
  YESTERDAY        0.0                       0.0    0.0      0.0
  MONTH TO DATE    0.0                       0.3   -0.3      0.0
  SINCE JUL 1     20.7                      30.8  -10.1     19.9
  SNOW DEPTH       0

DEGREE DAYS
 HEATING
  YESTERDAY        0                         3     -3        0
  MONTH TO DATE  169                       180    -11      202
  SINCE MAR 1   1223                      1510   -287     1582
  SINCE JUL 1   6269                      6603   -334     6932

 COOLING
  YESTERDAY        6                         3      3        8
  MONTH TO DATE   28                        41    -13       67
  SINCE MAR 1     33                        53    -20       69
  SINCE JAN 1     33                        53    -20       69
..................................................................


WIND (MPH)
  HIGHEST WIND SPEED    23   HIGHEST WIND DIRECTION     S (160)
  HIGHEST GUST SPEED    29   HIGHEST GUST DIRECTION    SE (120)
  AVERAGE WIND SPEED    12.5


SKY COVER
  POSSIBLE SUNSHINE  MM
  AVERAGE SKY COVER 0.3


WEATHER CONDITIONS
 THE FOLLOWING WEATHER WAS RECORDED YESTERDAY.
  NO SIGNIFICANT WEATHER WAS OBSERVED.


RELATIVE HUMIDITY (PERCENT)
 HIGHEST    84           900 PM
 LOWEST     55           100 AM
 AVERAGE    70

..........................................................


THE NORFOLK, NEBRASKA CLIMATE NORMALS FOR TODAY
                         NORMAL    RECORD    YEAR
 MAXIMUM TEMPERATURE (F)   76       106      1934
 MINIMUM TEMPERATURE (F)   53        25      1947


SUNRISE AND SUNSET
MAY 29 2015...........SUNRISE   558 AM CDT   SUNSET   856 PM CDT
MAY 30 2015...........SUNRISE   558 AM CDT   SUNSET   857 PM CDT


-  INDICATES NEGATIVE NUMBERS.
R  INDICATES RECORD WAS SET OR TIED.
MM INDICATES DATA IS MISSING.
T  INDICATES TRACE AMOUNT.




$$
