000
CDUS43 KOAX 240707
CLIOFK


CLIMATE REPORT
NATIONAL WEATHER SERVICE OMAHA NEBRASKA
106 AM CST SAT FEB 24 2018


...................................

...THE NORFOLK, NEBRASKA CLIMATE SUMMARY FOR FEBRUARY 23 2018...

CLIMATE NORMAL PERIOD 1981 TO 2010
CLIMATE RECORD PERIOD 1888 TO 2018


WEATHER ITEM   OBSERVED TIME   RECORD YEAR NORMAL DEPARTURE LAST
                VALUE   (LST)  VALUE       VALUE  FROM      YEAR
                                                  NORMAL
..................................................................
TEMPERATURE (F)
 YESTERDAY
  MAXIMUM         26    346 PM  76    2002  39    -13       41
  MINIMUM         12    958 PM -17    1910  19     -7       28
  AVERAGE         19                        29    -10       35

PRECIPITATION (IN)
  YESTERDAY        0.00          0.92 2000   0.03  -0.03     0.31
  MONTH TO DATE    0.56                      0.60  -0.04     0.76
  SINCE DEC 1      1.95                      1.94   0.01     2.85
  SINCE JAN 1      1.63                      1.19   0.44     2.01

SNOWFALL (IN)
  YESTERDAY        0.0                       0.1   -0.1      3.5
  MONTH TO DATE    5.9                       4.6    1.3      8.5
  SINCE JUL 1     27.3                      21.9    5.4     25.6
  SNOW DEPTH       1

DEGREE DAYS
 HEATING
  YESTERDAY       46                        36     10       30
  MONTH TO DATE 1105                       896    209      669
  SINCE DEC 1   3713                      3473    240     3222
  SINCE JUL 1   5019                      4918    101     4267

 COOLING
  YESTERDAY        0                         0      0        0
  MONTH TO DATE    0                         0      0        0
  SINCE DEC 1      0                         0      0        0
  SINCE JAN 1      0                         0      0        0
..................................................................


WIND (MPH)
  HIGHEST WIND SPEED    18   HIGHEST WIND DIRECTION     N (350)
  HIGHEST GUST SPEED    22   HIGHEST GUST DIRECTION     N (350)
  AVERAGE WIND SPEED     7.9


SKY COVER
  POSSIBLE SUNSHINE  MM
  AVERAGE SKY COVER 0.5


WEATHER CONDITIONS
 THE FOLLOWING WEATHER WAS RECORDED YESTERDAY.
  FOG


RELATIVE HUMIDITY (PERCENT)
 HIGHEST   100           100 AM
 LOWEST     74           200 PM
 AVERAGE    87

..........................................................


THE NORFOLK, NEBRASKA CLIMATE NORMALS FOR TODAY
                         NORMAL    RECORD    YEAR
 MAXIMUM TEMPERATURE (F)   40        70      1981
 MINIMUM TEMPERATURE (F)   19       -17      1965


SUNRISE AND SUNSET
FEBRUARY 24 2018......SUNRISE   712 AM CST   SUNSET   614 PM CST
FEBRUARY 25 2018......SUNRISE   711 AM CST   SUNSET   615 PM CST


-  INDICATES NEGATIVE NUMBERS.
R  INDICATES RECORD WAS SET OR TIED.
MM INDICATES DATA IS MISSING.
T  INDICATES TRACE AMOUNT.




$$
