000
CDUS43 KOAX 290626
CLIOFK


CLIMATE REPORT
NATIONAL WEATHER SERVICE OMAHA NEBRASKA
123 AM CDT THU SEP 29 2016


...................................

...THE NORFOLK, NEBRASKA CLIMATE SUMMARY FOR SEPTEMBER 28 2016...

CLIMATE NORMAL PERIOD 1981 TO 2010
CLIMATE RECORD PERIOD 1888 TO 2016


WEATHER ITEM   OBSERVED TIME   RECORD YEAR NORMAL DEPARTURE LAST
                VALUE   (LST)  VALUE       VALUE  FROM      YEAR
                                                  NORMAL
..................................................................
TEMPERATURE (F)
 YESTERDAY
  MAXIMUM         68    311 PM  90    2011  72     -4       81
                                      1922
  MINIMUM         41   1133 PM  24    1942  45     -4       56
  AVERAGE         55                        58     -3       69

PRECIPITATION (IN)
  YESTERDAY        0.00          1.82 1923   0.09  -0.09     0.48
  MONTH TO DATE    2.04                      2.52  -0.48     2.77
  SINCE SEP 1      2.04                      2.52  -0.48     2.77
  SINCE JAN 1     26.91                     23.05   3.86    22.16

SNOWFALL (IN)
  YESTERDAY        0.0                       0.0    0.0      0.0
  MONTH TO DATE    0.0                       0.0    0.0      0.0
  SINCE JUL 1      0.0                       0.0    0.0      0.0
  SNOW DEPTH       0

DEGREE DAYS
 HEATING
  YESTERDAY       10                         8      2        0
  MONTH TO DATE   50                       110    -60       29
  SINCE SEP 1     50                       110    -60       29
  SINCE JUL 1     63                       126    -63       53

 COOLING
  YESTERDAY        0                         1     -1        4
  MONTH TO DATE  116                        89     27      166
  SINCE SEP 1    116                        89     27      166
  SINCE JAN 1    959                       905     54      892
..................................................................


WIND (MPH)
  HIGHEST WIND SPEED    15   HIGHEST WIND DIRECTION    NE (050)
  HIGHEST GUST SPEED    23   HIGHEST GUST DIRECTION     N (020)
  AVERAGE WIND SPEED     7.8


SKY COVER
  POSSIBLE SUNSHINE  MM
  AVERAGE SKY COVER 0.0


WEATHER CONDITIONS
 THE FOLLOWING WEATHER WAS RECORDED YESTERDAY.
  FOG
  HAZE


RELATIVE HUMIDITY (PERCENT)
 HIGHEST    86          1100 PM
 LOWEST     40           300 PM
 AVERAGE    63

..........................................................


THE NORFOLK, NEBRASKA CLIMATE NORMALS FOR TODAY
                         NORMAL    RECORD    YEAR
 MAXIMUM TEMPERATURE (F)   71        92      1991
 MINIMUM TEMPERATURE (F)   45        20      1899


SUNRISE AND SUNSET
SEPTEMBER 29 2016.....SUNRISE   725 AM CDT   SUNSET   714 PM CDT
SEPTEMBER 30 2016.....SUNRISE   726 AM CDT   SUNSET   712 PM CDT


-  INDICATES NEGATIVE NUMBERS.
R  INDICATES RECORD WAS SET OR TIED.
MM INDICATES DATA IS MISSING.
T  INDICATES TRACE AMOUNT.


$$

BCM
