000
CDUS43 KOAX 040631
CLIOFK


CLIMATE REPORT
NATIONAL WEATHER SERVICE OMAHA NEBRASKA
131 AM CDT SAT JUL 4 2015


...................................

...THE NORFOLK, NEBRASKA CLIMATE SUMMARY FOR JULY 3 2015...

CLIMATE NORMAL PERIOD 1981 TO 2010
CLIMATE RECORD PERIOD 1888 TO 2015


WEATHER ITEM   OBSERVED TIME   RECORD YEAR NORMAL DEPARTURE LAST
                VALUE   (LST)  VALUE       VALUE  FROM      YEAR
                                                  NORMAL
..................................................................
TEMPERATURE (F)
 YESTERDAY
  MAXIMUM         78    535 PM 111    1936  86     -8       79
  MINIMUM         62    120 AM  45    1908  63     -1       50
  AVERAGE         70                        74     -4       65

PRECIPITATION (IN)
  YESTERDAY        0.00          3.18 1903   0.12  -0.12     0.00
  MONTH TO DATE    1.07                      0.36   0.71     0.00
  SINCE JUN 1      5.67                      4.62   1.05    11.39
  SINCE JAN 1     12.63                     14.32  -1.69    16.88

SNOWFALL (IN)
  YESTERDAY        0.0                       0.0    0.0      0.0
  MONTH TO DATE    0.0                       0.0    0.0      0.0
  SINCE JUL 1      0.0                       0.0    0.0      0.0
  SNOW DEPTH       0

DEGREE DAYS
 HEATING
  YESTERDAY        0                         0      0        0
  MONTH TO DATE    0                         0      0        3
  SINCE JUN 1      3                        30    -27       28
  SINCE JUL 1      0                         0      0        3

 COOLING
  YESTERDAY        5                        10     -5        0
  MONTH TO DATE   13                        28    -15        1
  SINCE JUN 1    199                       214    -15      195
  SINCE JAN 1    232                       275    -43      292
..................................................................


WIND (MPH)
  HIGHEST WIND SPEED     9   HIGHEST WIND DIRECTION     S (190)
  HIGHEST GUST SPEED     9   HIGHEST GUST DIRECTION     S (190)
  AVERAGE WIND SPEED     2.6


SKY COVER
  POSSIBLE SUNSHINE  MM
  AVERAGE SKY COVER 0.7


WEATHER CONDITIONS
 THE FOLLOWING WEATHER WAS RECORDED YESTERDAY.
  FOG
  HAZE


RELATIVE HUMIDITY (PERCENT)
 HIGHEST   100           100 AM
 LOWEST     60           300 PM
 AVERAGE    80

..........................................................


THE NORFOLK, NEBRASKA CLIMATE NORMALS FOR TODAY
                         NORMAL    RECORD    YEAR
 MAXIMUM TEMPERATURE (F)   86       111      1936
 MINIMUM TEMPERATURE (F)   63        45      1915


SUNRISE AND SUNSET
JULY  4 2015..........SUNRISE   600 AM CDT   SUNSET   908 PM CDT
JULY  5 2015..........SUNRISE   600 AM CDT   SUNSET   908 PM CDT


-  INDICATES NEGATIVE NUMBERS.
R  INDICATES RECORD WAS SET OR TIED.
MM INDICATES DATA IS MISSING.
T  INDICATES TRACE AMOUNT.




$$
