000
CDUS43 KOAX 300625
CLIOFK


CLIMATE REPORT
NATIONAL WEATHER SERVICE OMAHA NEBRASKA
123 AM CDT TUE MAY 30 2017


...................................

...THE NORFOLK, NEBRASKA CLIMATE SUMMARY FOR MAY 29 2017...

CLIMATE NORMAL PERIOD 1981 TO 2010
CLIMATE RECORD PERIOD 1888 TO 2017


WEATHER ITEM   OBSERVED TIME   RECORD YEAR NORMAL DEPARTURE LAST
                VALUE   (LST)  VALUE       VALUE  FROM      YEAR
                                                  NORMAL
..................................................................
TEMPERATURE (F)
 YESTERDAY
  MAXIMUM         72    348 PM 106    1934  76     -4       81
  MINIMUM         45   1100 PM  25    1947  53     -8       53
  AVERAGE         59                        65     -6       67

PRECIPITATION (IN)
  YESTERDAY        0.00          1.74 1903   0.14  -0.14     0.00
  MONTH TO DATE    4.33                      3.64   0.69     6.04
  SINCE MAR 1      9.37                      8.06   1.31    13.66
  SINCE JAN 1     11.61                      9.41   2.20    15.81

SNOWFALL (IN)
  YESTERDAY        0.0                       0.0    0.0      0.0
  MONTH TO DATE    1.5                       0.3    1.2      0.0
  SINCE JUL 1     32.2                      30.8    1.4     53.0
  SNOW DEPTH       0

DEGREE DAYS
 HEATING
  YESTERDAY        6                         3      3        0
  MONTH TO DATE  204                       183     21      193
  SINCE MAR 1   1428                      1513    -85     1275
  SINCE JUL 1   5883                      6606   -723     5576

 COOLING
  YESTERDAY        0                         3     -3        2
  MONTH TO DATE   28                        44    -16       30
  SINCE MAR 1     28                        56    -28       30
  SINCE JAN 1     28                        56    -28       30
..................................................................


WIND (MPH)
  HIGHEST WIND SPEED    28   HIGHEST WIND DIRECTION    NW (330)
  HIGHEST GUST SPEED    36   HIGHEST GUST DIRECTION    NW (320)
  AVERAGE WIND SPEED    11.7


SKY COVER
  POSSIBLE SUNSHINE  MM
  AVERAGE SKY COVER 0.1


WEATHER CONDITIONS
 THE FOLLOWING WEATHER WAS RECORDED YESTERDAY.
  NO SIGNIFICANT WEATHER WAS OBSERVED.


RELATIVE HUMIDITY (PERCENT)
 HIGHEST    92          1100 PM
 LOWEST     31           100 PM
 AVERAGE    62

..........................................................


THE NORFOLK, NEBRASKA CLIMATE NORMALS FOR TODAY
                         NORMAL    RECORD    YEAR
 MAXIMUM TEMPERATURE (F)   77       105      1934
 MINIMUM TEMPERATURE (F)   53        35      1947
                                             1897


SUNRISE AND SUNSET
MAY 30 2017...........SUNRISE   558 AM CDT   SUNSET   857 PM CDT
MAY 31 2017...........SUNRISE   557 AM CDT   SUNSET   858 PM CDT


-  INDICATES NEGATIVE NUMBERS.
R  INDICATES RECORD WAS SET OR TIED.
MM INDICATES DATA IS MISSING.
T  INDICATES TRACE AMOUNT.


$$

BCM
