000
CDUS43 KOAX 302200
CLIOFK


CLIMATE REPORT
NATIONAL WEATHER SERVICE OMAHA NEBRASKA
458 PM CDT THU JUL 30 2015


...................................

...THE NORFOLK, NEBRASKA CLIMATE SUMMARY FOR JULY 30 2015...
VALID TODAY AS OF 0400 PM LOCAL TIME.

CLIMATE NORMAL PERIOD 1981 TO 2010
CLIMATE RECORD PERIOD 1888 TO 2015


WEATHER ITEM   OBSERVED TIME   RECORD YEAR NORMAL DEPARTURE LAST
                VALUE   (LST)  VALUE       VALUE  FROM      YEAR
                                                  NORMAL
..................................................................
TEMPERATURE (F)
 TODAY
  MAXIMUM         88    259 PM 104    1935  86      2       82
  MINIMUM         55    519 AM  42    1971  64     -9       52
  AVERAGE         72                        75     -3       67

PRECIPITATION (IN)
  TODAY            0.00          2.44 1958   0.10  -0.10     0.00
  MONTH TO DATE    5.14                      3.22   1.92     1.13
  SINCE JUN 1      9.74                      7.48   2.26    12.52
  SINCE JAN 1     16.70                     17.18  -0.48    18.01

SNOWFALL (IN)
  TODAY            0.0                       0.0    0.0      0.0
  MONTH TO DATE    0.0                       0.0    0.0      0.0
  SINCE JUL 1      0.0                       0.0    0.0      0.0
  SNOW DEPTH       0

DEGREE DAYS
 HEATING
  TODAY            0                         0      0        0
  MONTH TO DATE    4                         0      4       12
  SINCE JUN 1      7                        30    -23       37
  SINCE JUL 1      4                         0      4       12

 COOLING
  TODAY            7                        10     -3        2
  MONTH TO DATE  292                       298     -6      190
  SINCE JUN 1    478                       484     -6      384
  SINCE JAN 1    511                       545    -34      481
..................................................................


WIND (MPH)
  HIGHEST WIND SPEED    17   HIGHEST WIND DIRECTION    SW (220)
  HIGHEST GUST SPEED    21   HIGHEST GUST DIRECTION    SW (220)
  AVERAGE WIND SPEED     6.5


SKY COVER
  POSSIBLE SUNSHINE  MM
  AVERAGE SKY COVER 0.0


WEATHER CONDITIONS
 THE FOLLOWING WEATHER WAS RECORDED TODAY.
  HAZE


RELATIVE HUMIDITY (PERCENT)
 HIGHEST    86           500 AM
 LOWEST     35          1200 PM
 AVERAGE    61

..........................................................


THE NORFOLK, NEBRASKA CLIMATE NORMALS FOR TOMORROW
                         NORMAL    RECORD    YEAR
 MAXIMUM TEMPERATURE (F)   86       105      1955
 MINIMUM TEMPERATURE (F)   64        48      2009
                                             1904
                                             1893


SUNRISE AND SUNSET
JULY 30 2015..........SUNRISE   621 AM CDT   SUNSET   851 PM CDT
JULY 31 2015..........SUNRISE   622 AM CDT   SUNSET   850 PM CDT


-  INDICATES NEGATIVE NUMBERS.
R  INDICATES RECORD WAS SET OR TIED.
MM INDICATES DATA IS MISSING.
T  INDICATES TRACE AMOUNT.




$$
