000
CDUS43 KOAX 190641
CLIOFK


CLIMATE REPORT
NATIONAL WEATHER SERVICE OMAHA NEBRASKA
1240 AM CST FRI DEC 19 2014


...................................

...THE NORFOLK, NEBRASKA CLIMATE SUMMARY FOR DECEMBER 18 2014...

CLIMATE NORMAL PERIOD 1981 TO 2010
CLIMATE RECORD PERIOD 1888 TO 2014


WEATHER ITEM   OBSERVED TIME   RECORD YEAR NORMAL DEPARTURE LAST
                VALUE   (LST)  VALUE       VALUE  FROM      YEAR
                                                  NORMAL
..................................................................
TEMPERATURE (F)
 YESTERDAY
  MAXIMUM         30   1159 PM  69    1979  33     -3       56
  MINIMUM         24    618 AM -19    1983  14     10       27
  AVERAGE         27                        23      4       42

PRECIPITATION (IN)
  YESTERDAY        0.03          0.52 2008   0.02   0.01     0.00
  MONTH TO DATE    0.65                      0.48   0.17     0.13
  SINCE DEC 1      0.65                      0.48   0.17     0.13
  SINCE JAN 1     29.16                     27.14   2.02    24.92

SNOWFALL (IN)
  YESTERDAY        0.4                       0.2    0.2      0.0
  MONTH TO DATE    0.4                       3.6   -3.2      2.1
  SINCE JUL 1      4.1                       8.5   -4.4      3.0
  SNOW DEPTH       T

DEGREE DAYS
 HEATING
  YESTERDAY       38                        42     -4       23
  MONTH TO DATE  594                       712   -118      800
  SINCE DEC 1    594                       712   -118      800
  SINCE JUL 1   2087                      2157    -70     2186

 COOLING
  YESTERDAY        0                         0      0        0
  MONTH TO DATE    0                         0      0        0
  SINCE DEC 1      0                         0      0        0
  SINCE JAN 1    812                       915   -103     1005
..................................................................


WIND (MPH)
  HIGHEST WIND SPEED    10   HIGHEST WIND DIRECTION     S (200)
  HIGHEST GUST SPEED    12   HIGHEST GUST DIRECTION     S (190)
  AVERAGE WIND SPEED     5.3


SKY COVER
  POSSIBLE SUNSHINE  MM
  AVERAGE SKY COVER 1.0


WEATHER CONDITIONS
 THE FOLLOWING WEATHER WAS RECORDED YESTERDAY.
  LIGHT SNOW
  FOG


RELATIVE HUMIDITY (PERCENT)
 HIGHEST    88           500 AM
 LOWEST     74          1200 AM
 AVERAGE    81

..........................................................


THE NORFOLK, NEBRASKA CLIMATE NORMALS FOR TODAY
                         NORMAL    RECORD    YEAR
 MAXIMUM TEMPERATURE (F)   33        55      1966
                                             1943
                                             1941
 MINIMUM TEMPERATURE (F)   14       -24      1989


SUNRISE AND SUNSET
DECEMBER 19 2014......SUNRISE   753 AM CST   SUNSET   501 PM CST
DECEMBER 20 2014......SUNRISE   754 AM CST   SUNSET   501 PM CST


-  INDICATES NEGATIVE NUMBERS.
R  INDICATES RECORD WAS SET OR TIED.
MM INDICATES DATA IS MISSING.
T  INDICATES TRACE AMOUNT.




$$
