000
CDUS42 KCAE 270556
CLIOGB


CLIMATE REPORT
NATIONAL WEATHER SERVICE COLUMBIA SC
1256 AM EST THU NOV 27 2014


...................................

...THE ORANGEBURG AIRPORT SC CLIMATE SUMMARY FOR NOVEMBER 26 2014...

CLIMATE NORMAL PERIOD 1981 TO 2010
CLIMATE RECORD PERIOD 9999 TO 9999


WEATHER ITEM   OBSERVED TIME   RECORD YEAR NORMAL DEPARTURE LAST
                VALUE   (LST)  VALUE       VALUE  FROM      YEAR
                                                  NORMAL
..................................................................
TEMPERATURE (F)
 YESTERDAY
  MAXIMUM         59    233 PM  MM      MM  65     -6       70
  MINIMUM         40   1159 PM  MM      MM  41     -1       42
  AVERAGE         50                        53     -3       56

PRECIPITATION (IN)
  YESTERDAY        0.60         MM      MM   0.11   0.49     0.56
  MONTH TO DATE    3.23                      2.51   0.72     1.35
  SINCE SEP 1      8.79                      9.69  -0.90     3.41
  SINCE JAN 1     43.81                     43.00   0.81    50.72

DEGREE DAYS
 HEATING
  YESTERDAY       15                        12      3        9
  MONTH TO DATE  333                       227    106      254
  SINCE SEP 1    397                       317     80      313
  SINCE JUL 1    397                       317     80      313

 COOLING
  YESTERDAY        0                         0      0        0
  MONTH TO DATE    7                        12     -5       19
  SINCE SEP 1    459                       406     53      450
  SINCE JAN 1   2250                      2099    151     2042
..................................................................


WIND (MPH)
  HIGHEST WIND SPEED    17   HIGHEST WIND DIRECTION     N (340)
  HIGHEST GUST SPEED    28   HIGHEST GUST DIRECTION     N (340)
  AVERAGE WIND SPEED     6.6


SKY COVER
  AVERAGE SKY COVER 0.7


WEATHER CONDITIONS
 THE FOLLOWING WEATHER WAS RECORDED YESTERDAY.
  HEAVY RAIN
  RAIN
  LIGHT RAIN
  FOG


RELATIVE HUMIDITY (PERCENT)
 HIGHEST    93          1200 AM
 LOWEST     57           400 PM

..........................................................


THE ORANGEBURG AIRPORT SC CLIMATE NORMALS FOR TODAY
                         NORMAL    RECORD    YEAR
 MAXIMUM TEMPERATURE (F)   65        MM        MM
 MINIMUM TEMPERATURE (F)   41        MM        MM


SUNRISE AND SUNSET
NOVEMBER 27 2014......SUNRISE   706 AM EST   SUNSET   516 PM EST
NOVEMBER 28 2014......SUNRISE   707 AM EST   SUNSET   516 PM EST


-  INDICATES NEGATIVE NUMBERS.
R  INDICATES RECORD WAS SET OR TIED.
MM INDICATES DATA IS MISSING.
T  INDICATES TRACE AMOUNT.




$$
