056
CDUS42 KCAE 102222
CLIOGB


CLIMATE REPORT
NATIONAL WEATHER SERVICE COLUMBIA SC
520 PM EST WED FEB 10 2016


...................................

...THE ORANGEBURG AIRPORT SC CLIMATE SUMMARY FOR FEBRUARY 10 2016...
VALID TODAY AS OF 0500 PM LOCAL TIME.

CLIMATE NORMAL PERIOD 1981 TO 2010
CLIMATE RECORD PERIOD 9999 TO 9999


WEATHER ITEM   OBSERVED TIME   NORMAL DEPARTURE LAST
                VALUE   (LST)  VALUE  FROM      YEAR
                                      NORMAL
......................................................
TEMPERATURE (F)
 TODAY
  MAXIMUM         41    328 PM  60    -19       57
  MINIMUM         28    750 AM  37     -9       40
  AVERAGE         35            49    -14       49

PRECIPITATION (IN)
  TODAY            0.00          0.11  -0.11     0.02
  MONTH TO DATE    3.81          1.01   2.80     0.78
  SINCE DEC 1     10.69          8.31   2.38     7.03
  SINCE JAN 1      5.90          4.99   0.91     3.60

DEGREE DAYS
 HEATING
  TODAY           30            16     14       16
  MONTH TO DATE  154           172    -18      174
  SINCE DEC 1    909          1300   -391     1186
  SINCE JUL 1   1130          1669   -539     1658

 COOLING
  TODAY            0             0      0        0
  MONTH TO DATE    5             0      5        0
  SINCE DEC 1     74             5     69        0
  SINCE JAN 1      5             1      4        0
......................................................


WIND (MPH)
  HIGHEST WIND SPEED    26   HIGHEST WIND DIRECTION     W (280)
  HIGHEST GUST SPEED    33   HIGHEST GUST DIRECTION     W (280)
  AVERAGE WIND SPEED    13.3


SKY COVER
  AVERAGE SKY COVER 0.1


WEATHER CONDITIONS
 THE FOLLOWING WEATHER WAS RECORDED TODAY.
  NO SIGNIFICANT WEATHER WAS OBSERVED.


RELATIVE HUMIDITY (PERCENT)
 HIGHEST    58           200 AM
 LOWEST     25           400 PM

..........................................................


THE ORANGEBURG AIRPORT SC CLIMATE NORMALS FOR TOMORROW
                         NORMAL
 MAXIMUM TEMPERATURE (F)   60
 MINIMUM TEMPERATURE (F)   38


SUNRISE AND SUNSET
FEBRUARY 10 2016......SUNRISE   713 AM EST   SUNSET   603 PM EST
FEBRUARY 11 2016......SUNRISE   712 AM EST   SUNSET   604 PM EST


-  INDICATES NEGATIVE NUMBERS.
R  INDICATES RECORD WAS SET OR TIED.
MM INDICATES DATA IS MISSING.
T  INDICATES TRACE AMOUNT.




$$
