000
CDUS42 KCAE 280535
CLIOGB


CLIMATE REPORT
NATIONAL WEATHER SERVICE COLUMBIA SC
134 AM EDT FRI APR 28 2017


...................................

...THE ORANGEBURG AIRPORT SC CLIMATE SUMMARY FOR APRIL 27 2017...

CLIMATE NORMAL PERIOD 1981 TO 2010
CLIMATE RECORD PERIOD 9999 TO 9999


WEATHER ITEM   OBSERVED TIME   NORMAL DEPARTURE LAST
                VALUE   (LST)  VALUE  FROM      YEAR
                                      NORMAL
......................................................
TEMPERATURE (F)
 YESTERDAY
  MAXIMUM         83    305 PM  79      4       88
  MINIMUM         59    612 AM  53      6       60
  AVERAGE         71            66      5       74

PRECIPITATION (IN)
  YESTERDAY        0.00          0.06  -0.06     0.01
  MONTH TO DATE    5.50          2.65   2.85     2.58
  SINCE MAR 1      7.26          6.63   0.63     4.93
  SINCE JAN 1     13.91         14.20  -0.29    12.10

DEGREE DAYS
 HEATING
  YESTERDAY        0             2     -2        0
  MONTH TO DATE   37           104    -67       79
  SINCE MAR 1    309           381    -72      220
  SINCE JUL 1   1618          2313   -695     1621

 COOLING
  YESTERDAY        6             3      3        9
  MONTH TO DATE   97            54     43       57
  SINCE MAR 1    143            71     72      125
  SINCE JAN 1    169            74     95      131
......................................................


WIND (MPH)
  HIGHEST WIND SPEED    17   HIGHEST WIND DIRECTION     S (200)
  HIGHEST GUST SPEED    23   HIGHEST GUST DIRECTION     S (180)
  AVERAGE WIND SPEED     7.3


SKY COVER
  AVERAGE SKY COVER 0.3


WEATHER CONDITIONS
 THE FOLLOWING WEATHER WAS RECORDED YESTERDAY.
  FOG


RELATIVE HUMIDITY (PERCENT)
 HIGHEST   100           300 AM
 LOWEST     58           100 PM

..........................................................


THE ORANGEBURG AIRPORT SC CLIMATE NORMALS FOR TODAY
                         NORMAL    RECORD    YEAR
 MAXIMUM TEMPERATURE (F)   80        MM        MM
 MINIMUM TEMPERATURE (F)   53        MM        MM


SUNRISE AND SUNSET
APRIL 28 2017.........SUNRISE   638 AM EDT   SUNSET   804 PM EDT
APRIL 29 2017.........SUNRISE   637 AM EDT   SUNSET   805 PM EDT


-  INDICATES NEGATIVE NUMBERS.
R  INDICATES RECORD WAS SET OR TIED.
MM INDICATES DATA IS MISSING.
T  INDICATES TRACE AMOUNT.




$$
