000
CDHW42 PHFO 051245
CLIOGG


CLIMATE REPORT
NATIONAL WEATHER SERVICE HONOLULU HI
245 AM HST THU MAR 5 2015


...................................

...THE KAHULUI HI CLIMATE SUMMARY FOR MARCH 4 2015...

CLIMATE NORMAL PERIOD 1981 TO 2010
CLIMATE RECORD PERIOD 1946 TO 2015


WEATHER ITEM   OBSERVED TIME   RECORD YEAR NORMAL DEPARTURE LAST
                VALUE   (LST)  VALUE       VALUE  FROM      YEAR
                                                  NORMAL
..................................................................
TEMPERATURE (F)
 YESTERDAY
  MAXIMUM         74    214 AM  88    1952  81     -7       80
  MINIMUM         68    859 PM  55    2003  64      4       59
                                      1970
  AVERAGE         71                        72     -1       70

PRECIPITATION (IN)
  YESTERDAY        1.88          2.50 1989   0.08   1.80     0.00
  MONTH TO DATE    4.61                      0.28   4.33     0.94
  SINCE MAR 1      4.61                      0.28   4.33     0.94
  SINCE JAN 1      8.92                      5.04   3.88     7.59

SNOWFALL (IN)
  YESTERDAY        0.0
  MONTH TO DATE    0.0
  SINCE MAR 1      0.0
  SINCE JUL 1      0.0
  SNOW DEPTH       0

DEGREE DAYS
 HEATING
  YESTERDAY        0                         0      0        0
  MONTH TO DATE    0                         0      0        0
  SINCE MAR 1      0                         0      0        0
  SINCE JUL 1      0                         0      0        0

 COOLING
  YESTERDAY        6                         7     -1        5
  MONTH TO DATE   42                        28     14       29
  SINCE MAR 1     42                        28     14       29
  SINCE JAN 1    446                       437      9      540
..................................................................


WIND (MPH)
  HIGHEST WIND SPEED    20   HIGHEST WIND DIRECTION    NE (30)
  HIGHEST GUST SPEED    23   HIGHEST GUST DIRECTION    NE (40)
  AVERAGE WIND SPEED     9.2


SKY COVER
  POSSIBLE SUNSHINE  MM
  AVERAGE SKY COVER 0.9


WEATHER CONDITIONS
 THE FOLLOWING WEATHER WAS RECORDED YESTERDAY.
  HEAVY RAIN
  RAIN
  LIGHT RAIN
  FOG


RELATIVE HUMIDITY (PERCENT)
 HIGHEST    93           300 AM
 LOWEST     68           400 PM
 AVERAGE    81

..........................................................


THE KAHULUI HI CLIMATE NORMALS FOR TODAY
                         NORMAL    RECORD    YEAR
 MAXIMUM TEMPERATURE (F)   81        89      1994
 MINIMUM TEMPERATURE (F)   64        53      1950


SUNRISE AND SUNSET
MARCH  5 2015.........SUNRISE   643 AM HST   SUNSET   632 PM HST
MARCH  6 2015.........SUNRISE   642 AM HST   SUNSET   632 PM HST


-  INDICATES NEGATIVE NUMBERS.
R  INDICATES RECORD WAS SET OR TIED.
MM INDICATES DATA IS MISSING.
T  INDICATES TRACE AMOUNT.




$$
