000
CDHW42 PHFO 290237
CLIOGG


CLIMATE REPORT
NATIONAL WEATHER SERVICE HONOLULU HI
437 PM HST WED JAN 28 2015


...................................

...THE KAHULUI HI CLIMATE SUMMARY FOR JANUARY 28 2015...
VALID TODAY AS OF 0400 PM LOCAL TIME.

CLIMATE NORMAL PERIOD 1981 TO 2010
CLIMATE RECORD PERIOD 1946 TO 2015


WEATHER ITEM   OBSERVED TIME   RECORD YEAR NORMAL DEPARTURE LAST
                VALUE   (LST)  VALUE       VALUE  FROM      YEAR
                                                  NORMAL
..................................................................
TEMPERATURE (F)
 TODAY
  MAXIMUM         83    115 PM  89    1981  81      2       72
  MINIMUM         61    433 AM  54    1975  63     -2       66
  AVERAGE         72                        72      0       69

PRECIPITATION (IN)
  TODAY            0.00          4.06 1971   0.09  -0.09     1.06
  MONTH TO DATE    1.12                      2.62  -1.50     3.29
  SINCE DEC 1      5.36                      5.97  -0.61     5.33
  SINCE JAN 1      1.12                      2.62  -1.50     3.29

SNOWFALL (IN)
  TODAY            0.0
  MONTH TO DATE    0.0
  SINCE DEC 1      0.0
  SINCE JUL 1      0.0
  SNOW DEPTH       0

DEGREE DAYS
 HEATING
  TODAY            0                         0      0        0
  MONTH TO DATE    0                         0      0        0
  SINCE DEC 1      0                         0      0        0
  SINCE JUL 1      0                         0      0        0

 COOLING
  TODAY            7                         7      0        4
  MONTH TO DATE  157                       196    -39      212
  SINCE DEC 1    417                       455    -38      520
  SINCE JAN 1    157                       196    -39      212
..................................................................


WIND (MPH)
  HIGHEST WIND SPEED    10   HIGHEST WIND DIRECTION     N (360)
  HIGHEST GUST SPEED    17   HIGHEST GUST DIRECTION     N (10)
  AVERAGE WIND SPEED     4.3


SKY COVER
  POSSIBLE SUNSHINE  MM
  AVERAGE SKY COVER 0.4


WEATHER CONDITIONS
 THE FOLLOWING WEATHER WAS RECORDED TODAY.
  NO SIGNIFICANT WEATHER WAS OBSERVED.


RELATIVE HUMIDITY (PERCENT)
 HIGHEST    93           100 AM
 LOWEST     43           100 PM
 AVERAGE    68

..........................................................


THE KAHULUI HI CLIMATE NORMALS FOR TOMORROW
                         NORMAL    RECORD    YEAR
 MAXIMUM TEMPERATURE (F)   81        87      1951
 MINIMUM TEMPERATURE (F)   63        53      1994


SUNRISE AND SUNSET
JANUARY 28 2015.......SUNRISE   704 AM HST   SUNSET   614 PM HST
JANUARY 29 2015.......SUNRISE   703 AM HST   SUNSET   615 PM HST


-  INDICATES NEGATIVE NUMBERS.
R  INDICATES RECORD WAS SET OR TIED.
MM INDICATES DATA IS MISSING.
T  INDICATES TRACE AMOUNT.




$$
