000
CDHW42 PHFO 221245
CLIOGG


CLIMATE REPORT
NATIONAL WEATHER SERVICE HONOLULU HI
245 AM HST WED NOV 22 2017


...................................

...THE KAHULUI HI CLIMATE SUMMARY FOR NOVEMBER 21 2017...

CLIMATE NORMAL PERIOD 1981 TO 2010
CLIMATE RECORD PERIOD 1946 TO 2017


WEATHER ITEM   OBSERVED TIME   RECORD YEAR NORMAL DEPARTURE LAST
                VALUE   (LST)  VALUE       VALUE  FROM      YEAR
                                                  NORMAL
..................................................................
TEMPERATURE (F)
 YESTERDAY
  MAXIMUM         82   1252 PM  92    2011  84     -2       84
  MINIMUM         62   1158 PM  56    1953  68     -6       68
  AVERAGE         72                        76     -4       76

PRECIPITATION (IN)
  YESTERDAY        T             1.90 1957   0.08  -0.08     0.00
  MONTH TO DATE    0.16                      1.38  -1.22     0.12
  SINCE SEP 1      2.15                      2.96  -0.81     2.01
  SINCE JAN 1     17.25                     13.66   3.59    11.82

SNOWFALL (IN)
  YESTERDAY        0.0
  MONTH TO DATE    0.0
  SINCE SEP 1      0.0
  SINCE JUL 1      0.0
  SNOW DEPTH      MM

DEGREE DAYS
 HEATING
  YESTERDAY        0                         0      0        0
  MONTH TO DATE    0                         0      0        0
  SINCE SEP 1      0                         0      0        0
  SINCE JUL 1      0                         0      0        0

 COOLING
  YESTERDAY        7                        11     -4       11
  MONTH TO DATE  187                       241    -54      257
  SINCE SEP 1   1095                      1075     20     1198
  SINCE JAN 1   3859                      3617    242     4099
..................................................................


WIND (MPH)
  HIGHEST WIND SPEED    20   HIGHEST WIND DIRECTION     N (20)
  HIGHEST GUST SPEED    24   HIGHEST GUST DIRECTION    NE (30)
  AVERAGE WIND SPEED     7.0


SKY COVER
  POSSIBLE SUNSHINE  MM
  AVERAGE SKY COVER  MM


WEATHER CONDITIONS
 THE FOLLOWING WEATHER WAS RECORDED YESTERDAY.
  NO SIGNIFICANT WEATHER WAS OBSERVED.


RELATIVE HUMIDITY (PERCENT)
 HIGHEST    MM
 LOWEST     MM
 AVERAGE    MM

..........................................................


THE KAHULUI HI CLIMATE NORMALS FOR TODAY
                         NORMAL    RECORD    YEAR
 MAXIMUM TEMPERATURE (F)   83        91      1979
 MINIMUM TEMPERATURE (F)   68        56      1949


SUNRISE AND SUNSET
NOVEMBER 22 2017......SUNRISE   641 AM HST   SUNSET   543 PM HST
NOVEMBER 23 2017......SUNRISE   641 AM HST   SUNSET   543 PM HST


-  INDICATES NEGATIVE NUMBERS.
R  INDICATES RECORD WAS SET OR TIED.
MM INDICATES DATA IS MISSING.
T  INDICATES TRACE AMOUNT.




$$
