000
CDHW42 PHFO 300230
CLIOGG


CLIMATE REPORT
NATIONAL WEATHER SERVICE HONOLULU HI
429 PM HST SUN MAY 29 2016


...................................

...THE KAHULUI HI CLIMATE SUMMARY FOR MAY 29 2016...
VALID TODAY AS OF 0400 PM LOCAL TIME.

CLIMATE NORMAL PERIOD 1981 TO 2010
CLIMATE RECORD PERIOD 1946 TO 2016


WEATHER ITEM   OBSERVED TIME   RECORD YEAR NORMAL DEPARTURE LAST
                VALUE   (LST)  VALUE       VALUE  FROM      YEAR
                                                  NORMAL
..................................................................
TEMPERATURE (F)
 TODAY
  MAXIMUM         87    315 PM  92    1992  85      2       84
  MINIMUM         66    608 AM  60    1979  68     -2       71
  AVERAGE         77                        77      0       78

PRECIPITATION (IN)
  TODAY            0.00          0.06 1978   0.01  -0.01     0.09
  MONTH TO DATE    2.96                      0.72   2.24     2.21
  SINCE MAR 1      6.11                      4.72   1.39    14.63
  SINCE JAN 1      7.66                      9.48  -1.82    18.94

SNOWFALL (IN)
  TODAY            0.0
  MONTH TO DATE    0.0
  SINCE MAR 1      0.0
  SINCE JUL 1      0.0
  SNOW DEPTH       0

DEGREE DAYS
 HEATING
  TODAY            0                         0      0        0
  MONTH TO DATE    0                         0      0        0
  SINCE MAR 1      0                         0      0        0
  SINCE JUL 1      0                         0      0        0

 COOLING
  TODAY           12                        12      0       13
  MONTH TO DATE  362                       311     51      316
  SINCE MAR 1    999                       828    171      893
  SINCE JAN 1   1467                      1237    230     1297
..................................................................


WIND (MPH)
  HIGHEST WIND SPEED    14   HIGHEST WIND DIRECTION     N (10)
  HIGHEST GUST SPEED    17   HIGHEST GUST DIRECTION    NE (40)
  AVERAGE WIND SPEED     5.6


SKY COVER
  POSSIBLE SUNSHINE  MM
  AVERAGE SKY COVER 0.3


WEATHER CONDITIONS
 THE FOLLOWING WEATHER WAS RECORDED TODAY.
  NO SIGNIFICANT WEATHER WAS OBSERVED.


RELATIVE HUMIDITY (PERCENT)
 HIGHEST    93           400 AM
 LOWEST     44           300 PM
 AVERAGE    69

..........................................................


THE KAHULUI HI CLIMATE NORMALS FOR TOMORROW
                         NORMAL    RECORD    YEAR
 MAXIMUM TEMPERATURE (F)   86        91      1980
                                             1968
 MINIMUM TEMPERATURE (F)   68        58      1975


SUNRISE AND SUNSET
MAY 29 2016...........SUNRISE   544 AM HST   SUNSET   702 PM HST
MAY 30 2016...........SUNRISE   544 AM HST   SUNSET   703 PM HST


-  INDICATES NEGATIVE NUMBERS.
R  INDICATES RECORD WAS SET OR TIED.
MM INDICATES DATA IS MISSING.
T  INDICATES TRACE AMOUNT.




$$
