000
CDHW42 PHFO 190233
CLIOGG


CLIMATE REPORT
NATIONAL WEATHER SERVICE HONOLULU HI
429 PM HST THU DEC 18 2014


...................................

...THE KAHULUI HI CLIMATE SUMMARY FOR DECEMBER 18 2014...
VALID TODAY AS OF 0400 PM LOCAL TIME.

CLIMATE NORMAL PERIOD 1981 TO 2010
CLIMATE RECORD PERIOD 1946 TO 2014


WEATHER ITEM   OBSERVED TIME   RECORD YEAR NORMAL DEPARTURE LAST
                VALUE   (LST)  VALUE       VALUE  FROM      YEAR
                                                  NORMAL
..................................................................
TEMPERATURE (F)
 TODAY
  MAXIMUM         82    148 PM  89    1971  81      1       82
  MINIMUM         70    651 AM  52    1983  65      5       62
  AVERAGE         76                        73      3       72

PRECIPITATION (IN)
  TODAY            T             0.91 1982   0.12  -0.12     0.08
  MONTH TO DATE    0.28                      1.93  -1.65     0.08
  SINCE DEC 1      0.28                      1.93  -1.65     0.08
  SINCE JAN 1     18.53                     16.41   2.12    13.67

SNOWFALL (IN)
  TODAY            0.0
  MONTH TO DATE    0.0
  SINCE DEC 1      0.0
  SINCE JUL 1      0.0
  SNOW DEPTH       0

DEGREE DAYS
 HEATING
  TODAY            0                         0      0        0
  MONTH TO DATE    0                         0      0        0
  SINCE DEC 1      0                         0      0        0
  SINCE JUL 1      0                         0      0        0

 COOLING
  TODAY           11                         8      3        7
  MONTH TO DATE  163                       159      4      169
  SINCE DEC 1    163                       159      4      169
  SINCE JAN 1   4357                      3866    491     4147
..................................................................


WIND (MPH)
  HIGHEST WIND SPEED    29   HIGHEST WIND DIRECTION    NE (60)
  HIGHEST GUST SPEED    36   HIGHEST GUST DIRECTION    NE (60)
  AVERAGE WIND SPEED    13.5


SKY COVER
  POSSIBLE SUNSHINE  MM
  AVERAGE SKY COVER 0.3


WEATHER CONDITIONS
 THE FOLLOWING WEATHER WAS RECORDED TODAY.
  NO SIGNIFICANT WEATHER WAS OBSERVED.


RELATIVE HUMIDITY (PERCENT)
 HIGHEST    84          1200 AM
 LOWEST     62          1100 AM
 AVERAGE    73

..........................................................


THE KAHULUI HI CLIMATE NORMALS FOR TOMORROW
                         NORMAL    RECORD    YEAR
 MAXIMUM TEMPERATURE (F)   81        87      1995
                                             1980
 MINIMUM TEMPERATURE (F)   65        54      1950


SUNRISE AND SUNSET
DECEMBER 18 2014......SUNRISE   656 AM HST   SUNSET   548 PM HST
DECEMBER 19 2014......SUNRISE   657 AM HST   SUNSET   549 PM HST


-  INDICATES NEGATIVE NUMBERS.
R  INDICATES RECORD WAS SET OR TIED.
MM INDICATES DATA IS MISSING.
T  INDICATES TRACE AMOUNT.




$$
