000
CDHW42 PHFO 281245
CLIOGG


CLIMATE REPORT
NATIONAL WEATHER SERVICE HONOLULU HI
245 AM HST THU MAY 28 2015


...................................

...THE KAHULUI HI CLIMATE SUMMARY FOR MAY 27 2015...

CLIMATE NORMAL PERIOD 1981 TO 2010
CLIMATE RECORD PERIOD 1946 TO 2015


WEATHER ITEM   OBSERVED TIME   RECORD YEAR NORMAL DEPARTURE LAST
                VALUE   (LST)  VALUE       VALUE  FROM      YEAR
                                                  NORMAL
..................................................................
TEMPERATURE (F)
 YESTERDAY
  MAXIMUM         84    127 PM  91    1980  85     -1       87
                                      1951
  MINIMUM         69    220 AM  60    1952  68      1       72
  AVERAGE         77                        77      0       80

PRECIPITATION (IN)
  YESTERDAY        0.00          0.31 1990   0.01  -0.01     0.00
  MONTH TO DATE    1.06                      0.69   0.37     1.02
  SINCE MAR 1     13.48                      4.69   8.79     7.30
  SINCE JAN 1     17.79                      9.45   8.34    13.95

SNOWFALL (IN)
  YESTERDAY        0.0
  MONTH TO DATE    0.0
  SINCE MAR 1      0.0
  SINCE JUL 1      0.0
  SNOW DEPTH       0

DEGREE DAYS
 HEATING
  YESTERDAY        0                         0      0        0
  MONTH TO DATE    0                         0      0        0
  SINCE MAR 1      0                         0      0        0
  SINCE JUL 1      0                         0      0        0

 COOLING
  YESTERDAY       12                        12      0       15
  MONTH TO DATE  295                       287      8      329
  SINCE MAR 1    872                       804     68      928
  SINCE JAN 1   1276                      1213     63     1439
..................................................................


WIND (MPH)
  HIGHEST WIND SPEED    16   HIGHEST WIND DIRECTION     N (10)
  HIGHEST GUST SPEED    21   HIGHEST GUST DIRECTION    NE (40)
  AVERAGE WIND SPEED     8.3


SKY COVER
  POSSIBLE SUNSHINE  MM
  AVERAGE SKY COVER 0.8


WEATHER CONDITIONS
 THE FOLLOWING WEATHER WAS RECORDED YESTERDAY.
  NO SIGNIFICANT WEATHER WAS OBSERVED.


RELATIVE HUMIDITY (PERCENT)
 HIGHEST    79           300 AM
 LOWEST     55          1200 PM
 AVERAGE    67

..........................................................


THE KAHULUI HI CLIMATE NORMALS FOR TODAY
                         NORMAL    RECORD    YEAR
 MAXIMUM TEMPERATURE (F)   85        93      1953
 MINIMUM TEMPERATURE (F)   68        60      2003
                                             1983
                                             1975


SUNRISE AND SUNSET
MAY 28 2015...........SUNRISE   545 AM HST   SUNSET   702 PM HST
MAY 29 2015...........SUNRISE   544 AM HST   SUNSET   702 PM HST


-  INDICATES NEGATIVE NUMBERS.
R  INDICATES RECORD WAS SET OR TIED.
MM INDICATES DATA IS MISSING.
T  INDICATES TRACE AMOUNT.




$$
