000
CDHW42 PHFO 051249
CLIOGG


CLIMATE REPORT
NATIONAL WEATHER SERVICE
1245 PM UTC WED AUG 5 2015


...................................

...THE KAHULUI HI CLIMATE SUMMARY FOR AUGUST 4 2015...

CLIMATE NORMAL PERIOD 1981 TO 2010
CLIMATE RECORD PERIOD 1946 TO 2015


WEATHER ITEM   OBSERVED TIME   RECORD YEAR NORMAL DEPARTURE LAST
                VALUE   (LST)  VALUE       VALUE  FROM      YEAR
                                                  NORMAL
..................................................................
TEMPERATURE (F)
 YESTERDAY
  MAXIMUM         91    317 PM  93    1978  88      3       91
                                      1952
  MINIMUM         76    611 AM  63    1972  72      4       76
                                      1952
  AVERAGE         84                        80      4       84

PRECIPITATION (IN)
  YESTERDAY        0.00          0.29 1981   0.01  -0.01     0.00
  MONTH TO DATE    0.01                      0.07  -0.06     0.00
  SINCE JUN 1      0.86                      0.77   0.09     1.22
  SINCE JAN 1     17.82                     10.27   7.55    15.18

SNOWFALL (IN)
  YESTERDAY        0.0
  MONTH TO DATE    0.0
  SINCE JUN 1      0.0
  SINCE JUL 1      0.0
  SNOW DEPTH      MM

DEGREE DAYS
 HEATING
  YESTERDAY        0                         0      0        0
  MONTH TO DATE    0                         0      0        0
  SINCE JUN 1      0                         0      0        0
  SINCE JUL 1      0                         0      0        0

 COOLING
  YESTERDAY       19                        15      4       19
  MONTH TO DATE   74                        60     14       68
  SINCE JUN 1    468                       887   -419      966
  SINCE JAN 1   1614                      2146   -532     2462
..................................................................


WIND (MPH)
  HIGHEST WIND SPEED    26   HIGHEST WIND DIRECTION    NE (30)
  HIGHEST GUST SPEED    31   HIGHEST GUST DIRECTION    NE (30)
  AVERAGE WIND SPEED    13.2


SKY COVER
  POSSIBLE SUNSHINE  MM
  AVERAGE SKY COVER  MM


WEATHER CONDITIONS
 THE FOLLOWING WEATHER WAS RECORDED YESTERDAY.
  HAZE


RELATIVE HUMIDITY (PERCENT)
 HIGHEST    MM
 LOWEST     MM
 AVERAGE    MM

..........................................................


THE KAHULUI HI CLIMATE NORMALS FOR TODAY
                         NORMAL    RECORD    YEAR
 MAXIMUM TEMPERATURE (F)   88        93      1951
 MINIMUM TEMPERATURE (F)   72        65      1952


SUNRISE AND SUNSET
AUGUST  5 2015........SUNRISE   601 AM HST   SUNSET   702 PM HST
AUGUST  6 2015........SUNRISE   602 AM HST   SUNSET   701 PM HST


-  INDICATES NEGATIVE NUMBERS.
R  INDICATES RECORD WAS SET OR TIED.
MM INDICATES DATA IS MISSING.
T  INDICATES TRACE AMOUNT.




$$
