000
CDHW42 PHFO 300250
CLIOGG


CLIMATE REPORT
NATIONAL WEATHER SERVICE HONOLULU HI
440 PM HST MON JUN 29 2015


...................................

...THE KAHULUI HI CLIMATE SUMMARY FOR JUNE 29 2015...
VALID TODAY AS OF 0400 PM LOCAL TIME.

CLIMATE NORMAL PERIOD 1981 TO 2010
CLIMATE RECORD PERIOD 1946 TO 2015


WEATHER ITEM   OBSERVED TIME   RECORD YEAR NORMAL DEPARTURE LAST
                VALUE   (LST)  VALUE       VALUE  FROM      YEAR
                                                  NORMAL
..................................................................
TEMPERATURE (F)
 TODAY
  MAXIMUM         92   1251 PM  93    1980  87      5       88
  MINIMUM         69    602 AM  61    1971  70     -1       69
  AVERAGE         81                        79      2       79

PRECIPITATION (IN)
  TODAY            0.00          2.22 1967   0.01  -0.01     0.01
  MONTH TO DATE    0.10                      0.19  -0.09     0.28
  SINCE JUN 1      0.10                      0.19  -0.09     0.28
  SINCE JAN 1     19.06                      9.69   9.37    14.24

SNOWFALL (IN)
  TODAY            0.0
  MONTH TO DATE    0.0
  SINCE JUN 1      0.0
  SINCE JUL 1      0.0
  SNOW DEPTH       0

DEGREE DAYS
 HEATING
  TODAY            0                         0      0        0
  MONTH TO DATE    0                         0      0        0
  SINCE JUN 1      0                         0      0        0
  SINCE JUL 1      0                         0      0        0

 COOLING
  TODAY           16                        14      2       14
  MONTH TO DATE  401                       373     28      404
  SINCE JUN 1    401                       373     28      404
  SINCE JAN 1   1728                      1632     96     1900
..................................................................


WIND (MPH)
  HIGHEST WIND SPEED    21   HIGHEST WIND DIRECTION    NE (30)
  HIGHEST GUST SPEED    25   HIGHEST GUST DIRECTION    NE (30)
  AVERAGE WIND SPEED     6.5


SKY COVER
  POSSIBLE SUNSHINE  MM
  AVERAGE SKY COVER 0.2


WEATHER CONDITIONS
 THE FOLLOWING WEATHER WAS RECORDED TODAY.
  NO SIGNIFICANT WEATHER WAS OBSERVED.


RELATIVE HUMIDITY (PERCENT)
 HIGHEST    90           200 AM
 LOWEST     47          1200 PM
 AVERAGE    69

..........................................................


THE KAHULUI HI CLIMATE NORMALS FOR TOMORROW
                         NORMAL    RECORD    YEAR
 MAXIMUM TEMPERATURE (F)   87        91      1996
 MINIMUM TEMPERATURE (F)   70        60      1975


SUNRISE AND SUNSET
JUNE 29 2015..........SUNRISE   548 AM HST   SUNSET   711 PM HST
JUNE 30 2015..........SUNRISE   548 AM HST   SUNSET   711 PM HST


-  INDICATES NEGATIVE NUMBERS.
R  INDICATES RECORD WAS SET OR TIED.
MM INDICATES DATA IS MISSING.
T  INDICATES TRACE AMOUNT.




$$
