000
CDHW42 PHFO 111245
CLIOGG


CLIMATE REPORT
NATIONAL WEATHER SERVICE HONOLULU HI
245 AM HST THU FEB 11 2016


...................................

...THE KAHULUI HI CLIMATE SUMMARY FOR FEBRUARY 10 2016...

CLIMATE NORMAL PERIOD 1981 TO 2010
CLIMATE RECORD PERIOD 1946 TO 2016


WEATHER ITEM   OBSERVED TIME   RECORD YEAR NORMAL DEPARTURE LAST
                VALUE   (LST)  VALUE       VALUE  FROM      YEAR
                                                  NORMAL
..................................................................
TEMPERATURE (F)
 YESTERDAY
  MAXIMUM         83   1235 PM  88    1952  81      2       79
  MINIMUM         66   1122 PM  51    1951  63      3       71
  AVERAGE         75                        72      3       75

PRECIPITATION (IN)
  YESTERDAY        0.00          1.32 1979   0.07  -0.07     0.02
  MONTH TO DATE    0.27                      0.72  -0.45     0.50
  SINCE DEC 1      1.55                      6.94  -5.39     5.86
  SINCE JAN 1      0.82                      3.59  -2.77     1.62

SNOWFALL (IN)
  YESTERDAY        0.0
  MONTH TO DATE    0.0
  SINCE DEC 1      0.0
  SINCE JUL 1      0.0
  SNOW DEPTH       0

DEGREE DAYS
 HEATING
  YESTERDAY        0                         0      0        0
  MONTH TO DATE    0                         0      0        0
  SINCE DEC 1      0                         0      0        0
  SINCE JUL 1      0                         0      0        0

 COOLING
  YESTERDAY       10                         7      3       10
  MONTH TO DATE   72                        70      2       72
  SINCE DEC 1    620                       546     74      513
  SINCE JAN 1    305                       287     18      253
..................................................................


WIND (MPH)
  HIGHEST WIND SPEED    17   HIGHEST WIND DIRECTION     N (20)
  HIGHEST GUST SPEED    22   HIGHEST GUST DIRECTION    NE (40)
  AVERAGE WIND SPEED     8.1


SKY COVER
  POSSIBLE SUNSHINE  MM
  AVERAGE SKY COVER 0.2


WEATHER CONDITIONS
 THE FOLLOWING WEATHER WAS RECORDED YESTERDAY.
  NO SIGNIFICANT WEATHER WAS OBSERVED.


RELATIVE HUMIDITY (PERCENT)
 HIGHEST    93           400 AM
 LOWEST     45          1100 AM
 AVERAGE    69

..........................................................


THE KAHULUI HI CLIMATE NORMALS FOR TODAY
                         NORMAL    RECORD    YEAR
 MAXIMUM TEMPERATURE (F)   81        88      1953
 MINIMUM TEMPERATURE (F)   63        55      1971


SUNRISE AND SUNSET
FEBRUARY 11 2016......SUNRISE   658 AM HST   SUNSET   622 PM HST
FEBRUARY 12 2016......SUNRISE   658 AM HST   SUNSET   622 PM HST


-  INDICATES NEGATIVE NUMBERS.
R  INDICATES RECORD WAS SET OR TIED.
MM INDICATES DATA IS MISSING.
T  INDICATES TRACE AMOUNT.




$$
