000
CDUS43 KEAX 230631
CLIOJC


CLIMATE REPORT
NATIONAL WEATHER SERVICE KANSAS CITY/PLEASANT HILL MO
1231 AM CST THU NOV 23 2017


...................................

...THE JOHNSON COUNTY EXECUTIVE KS CLIMATE SUMMARY FOR NOVEMBER 22 2017...

CLIMATE NORMAL PERIOD 1981 TO 2010
CLIMATE RECORD PERIOD 9999 TO 9999


WEATHER ITEM   OBSERVED TIME   NORMAL DEPARTURE LAST
                VALUE   (LST)  VALUE  FROM      YEAR
                                      NORMAL
......................................................
TEMPERATURE (F)
 YESTERDAY
  MAXIMUM         40    402 PM  50    -10       57
  MINIMUM         18    724 AM  32    -14       46
  AVERAGE         29            41    -12       52

PRECIPITATION (IN)
  YESTERDAY        0.00          0.07  -0.07     0.03
  MONTH TO DATE    0.10          1.92  -1.82     1.55
  SINCE SEP 1      6.11          9.87  -3.76     6.84
  SINCE JAN 1     44.71         37.83   6.88    36.72

DEGREE DAYS
 HEATING
  YESTERDAY       36            24     12       13
  MONTH TO DATE  480           420     60      259
  SINCE SEP 1    757           744     13      418
  SINCE JUL 1    760           745     15      418

 COOLING
  YESTERDAY        0             0      0        0
  MONTH TO DATE    0             0      0       11
  SINCE SEP 1    229           184     45      249
  SINCE JAN 1   1236          1349   -113     1468
......................................................


WIND (MPH)
  HIGHEST WIND SPEED    12   HIGHEST WIND DIRECTION     S (200)
  HIGHEST GUST SPEED    16   HIGHEST GUST DIRECTION    SW (210)
  AVERAGE WIND SPEED     5.3


SKY COVER
  AVERAGE SKY COVER 0.0


WEATHER CONDITIONS
 THE FOLLOWING WEATHER WAS RECORDED YESTERDAY.
  FOG


RELATIVE HUMIDITY (PERCENT)
 HIGHEST    80           700 AM
 LOWEST     37           300 PM
 AVERAGE    59

..........................................................


THE JOHNSON COUNTY EXECUTIVE KS CLIMATE NORMALS FOR TODAY
                         NORMAL
 MAXIMUM TEMPERATURE (F)   50
 MINIMUM TEMPERATURE (F)   31


SUNRISE AND SUNSET
NOVEMBER 23 2017......SUNRISE   710 AM CST   SUNSET   500 PM CST
NOVEMBER 24 2017......SUNRISE   712 AM CST   SUNSET   500 PM CST


-  INDICATES NEGATIVE NUMBERS.
R  INDICATES RECORD WAS SET OR TIED.
MM INDICATES DATA IS MISSING.
T  INDICATES TRACE AMOUNT.




$$
