000
CDUS43 KEAX 310636
CLIOJC


CLIMATE REPORT
NATIONAL WEATHER SERVICE KANSAS CITY/PLEASANT HILL MO
134 AM CDT FRI OCT 31 2014


...................................

...THE JOHNSON COUNTY EXECUTIVE KS CLIMATE SUMMARY FOR OCTOBER 30 2014...

CLIMATE NORMAL PERIOD 1981 TO 2010
CLIMATE RECORD PERIOD 9999 TO 9999


WEATHER ITEM   OBSERVED TIME   NORMAL DEPARTURE LAST
                VALUE   (LST)  VALUE  FROM      YEAR
                                      NORMAL
......................................................
TEMPERATURE (F)
 YESTERDAY
  MAXIMUM         68    252 PM  62      6       68
  MINIMUM         44    257 AM  42      2       58
  AVERAGE         56            52      4       63

PRECIPITATION (IN)
  YESTERDAY        0.01          0.08  -0.07     2.35
  MONTH TO DATE    5.07          3.36   1.71     4.38
  SINCE SEP 1      7.77          7.87  -0.10     7.37
  SINCE JAN 1     29.72         35.83  -6.11    33.88

DEGREE DAYS
 HEATING
  YESTERDAY        9            13     -4        2
  MONTH TO DATE  182           262    -80      308
  SINCE SEP 1    239           310    -71      335
  SINCE JUL 1    240           311    -71      335

 COOLING
  YESTERDAY        0             0      0        0
  MONTH TO DATE   19            27     -8       31
  SINCE SEP 1    148           183    -35      247
  SINCE JAN 1   1237          1348   -111     1360
......................................................


WIND (MPH)
  HIGHEST WIND SPEED    22   HIGHEST WIND DIRECTION     N (340)
  HIGHEST GUST SPEED    33   HIGHEST GUST DIRECTION    NW (300)
  AVERAGE WIND SPEED    10.5


SKY COVER
  AVERAGE SKY COVER 0.1


WEATHER CONDITIONS
 THE FOLLOWING WEATHER WAS RECORDED YESTERDAY.
  THUNDERSTORM
  LIGHT RAIN


RELATIVE HUMIDITY (PERCENT)
 HIGHEST    76           300 AM
 LOWEST     32           100 PM
 AVERAGE    54

..........................................................


THE JOHNSON COUNTY EXECUTIVE KS CLIMATE NORMALS FOR TODAY
                         NORMAL
 MAXIMUM TEMPERATURE (F)   61
 MINIMUM TEMPERATURE (F)   42


SUNRISE AND SUNSET
OCTOBER 31 2014.......SUNRISE   745 AM CDT   SUNSET   620 PM CDT
NOVEMBER  1 2014......SUNRISE   746 AM CDT   SUNSET   618 PM CDT


-  INDICATES NEGATIVE NUMBERS.
R  INDICATES RECORD WAS SET OR TIED.
MM INDICATES DATA IS MISSING.
T  INDICATES TRACE AMOUNT.




$$
