960
CDUS43 KEAX 200646
CLIOJC


CLIMATE REPORT
NATIONAL WEATHER SERVICE KANSAS CITY/PLEASANT HILL MO
1244 AM CST FRI JAN 20 2017


...................................

...THE JOHNSON COUNTY EXECUTIVE KS CLIMATE SUMMARY FOR JANUARY 19 2017...

CLIMATE NORMAL PERIOD 1981 TO 2010
CLIMATE RECORD PERIOD 9999 TO 9999


WEATHER ITEM   OBSERVED TIME   NORMAL DEPARTURE LAST
                VALUE   (LST)  VALUE  FROM      YEAR
                                      NORMAL
......................................................
TEMPERATURE (F)
 YESTERDAY
  MAXIMUM         46    936 PM  39      7       24
  MINIMUM         41    438 AM  21     20       20
  AVERAGE         44            30     14       22

PRECIPITATION (IN)
  YESTERDAY        0.01          0.04  -0.03     0.03
  MONTH TO DATE    0.83          0.60   0.23     0.76
  SINCE DEC 1      1.73          2.24  -0.51     4.56
  SINCE JAN 1      0.83          0.60   0.23     0.76

DEGREE DAYS
 HEATING
  YESTERDAY       21            35    -14       43
  MONTH TO DATE  677           665     12      703
  SINCE DEC 1   1673          1675     -2     1465
  SINCE JUL 1   2255          2630   -375     2240

 COOLING
  YESTERDAY        0             0      0        0
  MONTH TO DATE    0             0      0        0
  SINCE DEC 1      0             0      0        0
  SINCE JAN 1      0             0      0        0
......................................................


WIND (MPH)
  HIGHEST WIND SPEED    12   HIGHEST WIND DIRECTION     S (170)
  HIGHEST GUST SPEED    16   HIGHEST GUST DIRECTION    SE (120)
  AVERAGE WIND SPEED     4.4


SKY COVER
  AVERAGE SKY COVER 1.0


WEATHER CONDITIONS
 THE FOLLOWING WEATHER WAS RECORDED YESTERDAY.
  LIGHT RAIN
  FOG
  FOG W/VISIBILITY <= 1/4 MILE


RELATIVE HUMIDITY (PERCENT)
 HIGHEST   100           200 AM
 LOWEST     89          1200 AM
 AVERAGE    95

..........................................................


THE JOHNSON COUNTY EXECUTIVE KS CLIMATE NORMALS FOR TODAY
                         NORMAL
 MAXIMUM TEMPERATURE (F)   39
 MINIMUM TEMPERATURE (F)   21


SUNRISE AND SUNSET
JANUARY 20 2017.......SUNRISE   733 AM CST   SUNSET   527 PM CST
JANUARY 21 2017.......SUNRISE   733 AM CST   SUNSET   528 PM CST


-  INDICATES NEGATIVE NUMBERS.
R  INDICATES RECORD WAS SET OR TIED.
MM INDICATES DATA IS MISSING.
T  INDICATES TRACE AMOUNT.




$$
