000
CDUS46 KSGX 211525
CLIOKB


CLIMATE REPORT
NATIONAL WEATHER SERVICE SAN DIEGO, CA
725 AM PST TUE FEB 21 2017


...................................

...THE OCEANSIDE AIRPORT CA CLIMATE SUMMARY FOR FEBRUARY 20 2017...

CLIMATE NORMAL PERIOD 1981 TO 2010
CLIMATE RECORD PERIOD 1999 TO 2017


WEATHER ITEM   OBSERVED TIME   RECORD YEAR NORMAL DEPARTURE LAST
                VALUE   (LST)  VALUE       VALUE  FROM      YEAR
                                                  NORMAL
..................................................................
TEMPERATURE (F)
 YESTERDAY
  MAXIMUM         66    147 PM  77    2014  65      1       67
  MINIMUM         52    953 PM  35    2006  44      8       40
  AVERAGE         59                        54      5       54

PRECIPITATION (IN)
  YESTERDAY        0.00          0.22 2008   0.14  -0.14     0.00
  MONTH TO DATE    2.57                      2.05   0.52     0.13
  SINCE OCT 1     11.98                      8.58   3.40     4.91
  SINCE JAN 1      6.83                      4.70   2.13     2.74

DEGREE DAYS
 HEATING
  YESTERDAY        6                        11     -5       11
  MONTH TO DATE  145                       220    -75      129
  SINCE DEC 1    732                       975   -243      869
  SINCE JUL 1    918                      1325   -407     1100

 COOLING
  YESTERDAY        0                         0      0        0
  MONTH TO DATE    0                         0      0        6
  SINCE DEC 1      0                         0      0        6
  SINCE JAN 1      0                         0      0        6
..................................................................


WIND (MPH)
  RESULTANT WIND SPEED   2   RESULTANT WIND DIRECTION   W (280)
  HIGHEST WIND SPEED    12   HIGHEST WIND DIRECTION     W (250)
  HIGHEST GUST SPEED    14   HIGHEST GUST DIRECTION     W (260)
  AVERAGE WIND SPEED     3.4


SKY COVER
  POSSIBLE SUNSHINE  MM
  AVERAGE SKY COVER 0.6


WEATHER CONDITIONS
 THE FOLLOWING WEATHER WAS RECORDED YESTERDAY.
  NO SIGNIFICANT WEATHER WAS OBSERVED.


RELATIVE HUMIDITY (PERCENT)
 HIGHEST   100          1000 PM
 LOWEST     63          1100 AM
 AVERAGE    82

..........................................................


THE OCEANSIDE AIRPORT CA CLIMATE NORMALS FOR TODAY
                         NORMAL    RECORD    YEAR
 MAXIMUM TEMPERATURE (F)   65        83      2002
 MINIMUM TEMPERATURE (F)   44        35      2013
                                             2012
                                             2006


SUNRISE AND SUNSET
FEBRUARY 21 2017......SUNRISE   626 AM PST   SUNSET   540 PM PST
FEBRUARY 22 2017......SUNRISE   625 AM PST   SUNSET   541 PM PST


-  INDICATES NEGATIVE NUMBERS.
R  INDICATES RECORD WAS SET OR TIED.
MM INDICATES DATA IS MISSING.
T  INDICATES TRACE AMOUNT.




$$
