004
CDUS46 KSGX 081541
CLIOKB


CLIMATE REPORT
NATIONAL WEATHER SERVICE SAN DIEGO, CA
741 AM PST MON FEB 8 2016


...................................

...THE OCEANSIDE AIRPORT CA CLIMATE SUMMARY FOR FEBRUARY 7 2016...

CLIMATE NORMAL PERIOD 1981 TO 2010
CLIMATE RECORD PERIOD 1999 TO 2016


WEATHER ITEM   OBSERVED TIME   RECORD YEAR NORMAL DEPARTURE LAST
                VALUE   (LST)  VALUE       VALUE  FROM      YEAR
                                                  NORMAL
..................................................................
TEMPERATURE (F)
 YESTERDAY
  MAXIMUM         78R  1040 AM  76    2000  66     12       70
  MINIMUM         44    239 AM  31    2002  42      2       43
  AVERAGE         61                        54      7       57

PRECIPITATION (IN)
  YESTERDAY        0.00          0.28 2009   0.08  -0.08     0.00
  MONTH TO DATE    0.02                      0.45  -0.43     0.00
  SINCE OCT 1      4.80                      6.98  -2.18     4.89
  SINCE JAN 1      2.63                      3.10  -0.47     0.49

DEGREE DAYS
 HEATING
  YESTERDAY        4                        11     -7        8
  MONTH TO DATE   80                        77      3       61
  SINCE DEC 1    820                       832    -12      613
  SINCE JUL 1   1051                      1182   -131      747

 COOLING
  YESTERDAY        0                         0      0        0
  MONTH TO DATE    0                         0      0        0
  SINCE DEC 1      0                         0      0        0
  SINCE JAN 1      0                         0      0        0
..................................................................


WIND (MPH)
  RESULTANT WIND SPEED   2   RESULTANT WIND DIRECTION   N (340)
  HIGHEST WIND SPEED    13   HIGHEST WIND DIRECTION     W (260)
  HIGHEST GUST SPEED    15   HIGHEST GUST DIRECTION     W (250)
  AVERAGE WIND SPEED     5.8


SKY COVER
  POSSIBLE SUNSHINE  MM
  AVERAGE SKY COVER 0.0


WEATHER CONDITIONS
 THE FOLLOWING WEATHER WAS RECORDED YESTERDAY.
  NO SIGNIFICANT WEATHER WAS OBSERVED.


RELATIVE HUMIDITY (PERCENT)
 HIGHEST    67           700 PM
 LOWEST     20           300 PM
 AVERAGE    44

..........................................................


THE OCEANSIDE AIRPORT CA CLIMATE NORMALS FOR TODAY
                         NORMAL    RECORD    YEAR
 MAXIMUM TEMPERATURE (F)   66        82      2006
 MINIMUM TEMPERATURE (F)   42        32      2001


SUNRISE AND SUNSET
FEBRUARY  8 2016......SUNRISE   640 AM PST   SUNSET   528 PM PST
FEBRUARY  9 2016......SUNRISE   639 AM PST   SUNSET   529 PM PST


-  INDICATES NEGATIVE NUMBERS.
R  INDICATES RECORD WAS SET OR TIED.
MM INDICATES DATA IS MISSING.
T  INDICATES TRACE AMOUNT.




$$
