363
CDUS46 KSGX 180117
CLIOKB


CLIMATE REPORT
NATIONAL WEATHER SERVICE SAN DIEGO, CA
517 PM PST TUE JAN 17 2017


...................................

...THE OCEANSIDE AIRPORT CA CLIMATE SUMMARY FOR JANUARY 17 2017...
VALID TODAY AS OF 0500 PM LOCAL TIME.

CLIMATE NORMAL PERIOD 1981 TO 2010
CLIMATE RECORD PERIOD 1999 TO 2017


WEATHER ITEM   OBSERVED TIME   RECORD YEAR NORMAL DEPARTURE LAST
                VALUE   (LST)  VALUE       VALUE  FROM      YEAR
                                                  NORMAL
..................................................................
TEMPERATURE (F)
 TODAY
  MAXIMUM         66   1236 PM  87    2014  66      0       73
  MINIMUM         39    704 AM  28    2007  40     -1       42
  AVERAGE         53                        53      0       58

PRECIPITATION (IN)
  TODAY            0.00          0.03 2010   0.09  -0.09     0.00
  MONTH TO DATE    1.43                      1.78  -0.35     2.35
  SINCE OCT 1      6.58                      5.66   0.92     4.52
  SINCE JAN 1      1.43                      1.78  -0.35     2.35

DEGREE DAYS
 HEATING
  TODAY           12                        12      0        7
  MONTH TO DATE  160                       209    -49      201
  SINCE DEC 1    440                       593   -153      610
  SINCE JUL 1    626                       943   -317      841

 COOLING
  TODAY            0                         0      0        0
  MONTH TO DATE    0                         0      0        0
  SINCE DEC 1      0                         0      0        0
  SINCE JAN 1      0                         0      0        0
..................................................................


WIND (MPH)
  RESULTANT WIND SPEED   2   RESULTANT WIND DIRECTION  NW (320)
  HIGHEST WIND SPEED    18   HIGHEST WIND DIRECTION     W (290)
  HIGHEST GUST SPEED    23   HIGHEST GUST DIRECTION     W (290)
  AVERAGE WIND SPEED     3.6


SKY COVER
  POSSIBLE SUNSHINE  MM
  AVERAGE SKY COVER 0.0


WEATHER CONDITIONS
 THE FOLLOWING WEATHER WAS RECORDED TODAY.
  FOG


RELATIVE HUMIDITY (PERCENT)
 HIGHEST   100           100 AM
 LOWEST     31          1200 PM
 AVERAGE    66

..........................................................


THE OCEANSIDE AIRPORT CA CLIMATE NORMALS FOR TOMORROW
                         NORMAL    RECORD    YEAR
 MAXIMUM TEMPERATURE (F)   66        85      2009
 MINIMUM TEMPERATURE (F)   40        31      2007
                                             2001


SUNRISE AND SUNSET
JANUARY 17 2017.......SUNRISE   652 AM PST   SUNSET   507 PM PST
JANUARY 18 2017.......SUNRISE   652 AM PST   SUNSET   508 PM PST


-  INDICATES NEGATIVE NUMBERS.
R  INDICATES RECORD WAS SET OR TIED.
MM INDICATES DATA IS MISSING.
T  INDICATES TRACE AMOUNT.




$$
