000
CDUS46 KSGX 230119
CLIOKB


CLIMATE REPORT
NATIONAL WEATHER SERVICE SAN DIEGO, CA
519 PM PST THU FEB 22 2018


...................................

...THE OCEANSIDE AIRPORT CA CLIMATE SUMMARY FOR FEBRUARY 22 2018...
VALID TODAY AS OF 0500 PM LOCAL TIME.

CLIMATE NORMAL PERIOD 1981 TO 2010
CLIMATE RECORD PERIOD 1999 TO 2018


WEATHER ITEM   OBSERVED TIME   RECORD YEAR NORMAL DEPARTURE LAST
                VALUE   (LST)  VALUE       VALUE  FROM      YEAR
                                                  NORMAL
..................................................................
TEMPERATURE (F)
 TODAY
  MAXIMUM         61    208 PM  91    2002  65     -4       63
  MINIMUM         34R   507 AM  34    2013  44    -10       49
  AVERAGE         48                        54     -6       56

PRECIPITATION (IN)
  TODAY            T             2.01 2008   0.14  -0.14     0.00
  MONTH TO DATE    0.02                      2.32  -2.30     2.57
  SINCE OCT 1      2.69                      8.85  -6.16    11.98
  SINCE JAN 1      2.65                      4.97  -2.32     6.83

DEGREE DAYS
 HEATING
  TODAY           17                        11      6        9
  MONTH TO DATE  219                       242    -23      160
  SINCE DEC 1    692                       997   -305      747
  SINCE JUL 1    861                      1347   -486      933

 COOLING
  TODAY            0                         0      0        0
  MONTH TO DATE    0                         0      0        0
  SINCE DEC 1      5                         0      5        0
  SINCE JAN 1      3                         0      3        0
..................................................................


WIND (MPH)
  RESULTANT WIND SPEED   1   RESULTANT WIND DIRECTION  SW (240)
  HIGHEST WIND SPEED    16   HIGHEST WIND DIRECTION     W (260)
  HIGHEST GUST SPEED    20   HIGHEST GUST DIRECTION     W (280)
  AVERAGE WIND SPEED     3.5


SKY COVER
  POSSIBLE SUNSHINE  MM
  AVERAGE SKY COVER 0.3


WEATHER CONDITIONS
 THE FOLLOWING WEATHER WAS RECORDED TODAY.
  LIGHT RAIN


RELATIVE HUMIDITY (PERCENT)
 HIGHEST    92           700 AM
 LOWEST     53           300 PM
 AVERAGE    73

..........................................................


THE OCEANSIDE AIRPORT CA CLIMATE NORMALS FOR TOMORROW
                         NORMAL    RECORD    YEAR
 MAXIMUM TEMPERATURE (F)   65        77      2016
 MINIMUM TEMPERATURE (F)   44        33      2013


SUNRISE AND SUNSET
FEBRUARY 22 2018......SUNRISE   626 AM PST   SUNSET   541 PM PST
FEBRUARY 23 2018......SUNRISE   624 AM PST   SUNSET   541 PM PST


-  INDICATES NEGATIVE NUMBERS.
R  INDICATES RECORD WAS SET OR TIED.
MM INDICATES DATA IS MISSING.
T  INDICATES TRACE AMOUNT.




$$
