000
CDUS46 KSGX 121231
CLIOKB


CLIMATE REPORT
NATIONAL WEATHER SERVICE SAN DIEGO, CA
430 AM PST TUE DEC 12 2017


...................................

...THE OCEANSIDE AIRPORT CA CLIMATE SUMMARY FOR DECEMBER 11 2017...

CLIMATE NORMAL PERIOD 1981 TO 2010
CLIMATE RECORD PERIOD 1999 TO 2017


WEATHER ITEM   OBSERVED TIME   RECORD YEAR NORMAL DEPARTURE LAST
                VALUE   (LST)  VALUE       VALUE  FROM      YEAR
                                                  NORMAL
..................................................................
TEMPERATURE (F)
 YESTERDAY
  MAXIMUM         81R  1150 AM  79    2004  65     16       67
  MINIMUM         41   1133 PM  31    1999  40      1       57
  AVERAGE         61                        53      8       62

PRECIPITATION (IN)
  YESTERDAY        0.00          0.25 2015   0.04  -0.04     0.00
  MONTH TO DATE    0.00                      0.43  -0.43      T
  SINCE OCT 1      0.04                      2.16  -2.12     1.34
  SINCE JAN 1      9.88                     11.94  -2.06     6.53

DEGREE DAYS
 HEATING
  YESTERDAY        4                        12     -8        3
  MONTH TO DATE   60                       129    -69      107
  SINCE DEC 1     60                       129    -69      107
  SINCE JUL 1    229                       479   -250      293

 COOLING
  YESTERDAY        0                         0      0        0
  MONTH TO DATE    2                         0      2        0
  SINCE DEC 1      2                         0      2        0
  SINCE JAN 1    761                       419    342      657
..................................................................


WIND (MPH)
  RESULTANT WIND SPEED   0   RESULTANT WIND DIRECTION   S (190)
  HIGHEST WIND SPEED    10   HIGHEST WIND DIRECTION     W (270)
  HIGHEST GUST SPEED    13   HIGHEST GUST DIRECTION     W (280)
  AVERAGE WIND SPEED     2.3


SKY COVER
  POSSIBLE SUNSHINE  MM
  AVERAGE SKY COVER 0.0


WEATHER CONDITIONS
 THE FOLLOWING WEATHER WAS RECORDED YESTERDAY.
  NO SIGNIFICANT WEATHER WAS OBSERVED.


RELATIVE HUMIDITY (PERCENT)
 HIGHEST    58           200 AM
 LOWEST     10          1200 PM
 AVERAGE    34

..........................................................


THE OCEANSIDE AIRPORT CA CLIMATE NORMALS FOR TODAY
                         NORMAL    RECORD    YEAR
 MAXIMUM TEMPERATURE (F)   65        83      2010
 MINIMUM TEMPERATURE (F)   40        30      1999


SUNRISE AND SUNSET
DECEMBER 12 2017......SUNRISE   644 AM PST   SUNSET   443 PM PST
DECEMBER 13 2017......SUNRISE   644 AM PST   SUNSET   443 PM PST


-  INDICATES NEGATIVE NUMBERS.
R  INDICATES RECORD WAS SET OR TIED.
MM INDICATES DATA IS MISSING.
T  INDICATES TRACE AMOUNT.




$$
