000
CDUS46 KSGX 240018
CLIOKB


CLIMATE REPORT
NATIONAL WEATHER SERVICE SAN DIEGO, CA
518 PM PDT TUE MAY 23 2017


...................................

...THE OCEANSIDE AIRPORT CA CLIMATE SUMMARY FOR MAY 23 2017...
VALID TODAY AS OF 0500 PM LOCAL TIME.

CLIMATE NORMAL PERIOD 1981 TO 2010
CLIMATE RECORD PERIOD 1999 TO 2017


WEATHER ITEM   OBSERVED TIME   RECORD YEAR NORMAL DEPARTURE LAST
                VALUE   (LST)  VALUE       VALUE  FROM      YEAR
                                                  NORMAL
..................................................................
TEMPERATURE (F)
 TODAY
  MAXIMUM         73R   906 AM  73    2006  70      3       68
  MINIMUM         60    645 AM  47    2002  55      5       49
  AVERAGE         67                        62      5       59

PRECIPITATION (IN)
  TODAY            0.00          0.18 2008   0.01  -0.01     0.00
  MONTH TO DATE    1.27                      0.25   1.02     0.53
  SINCE OCT 1     14.92                     13.03   1.89     7.11
  SINCE JAN 1      9.77                      9.15   0.62     4.94

DEGREE DAYS
 HEATING
  TODAY            0                         3     -3        6
  MONTH TO DATE   64                        89    -25       62
  SINCE MAR 1    385                       575   -190      425
  SINCE JUL 1   1400                      1983   -583     1593

 COOLING
  TODAY            2                         0      2        0
  MONTH TO DATE   11                         0     11        6
  SINCE MAR 1     17                         3     14       10
  SINCE JAN 1     17                         3     14       16
..................................................................


WIND (MPH)
  RESULTANT WIND SPEED   4   RESULTANT WIND DIRECTION   W (260)
  HIGHEST WIND SPEED    17   HIGHEST WIND DIRECTION     W (250)
  HIGHEST GUST SPEED    21   HIGHEST GUST DIRECTION    SW (240)
  AVERAGE WIND SPEED     4.7


SKY COVER
  POSSIBLE SUNSHINE  MM
  AVERAGE SKY COVER 0.7


WEATHER CONDITIONS
 THE FOLLOWING WEATHER WAS RECORDED TODAY.
  FOG
  HAZE


RELATIVE HUMIDITY (PERCENT)
 HIGHEST   100           700 AM
 LOWEST     64           900 AM
 AVERAGE    82

..........................................................


THE OCEANSIDE AIRPORT CA CLIMATE NORMALS FOR TOMORROW
                         NORMAL    RECORD    YEAR
 MAXIMUM TEMPERATURE (F)   70        75      2006
 MINIMUM TEMPERATURE (F)   55        46      2010


SUNRISE AND SUNSET
MAY 23 2017...........SUNRISE   545 AM PDT   SUNSET   748 PM PDT
MAY 24 2017...........SUNRISE   544 AM PDT   SUNSET   749 PM PDT


-  INDICATES NEGATIVE NUMBERS.
R  INDICATES RECORD WAS SET OR TIED.
MM INDICATES DATA IS MISSING.
T  INDICATES TRACE AMOUNT.




$$
