000
CDUS44 KOUN 282212
CLIOKC

CLIMATE REPORT
NATIONAL WEATHER SERVICE NORMAN OK
511 PM CDT MON JUL 28 2014


...................................

...THE OKLAHOMA CITY CLIMATE SUMMARY FOR JULY 28 2014...
VALID TODAY AS OF 0500 PM LOCAL TIME.

CLIMATE NORMAL PERIOD 1981 TO 2010
CLIMATE RECORD PERIOD 1890 TO 2014


WEATHER ITEM   OBSERVED TIME   RECORD YEAR NORMAL DEPARTURE LAST
                VALUE   (LST)  VALUE       VALUE  FROM      YEAR
                                                  NORMAL
..................................................................
TEMPERATURE (F)
 TODAY
  MAXIMUM         87    354 PM 108    1986  95     -8       88
  MINIMUM         72    256 AM  58    1994  73     -1       69
  AVERAGE         80                        84     -4       79

PRECIPITATION (IN)
  TODAY            0.00          1.80 1963   0.09  -0.09     0.00
  MONTH TO DATE    2.44                      2.66  -0.22     8.62
  SINCE JAN 1     18.17                     21.34  -3.17    40.47

DEGREE DAYS
 COOLING
  TODAY           15                        19     -4       14
  MONTH TO DATE  418                       505    -87      472
  SINCE JAN 1   1108                      1145    -37     1051
..................................................................


WIND (MPH)
  HIGHEST WIND SPEED    16   HIGHEST WIND DIRECTION    NE (50)
  HIGHEST GUST SPEED    20   HIGHEST GUST DIRECTION    NE (50)
  AVERAGE WIND SPEED     7.8


SKY COVER
  AVERAGE SKY COVER 0.7


WEATHER CONDITIONS
 THE FOLLOWING WEATHER WAS RECORDED TODAY.
  NO SIGNIFICANT WEATHER WAS OBSERVED.


RELATIVE HUMIDITY (PERCENT)
 HIGHEST    79           300 AM
 LOWEST     37           200 PM
 AVERAGE    58

..........................................................


THE OKLAHOMA CITY CLIMATE NORMALS FOR TOMORROW
                         NORMAL    RECORD    YEAR
 MAXIMUM TEMPERATURE (F)   95       109      1986
 MINIMUM TEMPERATURE (F)   73        58      2005


SUNRISE AND SUNSET
JULY 28 2014..........SUNRISE   636 AM CDT   SUNSET   837 PM CDT
JULY 29 2014..........SUNRISE   637 AM CDT   SUNSET   837 PM CDT


-  INDICATES NEGATIVE NUMBERS.
R  INDICATES RECORD WAS SET OR TIED.
MM INDICATES DATA IS MISSING.
T  INDICATES TRACE AMOUNT.




$$
