318
CDUS44 KOUN 260630 RRA
CLIOKC

OUNCLIOKC 000
TTAA00 KOUN 260629


CLIMATE REPORT
NATIONAL WEATHER SERVICE NORMAN OK
129 AM CDT FRI AUG 26 2016


...................................

...THE OKLAHOMA CITY CLIMATE SUMMARY FOR AUGUST 25 2016...

CLIMATE NORMAL PERIOD 1981 TO 2010
CLIMATE RECORD PERIOD 1890 TO 2016


WEATHER ITEM   OBSERVED TIME   RECORD YEAR NORMAL DEPARTURE LAST
                VALUE   (LST)  VALUE       VALUE  FROM      YEAR
                                                  NORMAL
..................................................................
TEMPERATURE (F)
 YESTERDAY
  MAXIMUM         94    139 PM 105    2006  92      2       90
  MINIMUM         71    628 AM  58    1966  70      1       64
  AVERAGE         83                        81      2       77

PRECIPITATION (IN)
  YESTERDAY        0.02          1.81 1934   0.11  -0.09     0.00
  MONTH TO DATE    0.16                      2.63  -2.47     1.17
  SINCE JAN 1     19.52                     24.24  -4.72    42.91

DEGREE DAYS
 COOLING
  YESTERDAY       18                        16      2       12
  MONTH TO DATE  435                       446    -11      370
  SINCE JAN 1   1630                      1645    -15     1493
..................................................................


WIND (MPH)
  HIGHEST WIND SPEED    23   HIGHEST WIND DIRECTION    SE (130)
  HIGHEST GUST SPEED    30   HIGHEST GUST DIRECTION    SE (130)
  AVERAGE WIND SPEED     9.6


SKY COVER
  AVERAGE SKY COVER 0.5


WEATHER CONDITIONS
 THE FOLLOWING WEATHER WAS RECORDED YESTERDAY.
  THUNDERSTORM
  HAZE


RELATIVE HUMIDITY (PERCENT)
 HIGHEST    93           300 AM
 LOWEST     41          1200 PM
 AVERAGE    67

..........................................................


THE OKLAHOMA CITY CLIMATE NORMALS FOR TODAY
                         NORMAL    RECORD    YEAR
 MAXIMUM TEMPERATURE (F)   92       105      1999
 MINIMUM TEMPERATURE (F)   70        53      1910


SUNRISE AND SUNSET
AUGUST 26 2016........SUNRISE   659 AM CDT   SUNSET   805 PM CDT
AUGUST 27 2016........SUNRISE   659 AM CDT   SUNSET   803 PM CDT


-  INDICATES NEGATIVE NUMBERS.
R  INDICATES RECORD WAS SET OR TIED.
MM INDICATES DATA IS MISSING.
T  INDICATES TRACE AMOUNT.




$$
