000
CDUS44 KOUN 080639
CLIOKC

CLIMATE REPORT
NATIONAL WEATHER SERVICE NORMAN OK
1238 AM CST MON FEB 8 2016


...................................

...THE OKLAHOMA CITY CLIMATE SUMMARY FOR FEBRUARY 7 2016...

CLIMATE NORMAL PERIOD 1981 TO 2010
CLIMATE RECORD PERIOD 1890 TO 2016


WEATHER ITEM   OBSERVED TIME   RECORD YEAR NORMAL DEPARTURE LAST
                VALUE   (LST)  VALUE       VALUE  FROM      YEAR
                                                  NORMAL
..................................................................
TEMPERATURE (F)
 YESTERDAY
  MAXIMUM         59    432 PM  76    1937  53      6       72
                                      1932
                                      1925
  MINIMUM         28    608 AM  -8    1895  31     -3       40
  AVERAGE         44                        42      2       56

PRECIPITATION (IN)
  YESTERDAY        0.00          0.84 1980   0.05  -0.05     0.00
  MONTH TO DATE    0.26                      0.34  -0.08     0.04
  SINCE JAN 1      0.37                      1.73  -1.36     1.84

SNOWFALL (IN)
  YESTERDAY        0.0           6.5  1986   0.1   -0.1      0.0
  MONTH TO DATE    0.0                       0.5   -0.5      0.0
  SINCE JUL 1      1.2                       5.8   -4.6      6.0
  SNOW DEPTH       0

DEGREE DAYS
 HEATING
  YESTERDAY       21                        23     -2        9
  MONTH TO DATE  160                       166     -6      180
  SINCE JUL 1   2048                      2319   -271     2239
..................................................................


WIND (MPH)
  HIGHEST WIND SPEED    28   HIGHEST WIND DIRECTION    NW (330)
  HIGHEST GUST SPEED    35   HIGHEST GUST DIRECTION    NW (330)
  AVERAGE WIND SPEED    14.2


SKY COVER
  AVERAGE SKY COVER 0.2


WEATHER CONDITIONS
 THE FOLLOWING WEATHER WAS RECORDED YESTERDAY.
  NO SIGNIFICANT WEATHER WAS OBSERVED.


RELATIVE HUMIDITY (PERCENT)
 HIGHEST    85           400 AM
 LOWEST     26           300 PM
 AVERAGE    56

..........................................................


THE OKLAHOMA CITY CLIMATE NORMALS FOR TODAY
                         NORMAL    RECORD    YEAR
 MAXIMUM TEMPERATURE (F)   53        78      2015
 MINIMUM TEMPERATURE (F)   31        -5      1933


SUNRISE AND SUNSET
FEBRUARY  8 2016......SUNRISE   724 AM CST   SUNSET   605 PM CST
FEBRUARY  9 2016......SUNRISE   723 AM CST   SUNSET   606 PM CST


-  INDICATES NEGATIVE NUMBERS.
R  INDICATES RECORD WAS SET OR TIED.
MM INDICATES DATA IS MISSING.
T  INDICATES TRACE AMOUNT.




$$
