000
CDUS44 KOUN 092316
CLIOKC

CLIMATE REPORT
NATIONAL WEATHER SERVICE NORMAN OK
515 PM CST FRI DEC 9 2016


...................................

...THE OKLAHOMA CITY CLIMATE SUMMARY FOR DECEMBER 9 2016...
VALID TODAY AS OF 0500 PM LOCAL TIME.

CLIMATE NORMAL PERIOD 1981 TO 2010
CLIMATE RECORD PERIOD 1890 TO 2016


WEATHER ITEM   OBSERVED TIME   RECORD YEAR NORMAL DEPARTURE LAST
                VALUE   (LST)  VALUE       VALUE  FROM      YEAR
                                                  NORMAL
..................................................................
TEMPERATURE (F)
 TODAY
  MAXIMUM         34    439 PM  74    2015  52    -18       74
  MINIMUM         20    518 AM   3    1919  32    -12       36
  AVERAGE         27                        42    -15       55

PRECIPITATION (IN)
  TODAY            0.00          1.93 1911   0.06  -0.06     0.00
  MONTH TO DATE    0.62                      0.58   0.04     0.00
  SINCE JAN 1     26.12                     35.22  -9.10    51.99

SNOWFALL (IN)
  TODAY            0.0           1.9  1932   0.1   -0.1      0.0
  MONTH TO DATE    0.0                       0.4   -0.4      0.0
  SINCE JUL 1      T                         0.8   -0.8       T
  SNOW DEPTH       0

DEGREE DAYS
 HEATING
  TODAY           38                        23     15       10
  MONTH TO DATE  236                       200     36      167
  SINCE JUL 1    559                       799   -240      652
..................................................................


WIND (MPH)
  HIGHEST WIND SPEED    15   HIGHEST WIND DIRECTION     S (160)
  HIGHEST GUST SPEED    19   HIGHEST GUST DIRECTION    SE (150)
  AVERAGE WIND SPEED     8.3


SKY COVER
  AVERAGE SKY COVER 0.8


WEATHER CONDITIONS
 THE FOLLOWING WEATHER WAS RECORDED TODAY.
  NO SIGNIFICANT WEATHER WAS OBSERVED.


RELATIVE HUMIDITY (PERCENT)
 HIGHEST    68           800 AM
 LOWEST     39          1200 AM
 AVERAGE    54

..........................................................


THE OKLAHOMA CITY CLIMATE NORMALS FOR TOMORROW
                         NORMAL    RECORD    YEAR
 MAXIMUM TEMPERATURE (F)   51        75      1996
 MINIMUM TEMPERATURE (F)   31         3      1919


SUNRISE AND SUNSET
DECEMBER  9 2016......SUNRISE   728 AM CST   SUNSET   518 PM CST
DECEMBER 10 2016......SUNRISE   729 AM CST   SUNSET   518 PM CST


-  INDICATES NEGATIVE NUMBERS.
R  INDICATES RECORD WAS SET OR TIED.
MM INDICATES DATA IS MISSING.
T  INDICATES TRACE AMOUNT.




$$
