000
CDUS44 KOUN 270714
CLIOKC

CLIMATE REPORT
NATIONAL WEATHER SERVICE NORMAN OK
1235 AM CST MON FEB 27 2017


...................................

...THE OKLAHOMA CITY CLIMATE SUMMARY FOR FEBRUARY 26 2017...

CLIMATE NORMAL PERIOD 1981 TO 2010
CLIMATE RECORD PERIOD 1890 TO 2017


WEATHER ITEM   OBSERVED TIME   RECORD YEAR NORMAL DEPARTURE LAST
                VALUE   (LST)  VALUE       VALUE  FROM      YEAR
                                                  NORMAL
..................................................................
TEMPERATURE (F)
 YESTERDAY
  MAXIMUM         59    323 PM  82    1996  58      1       61
  MINIMUM         33   1251 AM  10    1891  36     -3       24
  AVERAGE         46                        47     -1       43

PRECIPITATION (IN)
  YESTERDAY        0.00          1.34 1903   0.06  -0.06     0.00
  MONTH TO DATE    3.12                      1.44   1.68     0.95
  SINCE JAN 1      4.69                      2.83   1.86     1.06

SNOWFALL (IN)
  YESTERDAY        0.0           2.0  1942   0.0    0.0      0.0
  MONTH TO DATE    0.0                       1.3   -1.3      0.0
  SINCE JUL 1      2.1                       6.6   -4.5      1.2
  SNOW DEPTH       0

DEGREE DAYS
 HEATING
  YESTERDAY       19                        18      1       22
  MONTH TO DATE  385                       561   -176      446
  SINCE JUL 1   2212                      2714   -502     2334
..................................................................


WIND (MPH)
  HIGHEST WIND SPEED    24   HIGHEST WIND DIRECTION     S (180)
  HIGHEST GUST SPEED    31   HIGHEST GUST DIRECTION     S (180)
  AVERAGE WIND SPEED    10.3


SKY COVER
  AVERAGE SKY COVER 0.8


WEATHER CONDITIONS
 THE FOLLOWING WEATHER WAS RECORDED YESTERDAY.
  NO SIGNIFICANT WEATHER WAS OBSERVED.


RELATIVE HUMIDITY (PERCENT)
 HIGHEST    60          1100 PM
 LOWEST     38          1200 PM
 AVERAGE    49

..........................................................


THE OKLAHOMA CITY CLIMATE NORMALS FOR TODAY
                         NORMAL    RECORD    YEAR
 MAXIMUM TEMPERATURE (F)   58        83      1918
 MINIMUM TEMPERATURE (F)   36        10      2002


SUNRISE AND SUNSET
FEBRUARY 27 2017......SUNRISE   702 AM CST   SUNSET   624 PM CST
FEBRUARY 28 2017......SUNRISE   701 AM CST   SUNSET   625 PM CST


-  INDICATES NEGATIVE NUMBERS.
R  INDICATES RECORD WAS SET OR TIED.
MM INDICATES DATA IS MISSING.
T  INDICATES TRACE AMOUNT.




$$
