000
CDUS44 KOUN 040647
CLIOKC

OUNCLIOKC 000
TTAA00 KOUN 040635


CLIMATE REPORT
NATIONAL WEATHER SERVICE NORMAN OK
1235 AM CST WED MAR 4 2015


...................................

...THE OKLAHOMA CITY CLIMATE SUMMARY FOR MARCH 3 2015...

CLIMATE NORMAL PERIOD 1981 TO 2010
CLIMATE RECORD PERIOD 1890 TO 2015


WEATHER ITEM   OBSERVED TIME   RECORD YEAR NORMAL DEPARTURE LAST
                VALUE   (LST)  VALUE       VALUE  FROM      YEAR
                                                  NORMAL
..................................................................
TEMPERATURE (F)
 YESTERDAY
  MAXIMUM         58    310 PM  84    1955  59     -1       24
  MINIMUM         37   1222 AM   3    1960  37      0        6
  AVERAGE         48                        48      0       15

PRECIPITATION (IN)
  YESTERDAY        0.00          1.46 1985   0.08  -0.08      T
  MONTH TO DATE    T                         0.25  -0.25     0.16
  SINCE JAN 1      2.21                      3.22  -1.01     0.59

SNOWFALL (IN)
  YESTERDAY        0.0           0.8  1969   0.0    0.0       T
  MONTH TO DATE    0.0                       0.1   -0.1      1.5
  SINCE JUL 1     10.6                       6.8    3.8     10.2
  SNOW DEPTH       0

DEGREE DAYS
 HEATING
  YESTERDAY       17                        17      0       50
  MONTH TO DATE   83                        51     32      130
  SINCE JUL 1   2858                      2801     57     3218

 COOLING
  YESTERDAY        0                         0      0        0
  MONTH TO DATE    0                         0      0        0
  SINCE JAN 1      0                         1     -1        0
..................................................................


WIND (MPH)
  HIGHEST WIND SPEED    26   HIGHEST WIND DIRECTION     S (190)
  HIGHEST GUST SPEED    33   HIGHEST GUST DIRECTION     S (190)
  AVERAGE WIND SPEED    13.8


SKY COVER
  AVERAGE SKY COVER 1.0


WEATHER CONDITIONS
 THE FOLLOWING WEATHER WAS RECORDED YESTERDAY.
  FOG


RELATIVE HUMIDITY (PERCENT)
 HIGHEST    92           100 AM
 LOWEST     57           300 PM
 AVERAGE    75

..........................................................


THE OKLAHOMA CITY CLIMATE NORMALS FOR TODAY
                         NORMAL    RECORD    YEAR
 MAXIMUM TEMPERATURE (F)   60        84      1938
                                             1907
 MINIMUM TEMPERATURE (F)   38         8      1960


SUNRISE AND SUNSET
MARCH  4 2015.........SUNRISE   656 AM CST   SUNSET   628 PM CST
MARCH  5 2015.........SUNRISE   655 AM CST   SUNSET   629 PM CST


-  INDICATES NEGATIVE NUMBERS.
R  INDICATES RECORD WAS SET OR TIED.
MM INDICATES DATA IS MISSING.
T  INDICATES TRACE AMOUNT.




$$
