472
CDUS44 KOUN 300639
CLIOKC

OUNCLIOKC 000
TTAA00 KOUN 300637


CLIMATE REPORT
NATIONAL WEATHER SERVICE NORMAN OK
137 AM CDT SAT JUL 30 2016


...................................

...THE OKLAHOMA CITY CLIMATE SUMMARY FOR JULY 29 2016...

CLIMATE NORMAL PERIOD 1981 TO 2010
CLIMATE RECORD PERIOD 1890 TO 2016


WEATHER ITEM   OBSERVED TIME   RECORD YEAR NORMAL DEPARTURE LAST
                VALUE   (LST)  VALUE       VALUE  FROM      YEAR
                                                  NORMAL
..................................................................
TEMPERATURE (F)
 YESTERDAY
  MAXIMUM         87    508 PM 109    1986  95     -8       96
  MINIMUM         67    717 AM  58    2005  73     -6       69
  AVERAGE         77                        84     -7       83

PRECIPITATION (IN)
  YESTERDAY        0.47          2.02 1975   0.09   0.38     0.00
  MONTH TO DATE    3.65                      2.75   0.90     7.22
  SINCE JAN 1     19.36                     21.43  -2.07    41.65

DEGREE DAYS
 COOLING
  YESTERDAY       12                        19     -7       18
  MONTH TO DATE  537                       524     13      482
  SINCE JAN 1   1159                      1164     -5     1086
..................................................................


WIND (MPH)
  HIGHEST WIND SPEED    39   HIGHEST WIND DIRECTION     N (360)
  HIGHEST GUST SPEED    52   HIGHEST GUST DIRECTION     N (360)
  AVERAGE WIND SPEED     9.5


SKY COVER
  AVERAGE SKY COVER 0.6


WEATHER CONDITIONS
 THE FOLLOWING WEATHER WAS RECORDED YESTERDAY.
  THUNDERSTORM
  HEAVY RAIN
  RAIN
  LIGHT RAIN
  FOG


RELATIVE HUMIDITY (PERCENT)
 HIGHEST    93           500 AM
 LOWEST     46           400 PM
 AVERAGE    70

..........................................................


THE OKLAHOMA CITY CLIMATE NORMALS FOR TODAY
                         NORMAL    RECORD    YEAR
 MAXIMUM TEMPERATURE (F)   95       108      1986
 MINIMUM TEMPERATURE (F)   73        57      1971


SUNRISE AND SUNSET
JULY 30 2016..........SUNRISE   638 AM CDT   SUNSET   835 PM CDT
JULY 31 2016..........SUNRISE   639 AM CDT   SUNSET   834 PM CDT


-  INDICATES NEGATIVE NUMBERS.
R  INDICATES RECORD WAS SET OR TIED.
MM INDICATES DATA IS MISSING.
T  INDICATES TRACE AMOUNT.




$$
