000
CDUS44 KOUN 290632
CLIOKC

OUNCLIOKC 000
TTAA00 KOUN 290632


CLIMATE REPORT
NATIONAL WEATHER SERVICE NORMAN OK
132 AM CDT SAT APR 29 2017


...................................

...THE OKLAHOMA CITY CLIMATE SUMMARY FOR APRIL 28 2017...

CLIMATE NORMAL PERIOD 1981 TO 2010
CLIMATE RECORD PERIOD 1890 TO 2017


WEATHER ITEM   OBSERVED TIME   RECORD YEAR NORMAL DEPARTURE LAST
                VALUE   (LST)  VALUE       VALUE  FROM      YEAR
                                                  NORMAL
..................................................................
TEMPERATURE (F)
 YESTERDAY
  MAXIMUM         78    420 PM  93    1902  76      2       75
  MINIMUM         53    624 AM  35    2008  54     -1       50
  AVERAGE         66                        65      1       63

PRECIPITATION (IN)
  YESTERDAY        0.00          1.97 1960   0.13  -0.13     0.00
  MONTH TO DATE    3.84                      2.80   1.04     7.22
  SINCE JAN 1     11.13                      8.83   2.30     9.70

DEGREE DAYS
 HEATING
  YESTERDAY        0                         3     -3        2
  MONTH TO DATE  123                       167    -44      100
  SINCE JUL 1   2627                      3326   -699     2749

 COOLING
  YESTERDAY        1                         3     -2        0
  MONTH TO DATE   43                        47     -4       30
  SINCE JAN 1    100                        60     40       42
..................................................................


WIND (MPH)
  HIGHEST WIND SPEED    23   HIGHEST WIND DIRECTION     E (110)
  HIGHEST GUST SPEED    29   HIGHEST GUST DIRECTION     E (110)
  AVERAGE WIND SPEED    10.8


SKY COVER
  AVERAGE SKY COVER 0.8


WEATHER CONDITIONS
 THE FOLLOWING WEATHER WAS RECORDED YESTERDAY.
  NO SIGNIFICANT WEATHER WAS OBSERVED.


RELATIVE HUMIDITY (PERCENT)
 HIGHEST    93           700 AM
 LOWEST     50           200 PM
 AVERAGE    72

..........................................................


THE OKLAHOMA CITY CLIMATE NORMALS FOR TODAY
                         NORMAL    RECORD    YEAR
 MAXIMUM TEMPERATURE (F)   76        92      1936
 MINIMUM TEMPERATURE (F)   54        34      1908
                                             1907


SUNRISE AND SUNSET
APRIL 29 2017.........SUNRISE   641 AM CDT   SUNSET   815 PM CDT
APRIL 30 2017.........SUNRISE   640 AM CDT   SUNSET   816 PM CDT


-  INDICATES NEGATIVE NUMBERS.
R  INDICATES RECORD WAS SET OR TIED.
MM INDICATES DATA IS MISSING.
T  INDICATES TRACE AMOUNT.




$$
