000
CDUS45 KGGW 310740
CLIOLF


CLIMATE REPORT
NATIONAL WEATHER SERVICE GLASGOW MT
140 AM MDT SUN AUG 31 2014


...................................

...THE WOLF POINT MT CLIMATE SUMMARY FOR AUGUST 30 2014...

CLIMATE NORMAL PERIOD 1981 TO 2010
CLIMATE RECORD PERIOD 9999 TO 9999


WEATHER ITEM   OBSERVED RECORD YEAR NORMAL DEPARTURE
                VALUE   VALUE       VALUE  FROM
                                           NORMAL
........................................................
TEMPERATURE (F)
 YESTERDAY
  MAXIMUM         68     MM      MM  81
  MINIMUM         56     MM      MM  48
  AVERAGE         62

PRECIPITATION (IN)
  YESTERDAY        0.15  MM      MM   0.03   0.12
  MONTH TO DATE    7.24               1.26   5.98
  SINCE OCT 1     12.97              11.15   1.82
  SINCE JAN 1     12.41               9.65   2.76

SNOWFALL (IN)
  YESTERDAY        0.0   MM      MM  MM
  MONTH TO DATE    0.0               MM
  SINCE JUN 1      0.0               MM
  SINCE JUL 1      0.0               MM

DEGREE DAYS
 HEATING
  YESTERDAY        3

 COOLING
  YESTERDAY        0
........................................................







THE WOLF POINT MT CLIMATE NORMALS FOR TODAY
                         NORMAL    RECORD    YEAR
 MAXIMUM TEMPERATURE (F)   81        MM        MM
 MINIMUM TEMPERATURE (F)   47        MM        MM


SUNRISE AND SUNSET
AUGUST 31 2014........SUNRISE   619 AM MDT   SUNSET   745 PM MDT
SEPTEMBER  1 2014.....SUNRISE   620 AM MDT   SUNSET   743 PM MDT


-  INDICATES NEGATIVE NUMBERS.
R  INDICATES RECORD WAS SET OR TIED.
MM INDICATES DATA IS MISSING.
T  INDICATES TRACE AMOUNT.




$$
