000
CDUS45 KGGW 310742
CLIOLF


CLIMATE REPORT
NATIONAL WEATHER SERVICE GLASGOW MT
140 AM MDT FRI OCT 31 2014


...................................

...THE WOLF POINT MT CLIMATE SUMMARY FOR OCTOBER 30 2014...

CLIMATE NORMAL PERIOD 1981 TO 2010
CLIMATE RECORD PERIOD 9999 TO 9999


WEATHER ITEM   OBSERVED RECORD YEAR NORMAL DEPARTURE
                VALUE   VALUE       VALUE  FROM
                                           NORMAL
........................................................
TEMPERATURE (F)
 YESTERDAY
  MAXIMUM         39     MM      MM  50
  MINIMUM         33     MM      MM  23
  AVERAGE         36

PRECIPITATION (IN)
  YESTERDAY        0.00  MM      MM   0.02  -0.02
  MONTH TO DATE    0.27               0.79  -0.52
  SINCE OCT 1      0.27               0.79  -0.52
  SINCE JAN 1     13.05              11.47   1.58

SNOWFALL (IN)
  YESTERDAY        0.0   MM      MM  MM
  MONTH TO DATE    0.0               MM
  SINCE SEP 1      0.0               MM
  SINCE JUL 1      0.0               MM

DEGREE DAYS
 HEATING
  YESTERDAY       29

 COOLING
  YESTERDAY        0
........................................................







THE WOLF POINT MT CLIMATE NORMALS FOR TODAY
                         NORMAL    RECORD    YEAR
 MAXIMUM TEMPERATURE (F)   50        MM        MM
 MINIMUM TEMPERATURE (F)   23        MM        MM


SUNRISE AND SUNSET
OCTOBER 31 2014.......SUNRISE   746 AM MDT   SUNSET   545 PM MDT
NOVEMBER  1 2014......SUNRISE   748 AM MDT   SUNSET   544 PM MDT


-  INDICATES NEGATIVE NUMBERS.
R  INDICATES RECORD WAS SET OR TIED.
MM INDICATES DATA IS MISSING.
T  INDICATES TRACE AMOUNT.




$$
