000
CDUS46 KSEW 270830
CLIOLM


CLIMATE REPORT
NATIONAL WEATHER SERVICE SEATTLE WA
129 AM PDT WED MAY 27 2015


...................................

...THE OLYMPIA WA AIRPORT CLIMATE SUMMARY FOR MAY 26 2015...

CLIMATE NORMAL PERIOD 1981 TO 2010
CLIMATE RECORD PERIOD 1948 TO 2015


WEATHER ITEM   OBSERVED TIME   RECORD YEAR NORMAL DEPARTURE LAST
                VALUE   (LST)  VALUE       VALUE  FROM      YEAR
                                                  NORMAL
..................................................................
TEMPERATURE (F)
 YESTERDAY
  MAXIMUM         70    244 PM  89    2005  67      3       63
  MINIMUM         48    511 AM  32    1973  45      3       43
                                      1964
  AVERAGE         59                        56      3       53

PRECIPITATION (IN)
  YESTERDAY        0.00          0.42 1969   0.07  -0.07     0.01
  MONTH TO DATE    0.67                      1.96  -1.29     3.25
  SINCE OCT 1     39.52                     44.59  -5.07    38.56
  SINCE JAN 1     20.49                     23.90  -3.41    29.72

DEGREE DAYS
 HEATING
  YESTERDAY        6                         9     -3       12
  MONTH TO DATE  243                       295    -52      226
  SINCE MAR 1   1255                      1432   -177     1258
  SINCE JUL 1   4290                      5154   -864     5041

 COOLING
  YESTERDAY        0                         0      0        0
  MONTH TO DATE    0                         0      0        1
  SINCE MAR 1      0                         0      0        1
  SINCE JAN 1      0                         0      0        1
..................................................................


WIND (MPH)
  RESULTANT WIND SPEED   0   RESULTANT WIND DIRECTION  NE (50)
  HIGHEST WIND SPEED    10   HIGHEST WIND DIRECTION     N (350)
  HIGHEST GUST SPEED    13   HIGHEST GUST DIRECTION    NW (300)
  AVERAGE WIND SPEED     2.7


SKY COVER
  AVERAGE SKY COVER 0.8


WEATHER CONDITIONS
 THE FOLLOWING WEATHER WAS RECORDED YESTERDAY.
  NO SIGNIFICANT WEATHER WAS OBSERVED.


RELATIVE HUMIDITY (PERCENT)
 HIGHEST    93           100 AM
 LOWEST     47           400 PM
 AVERAGE    70

..........................................................


THE OLYMPIA WA AIRPORT CLIMATE NORMALS FOR TODAY
                         NORMAL    RECORD    YEAR
 MAXIMUM TEMPERATURE (F)   67        92      2005
 MINIMUM TEMPERATURE (F)   45        34      1976
                                             1973
                                             1966


SUNRISE AND SUNSET
MAY 27 2015...........SUNRISE   524 AM PDT   SUNSET   854 PM PDT
MAY 28 2015...........SUNRISE   523 AM PDT   SUNSET   855 PM PDT


-  INDICATES NEGATIVE NUMBERS.
R  INDICATES RECORD WAS SET OR TIED.
MM INDICATES DATA IS MISSING.
T  INDICATES TRACE AMOUNT.




$$
