000
CDUS46 KSEW 240120
CLIOLM


CLIMATE REPORT
NATIONAL WEATHER SERVICE SEATTLE WA
620 PM PDT MON OCT 23 2017


...................................

...THE OLYMPIA WA AIRPORT CLIMATE SUMMARY FOR OCTOBER 23 2017...
VALID TODAY AS OF 0600 PM LOCAL TIME.

CLIMATE NORMAL PERIOD 1981 TO 2010
CLIMATE RECORD PERIOD 1948 TO 2017


WEATHER ITEM   OBSERVED TIME   RECORD YEAR NORMAL DEPARTURE LAST
                VALUE   (LST)  VALUE       VALUE  FROM      YEAR
                                                  NORMAL
..................................................................
TEMPERATURE (F)
 TODAY
  MAXIMUM         66    344 PM  77    1992  57      9       62
  MINIMUM         40    709 AM  27    1975  40      0       45
  AVERAGE         53                        48      5       54

PRECIPITATION (IN)
  TODAY            0.00          1.69 1960   0.19  -0.19      T
  MONTH TO DATE    6.58                      2.96   3.62     9.55
  SINCE OCT 1      6.58                      2.96   3.62     9.55
  SINCE JAN 1     42.25                     32.27   9.98    38.92

DEGREE DAYS
 HEATING
  TODAY           12                        17     -5       11
  MONTH TO DATE  348                       314     34      274
  SINCE SEP 1    484                       504    -20      474
  SINCE JUL 1    540                       654   -114      584

 COOLING
  TODAY            0                         0      0        0
  MONTH TO DATE    0                         0      0        0
  SINCE SEP 1     38                         7     31        0
  SINCE JAN 1    204                       106     98      145
..................................................................


WIND (MPH)
  RESULTANT WIND SPEED   1   RESULTANT WIND DIRECTION  NE (60)
  HIGHEST WIND SPEED     9   HIGHEST WIND DIRECTION     N (10)
  HIGHEST GUST SPEED    11   HIGHEST GUST DIRECTION     N (360)
  AVERAGE WIND SPEED     2.3


SKY COVER
  AVERAGE SKY COVER 0.4


WEATHER CONDITIONS
 THE FOLLOWING WEATHER WAS RECORDED TODAY.
  FOG
  FOG W/VISIBILITY <= 1/4 MILE


RELATIVE HUMIDITY (PERCENT)
 HIGHEST   100          1200 AM
 LOWEST     52           300 PM
 AVERAGE    76

..........................................................


THE OLYMPIA WA AIRPORT CLIMATE NORMALS FOR TOMORROW
                         NORMAL    RECORD    YEAR
 MAXIMUM TEMPERATURE (F)   57        74      1965
 MINIMUM TEMPERATURE (F)   40        29      1975


SUNRISE AND SUNSET
OCTOBER 23 2017.......SUNRISE   742 AM PDT   SUNSET   609 PM PDT
OCTOBER 24 2017.......SUNRISE   743 AM PDT   SUNSET   608 PM PDT


-  INDICATES NEGATIVE NUMBERS.
R  INDICATES RECORD WAS SET OR TIED.
MM INDICATES DATA IS MISSING.
T  INDICATES TRACE AMOUNT.




$$
