000
CDUS46 KSEW 280828
CLIOLM


CLIMATE REPORT
NATIONAL WEATHER SERVICE SEATTLE WA
1228 AM PST SAT FEB 28 2015


...................................

...THE OLYMPIA WA AIRPORT CLIMATE SUMMARY FOR FEBRUARY 27 2015...

CLIMATE NORMAL PERIOD 1981 TO 2010
CLIMATE RECORD PERIOD 1948 TO 2015


WEATHER ITEM   OBSERVED TIME   RECORD YEAR NORMAL DEPARTURE LAST
                VALUE   (LST)  VALUE       VALUE  FROM      YEAR
                                                  NORMAL
..................................................................
TEMPERATURE (F)
 YESTERDAY
  MAXIMUM         50    253 PM  73    1986  51     -1       55
  MINIMUM         44   1103 PM  12    1962  33     11       30
  AVERAGE         47                        42      5       43

PRECIPITATION (IN)
  YESTERDAY        0.45          2.24 1972   0.18   0.27     0.00
  MONTH TO DATE    5.28                      5.09   0.19     8.35
  SINCE OCT 1     30.99                     33.62  -2.63    21.88
  SINCE JAN 1     11.96                     12.93  -0.97    13.04

DEGREE DAYS
 HEATING
  YESTERDAY       18                        23     -5       22
  MONTH TO DATE  505                       644   -139      718
  SINCE DEC 1   1914                      2250   -336     2367
  SINCE JUL 1   3013                      3695   -682     3763

 COOLING
  YESTERDAY        0                         0      0        0
  MONTH TO DATE    0                         0      0        0
  SINCE DEC 1      0                         0      0        0
  SINCE JAN 1      0                         0      0        0
..................................................................


WIND (MPH)
  RESULTANT WIND SPEED   5   RESULTANT WIND DIRECTION  NE (30)
  HIGHEST WIND SPEED    17   HIGHEST WIND DIRECTION    NE (40)
  HIGHEST GUST SPEED    23   HIGHEST GUST DIRECTION    NE (30)
  AVERAGE WIND SPEED     7.1


SKY COVER
  AVERAGE SKY COVER 0.9


WEATHER CONDITIONS
 THE FOLLOWING WEATHER WAS RECORDED YESTERDAY.
  RAIN
  LIGHT RAIN
  FOG


RELATIVE HUMIDITY (PERCENT)
 HIGHEST   100           500 AM
 LOWEST     76          1000 PM
 AVERAGE    88

..........................................................


THE OLYMPIA WA AIRPORT CLIMATE NORMALS FOR TODAY
                         NORMAL    RECORD    YEAR
 MAXIMUM TEMPERATURE (F)   51        69      1992
 MINIMUM TEMPERATURE (F)   33        14      1960


SUNRISE AND SUNSET
FEBRUARY 28 2015......SUNRISE   653 AM PST   SUNSET   555 PM PST
MARCH  1 2015.........SUNRISE   652 AM PST   SUNSET   557 PM PST


-  INDICATES NEGATIVE NUMBERS.
R  INDICATES RECORD WAS SET OR TIED.
MM INDICATES DATA IS MISSING.
T  INDICATES TRACE AMOUNT.




$$
