000
CDUS46 KSEW 190830
CLIOLM


CLIMATE REPORT
NATIONAL WEATHER SERVICE SEATTLE WA
1230 AM PST FRI DEC 19 2014


...................................

...THE OLYMPIA WA AIRPORT CLIMATE SUMMARY FOR DECEMBER 18 2014...

CLIMATE NORMAL PERIOD 1981 TO 2010
CLIMATE RECORD PERIOD 1948 TO 2014


WEATHER ITEM   OBSERVED TIME   RECORD YEAR NORMAL DEPARTURE LAST
                VALUE   (LST)  VALUE       VALUE  FROM      YEAR
                                                  NORMAL
..................................................................
TEMPERATURE (F)
 YESTERDAY
  MAXIMUM         51    635 PM  56    2004  44      7       48
  MINIMUM         40    801 AM  13    2005  32      8       28
  AVERAGE         46                        38      8       38

PRECIPITATION (IN)
  YESTERDAY        0.40          1.11 1960   0.21   0.19     0.03
  MONTH TO DATE    3.09                      4.49  -1.40     1.42
  SINCE OCT 1     16.12                     17.72  -1.60     8.24
  SINCE JAN 1     51.60                     47.03   4.57    40.86

DEGREE DAYS
 HEATING
  YESTERDAY       19                        27     -8       27
  MONTH TO DATE  412                       475    -63      558
  SINCE DEC 1    412                       475    -63      558
  SINCE JUL 1   1511                      1920   -409     1954

 COOLING
  YESTERDAY        0                         0      0        0
  MONTH TO DATE    0                         0      0        0
  SINCE DEC 1      0                         0      0        0
  SINCE JAN 1    187                       106     81      147
..................................................................


WIND (MPH)
  RESULTANT WIND SPEED   3   RESULTANT WIND DIRECTION   S (190)
  HIGHEST WIND SPEED    24   HIGHEST WIND DIRECTION    SW (210)
  HIGHEST GUST SPEED    31   HIGHEST GUST DIRECTION    SW (210)
  AVERAGE WIND SPEED     4.0


SKY COVER
  AVERAGE SKY COVER 0.9


WEATHER CONDITIONS
 THE FOLLOWING WEATHER WAS RECORDED YESTERDAY.
  LIGHT RAIN
  FOG
  FOG W/VISIBILITY <= 1/4 MILE


RELATIVE HUMIDITY (PERCENT)
 HIGHEST   100           600 AM
 LOWEST     86           800 PM
 AVERAGE    93

..........................................................


THE OLYMPIA WA AIRPORT CLIMATE NORMALS FOR TODAY
                         NORMAL    RECORD    YEAR
 MAXIMUM TEMPERATURE (F)   44        55      1981
                                             1959
 MINIMUM TEMPERATURE (F)   32        11      2008


SUNRISE AND SUNSET
DECEMBER 19 2014......SUNRISE   753 AM PST   SUNSET   424 PM PST
DECEMBER 20 2014......SUNRISE   754 AM PST   SUNSET   425 PM PST


-  INDICATES NEGATIVE NUMBERS.
R  INDICATES RECORD WAS SET OR TIED.
MM INDICATES DATA IS MISSING.
T  INDICATES TRACE AMOUNT.




$$
