000
CDUS46 KSEW 220832
CLIOLM


CLIMATE REPORT
NATIONAL WEATHER SERVICE SEATTLE WA
1231 AM PST MON JAN 22 2018


...................................

...THE OLYMPIA WA AIRPORT CLIMATE SUMMARY FOR JANUARY 21 2018...

CLIMATE NORMAL PERIOD 1981 TO 2010
CLIMATE RECORD PERIOD 1948 TO 2018


WEATHER ITEM   OBSERVED TIME   RECORD YEAR NORMAL DEPARTURE LAST
                VALUE   (LST)  VALUE       VALUE  FROM      YEAR
                                                  NORMAL
..................................................................
TEMPERATURE (F)
 YESTERDAY
  MAXIMUM         48    623 AM  57    2005  47      1       48
  MINIMUM         36   1055 PM   4    1962  34      2       32
  AVERAGE         42                        40      2       40

PRECIPITATION (IN)
  YESTERDAY        0.28          1.75 2016   0.26   0.02     0.15
  MONTH TO DATE    5.15                      5.49  -0.34     3.74
  SINCE OCT 1     30.91                     26.18   4.73    31.84
  SINCE JAN 1      5.15                      5.49  -0.34     3.74

DEGREE DAYS
 HEATING
  YESTERDAY       23                        25     -2       25
  MONTH TO DATE  466                       535    -69      658
  SINCE DEC 1   1326                      1360    -34     1570
  SINCE JUL 1   2628                      2805   -177     2767

 COOLING
  YESTERDAY        0                         0      0        0
  MONTH TO DATE    0                         0      0        0
  SINCE DEC 1      0                         0      0        0
  SINCE JAN 1      0                         0      0        0
..................................................................


WIND (MPH)
  RESULTANT WIND SPEED  13   RESULTANT WIND DIRECTION   S (190)
  HIGHEST WIND SPEED    30   HIGHEST WIND DIRECTION     S (180)
  HIGHEST GUST SPEED    42   HIGHEST GUST DIRECTION     S (170)
  AVERAGE WIND SPEED    13.8


SKY COVER
  AVERAGE SKY COVER 0.8


WEATHER CONDITIONS
 THE FOLLOWING WEATHER WAS RECORDED YESTERDAY.
  RAIN
  LIGHT RAIN
  FOG


RELATIVE HUMIDITY (PERCENT)
 HIGHEST   100           800 PM
 LOWEST     66           400 AM
 AVERAGE    83

..........................................................


THE OLYMPIA WA AIRPORT CLIMATE NORMALS FOR TODAY
                         NORMAL    RECORD    YEAR
 MAXIMUM TEMPERATURE (F)   47        56      1995
 MINIMUM TEMPERATURE (F)   34         6      1969


SUNRISE AND SUNSET
JANUARY 22 2018.......SUNRISE   747 AM PST   SUNSET   500 PM PST
JANUARY 23 2018.......SUNRISE   746 AM PST   SUNSET   501 PM PST


-  INDICATES NEGATIVE NUMBERS.
R  INDICATES RECORD WAS SET OR TIED.
MM INDICATES DATA IS MISSING.
T  INDICATES TRACE AMOUNT.




$$
