000
CDUS46 KSEW 070829
CLIOLM


CLIMATE REPORT
NATIONAL WEATHER SERVICE SEATTLE WA
1229 AM PST WED DEC 7 2016


...................................

...THE OLYMPIA WA AIRPORT CLIMATE SUMMARY FOR DECEMBER 6 2016...

CLIMATE NORMAL PERIOD 1981 TO 2010
CLIMATE RECORD PERIOD 1948 TO 2016


WEATHER ITEM   OBSERVED TIME   RECORD YEAR NORMAL DEPARTURE LAST
                VALUE   (LST)  VALUE       VALUE  FROM      YEAR
                                                  NORMAL
..................................................................
TEMPERATURE (F)
 YESTERDAY
  MAXIMUM         41    232 PM  58    1965  45     -4       54
  MINIMUM         23   1106 PM  17    1980  33    -10       47
  AVERAGE         32                        39     -7       51

PRECIPITATION (IN)
  YESTERDAY        0.05          1.49 1970   0.27  -0.22     0.30
  MONTH TO DATE    1.09                      1.67  -0.58     2.20
  SINCE OCT 1     22.80                     14.90   7.90    20.70
  SINCE JAN 1     52.17                     44.21   7.96    45.22

DEGREE DAYS
 HEATING
  YESTERDAY       33                        26      7       14
  MONTH TO DATE  155                       154      1      120
  SINCE DEC 1    155                       154      1      120
  SINCE JUL 1   1352                      1599   -247     1396

 COOLING
  YESTERDAY        0                         0      0        0
  MONTH TO DATE    0                         0      0        0
  SINCE DEC 1      0                         0      0        0
  SINCE JAN 1    145                       106     39      264
..................................................................


WIND (MPH)
  RESULTANT WIND SPEED   2   RESULTANT WIND DIRECTION  NE (60)
  HIGHEST WIND SPEED    12   HIGHEST WIND DIRECTION    NE (50)
  HIGHEST GUST SPEED    16   HIGHEST GUST DIRECTION    NE (60)
  AVERAGE WIND SPEED     3.5


SKY COVER
  AVERAGE SKY COVER 0.6


WEATHER CONDITIONS
 THE FOLLOWING WEATHER WAS RECORDED YESTERDAY.
  LIGHT SNOW
  FOG


RELATIVE HUMIDITY (PERCENT)
 HIGHEST   100           100 AM
 LOWEST     63           700 PM
 AVERAGE    82

..........................................................


THE OLYMPIA WA AIRPORT CLIMATE NORMALS FOR TODAY
                         NORMAL    RECORD    YEAR
 MAXIMUM TEMPERATURE (F)   45        58      1962
 MINIMUM TEMPERATURE (F)   33         5      1972


SUNRISE AND SUNSET
DECEMBER  7 2016......SUNRISE   744 AM PST   SUNSET   423 PM PST
DECEMBER  8 2016......SUNRISE   745 AM PST   SUNSET   423 PM PST


-  INDICATES NEGATIVE NUMBERS.
R  INDICATES RECORD WAS SET OR TIED.
MM INDICATES DATA IS MISSING.
T  INDICATES TRACE AMOUNT.




$$
