000
CDUS46 KSEW 200827
CLIOLM


CLIMATE REPORT
NATIONAL WEATHER SERVICE SEATTLE WA
127 AM PDT MON OCT 20 2014


...................................

...THE OLYMPIA WA AIRPORT CLIMATE SUMMARY FOR OCTOBER 19 2014...

CLIMATE NORMAL PERIOD 1981 TO 2010
CLIMATE RECORD PERIOD 1948 TO 2014


WEATHER ITEM   OBSERVED TIME   RECORD YEAR NORMAL DEPARTURE LAST
                VALUE   (LST)  VALUE       VALUE  FROM      YEAR
                                                  NORMAL
..................................................................
TEMPERATURE (F)
 YESTERDAY
  MAXIMUM         73R   249 PM  69    1964  59     14       50
                                      1952
  MINIMUM         52   1259 AM  21    1976  40     12       40
  AVERAGE         63                        49     14       45

PRECIPITATION (IN)
  YESTERDAY        0.02          1.26 2007   0.16  -0.14     0.00
  MONTH TO DATE    1.53                      2.26  -0.73     1.93
  SINCE OCT 1      1.53                      2.26  -0.73     1.93
  SINCE JAN 1     37.01                     31.57   5.44    34.55

DEGREE DAYS
 HEATING
  YESTERDAY        2                        16    -14       20
  MONTH TO DATE  130                       249   -119      298
  SINCE SEP 1    248                       439   -191      440
  SINCE JUL 1    301                       589   -288      517

 COOLING
  YESTERDAY        0                         0      0        0
  MONTH TO DATE    0                         0      0        0
  SINCE SEP 1      6                         7     -1       26
  SINCE JAN 1    187                       106     81      147
..................................................................


WIND (MPH)
  RESULTANT WIND SPEED   4   RESULTANT WIND DIRECTION   S (200)
  HIGHEST WIND SPEED    20   HIGHEST WIND DIRECTION     S (190)
  HIGHEST GUST SPEED    24   HIGHEST GUST DIRECTION     S (180)
  AVERAGE WIND SPEED     4.4


SKY COVER
  AVERAGE SKY COVER 0.8


WEATHER CONDITIONS
 THE FOLLOWING WEATHER WAS RECORDED YESTERDAY.
  LIGHT RAIN
  FOG
  FOG W/VISIBILITY <= 1/4 MILE


RELATIVE HUMIDITY (PERCENT)
 HIGHEST   100          1200 AM
 LOWEST     57           100 PM
 AVERAGE    79

..........................................................


THE OLYMPIA WA AIRPORT CLIMATE NORMALS FOR TODAY
                         NORMAL    RECORD    YEAR
 MAXIMUM TEMPERATURE (F)   59        71      1987
 MINIMUM TEMPERATURE (F)   40        23      1949


SUNRISE AND SUNSET
OCTOBER 20 2014.......SUNRISE   737 AM PDT   SUNSET   615 PM PDT
OCTOBER 21 2014.......SUNRISE   738 AM PDT   SUNSET   613 PM PDT


-  INDICATES NEGATIVE NUMBERS.
R  INDICATES RECORD WAS SET OR TIED.
MM INDICATES DATA IS MISSING.
T  INDICATES TRACE AMOUNT.




$$
