000
CDUS46 KSEW 300827
CLIOLM


CLIMATE REPORT
NATIONAL WEATHER SERVICE SEATTLE WA
127 AM PDT MON MAR 30 2015


...................................

...THE OLYMPIA WA AIRPORT CLIMATE SUMMARY FOR MARCH 29 2015...

CLIMATE NORMAL PERIOD 1981 TO 2010
CLIMATE RECORD PERIOD 1948 TO 2015


WEATHER ITEM   OBSERVED TIME   RECORD YEAR NORMAL DEPARTURE LAST
                VALUE   (LST)  VALUE       VALUE  FROM      YEAR
                                                  NORMAL
..................................................................
TEMPERATURE (F)
 YESTERDAY
  MAXIMUM         62    237 PM  79    2004  56      6       52
  MINIMUM         42    501 AM  20    1954  36      6       44
  AVERAGE         52                        46      6       48

PRECIPITATION (IN)
  YESTERDAY        0.00          1.98 2012   0.15  -0.15     0.76
  MONTH TO DATE    5.64                      4.98   0.66     9.06
  SINCE OCT 1     36.63                     38.78  -2.15    30.94
  SINCE JAN 1     17.60                     18.09  -0.49    22.10

DEGREE DAYS
 HEATING
  YESTERDAY       13                        19     -6       17
  MONTH TO DATE  499                       598    -99      536
  SINCE MAR 1    499                       598    -99      536
  SINCE JUL 1   3534                      4320   -786     4319

 COOLING
  YESTERDAY        0                         0      0        0
  MONTH TO DATE    0                         0      0        0
  SINCE MAR 1      0                         0      0        0
  SINCE JAN 1      0                         0      0        0
..................................................................


WIND (MPH)
  RESULTANT WIND SPEED   5   RESULTANT WIND DIRECTION  SW (210)
  HIGHEST WIND SPEED    16   HIGHEST WIND DIRECTION    SW (220)
  HIGHEST GUST SPEED    20   HIGHEST GUST DIRECTION    SW (210)
  AVERAGE WIND SPEED     5.1


SKY COVER
  AVERAGE SKY COVER 0.8


WEATHER CONDITIONS
 THE FOLLOWING WEATHER WAS RECORDED YESTERDAY.
  NO SIGNIFICANT WEATHER WAS OBSERVED.


RELATIVE HUMIDITY (PERCENT)
 HIGHEST    92           200 AM
 LOWEST     51           100 PM
 AVERAGE    72

..........................................................


THE OLYMPIA WA AIRPORT CLIMATE NORMALS FOR TODAY
                         NORMAL    RECORD    YEAR
 MAXIMUM TEMPERATURE (F)   56        76      1995
 MINIMUM TEMPERATURE (F)   36        22      1954


SUNRISE AND SUNSET
MARCH 30 2015.........SUNRISE   655 AM PDT   SUNSET   738 PM PDT
MARCH 31 2015.........SUNRISE   653 AM PDT   SUNSET   739 PM PDT


-  INDICATES NEGATIVE NUMBERS.
R  INDICATES RECORD WAS SET OR TIED.
MM INDICATES DATA IS MISSING.
T  INDICATES TRACE AMOUNT.




$$
