000
CDUS46 KSEW 050826
CLIOLM


CLIMATE REPORT
NATIONAL WEATHER SERVICE SEATTLE WA
126 AM PDT SAT SEP 5 2015


...................................

...THE OLYMPIA WA AIRPORT CLIMATE SUMMARY FOR SEPTEMBER 4 2015...

CLIMATE NORMAL PERIOD 1981 TO 2010
CLIMATE RECORD PERIOD 1948 TO 2015


WEATHER ITEM   OBSERVED TIME   RECORD YEAR NORMAL DEPARTURE LAST
                VALUE   (LST)  VALUE       VALUE  FROM      YEAR
                                                  NORMAL
..................................................................
TEMPERATURE (F)
 YESTERDAY
  MAXIMUM         65    413 PM  92    2003  75    -10       75
  MINIMUM         42    324 AM  36    1952  48     -6       43
  AVERAGE         54                        62     -8       59

PRECIPITATION (IN)
  YESTERDAY        0.00          1.32 1959   0.06  -0.06     0.00
  MONTH TO DATE    0.35                      0.20   0.15      T
  SINCE OCT 1     43.00                     48.49  -5.49    41.25
  SINCE JAN 1     23.97                     27.80  -3.83    32.41

DEGREE DAYS
 HEATING
  YESTERDAY       11                         4      7        6
  MONTH TO DATE   32                        15     17       18
  SINCE SEP 1     32                        15     17       18
  SINCE JUL 1     77                       165    -88       71

 COOLING
  YESTERDAY        0                         1     -1        0
  MONTH TO DATE    0                         4     -4        0
  SINCE SEP 1      0                         4     -4        0
  SINCE JAN 1    262                       103    159      181
..................................................................


WIND (MPH)
  RESULTANT WIND SPEED   3   RESULTANT WIND DIRECTION  NE (40)
  HIGHEST WIND SPEED    14   HIGHEST WIND DIRECTION     N (10)
  HIGHEST GUST SPEED    20   HIGHEST GUST DIRECTION    NE (40)
  AVERAGE WIND SPEED     3.7


SKY COVER
  AVERAGE SKY COVER 0.5


WEATHER CONDITIONS
 THE FOLLOWING WEATHER WAS RECORDED YESTERDAY.
  FOG


RELATIVE HUMIDITY (PERCENT)
 HIGHEST   100           100 AM
 LOWEST     52           100 PM
 AVERAGE    76

..........................................................


THE OLYMPIA WA AIRPORT CLIMATE NORMALS FOR TODAY
                         NORMAL    RECORD    YEAR
 MAXIMUM TEMPERATURE (F)   75        91      1973
 MINIMUM TEMPERATURE (F)   48        37      2002


SUNRISE AND SUNSET
SEPTEMBER  5 2015.....SUNRISE   636 AM PDT   SUNSET   744 PM PDT
SEPTEMBER  6 2015.....SUNRISE   637 AM PDT   SUNSET   742 PM PDT


-  INDICATES NEGATIVE NUMBERS.
R  INDICATES RECORD WAS SET OR TIED.
MM INDICATES DATA IS MISSING.
T  INDICATES TRACE AMOUNT.




$$
