000
CDUS43 KOAX 282225
CLIOMA


CLIMATE REPORT
NATIONAL WEATHER SERVICE OMAHA NEBRASKA
424 PM CST FRI NOV 28 2014


...................................

...THE OMAHA EPPLEY, NEBRASKA CLIMATE SUMMARY FOR NOVEMBER 28 2014...
VALID TODAY AS OF 0400 PM LOCAL TIME.

CLIMATE NORMAL PERIOD 1981 TO 2010
CLIMATE RECORD PERIOD 1871 TO 2014


WEATHER ITEM   OBSERVED TIME   RECORD YEAR NORMAL DEPARTURE LAST
                VALUE   (LST)  VALUE       VALUE  FROM      YEAR
                                                  NORMAL
..................................................................
TEMPERATURE (F)
 TODAY
  MAXIMUM         52    348 PM  65    2006  42     10       35
  MINIMUM         25   1235 AM  -4    1976  23      2       17
  AVERAGE         39                        32      7       26

PRECIPITATION (IN)
  TODAY            0.00          0.47 1971   0.05  -0.05     0.00
  MONTH TO DATE    0.22                      1.55  -1.33     1.06
  SINCE SEP 1      8.81                      6.38   2.43     7.56
  SINCE JAN 1     37.46                     29.49   7.97    28.80

SNOWFALL (IN)
  TODAY            0.0                       0.2   -0.2      0.0
  MONTH TO DATE    2.4                       2.2    0.2      0.4
  SINCE JUL 1      2.4                       2.5   -0.1      0.4
  SNOW DEPTH       0

DEGREE DAYS
 HEATING
  TODAY           26                        33     -7       39
  MONTH TO DATE  863                       718    145      763
  SINCE SEP 1   1237                      1195     42     1165
  SINCE JUL 1   1241                      1203     38     1170

 COOLING
  TODAY            0                         0      0        0
  MONTH TO DATE    0                         0      0        0
  SINCE SEP 1    126                       132     -6      228
  SINCE JAN 1   1149                      1112     37     1294
..................................................................


WIND (MPH)
  HIGHEST WIND SPEED    18   HIGHEST WIND DIRECTION    SE (150)
  HIGHEST GUST SPEED    22   HIGHEST GUST DIRECTION     S (160)
  AVERAGE WIND SPEED    12.9


SKY COVER
  POSSIBLE SUNSHINE  MM
  AVERAGE SKY COVER 0.4


WEATHER CONDITIONS
 THE FOLLOWING WEATHER WAS RECORDED TODAY.
  NO SIGNIFICANT WEATHER WAS OBSERVED.


RELATIVE HUMIDITY (PERCENT)
 HIGHEST    81           300 AM
 LOWEST     44           300 PM
 AVERAGE    63

..........................................................


THE OMAHA EPPLEY, NEBRASKA CLIMATE NORMALS FOR TOMORROW
                         NORMAL    RECORD    YEAR
 MAXIMUM TEMPERATURE (F)   41        72      1998
 MINIMUM TEMPERATURE (F)   22        -6      1875


SUNRISE AND SUNSET
NOVEMBER 28 2014......SUNRISE   727 AM CST   SUNSET   456 PM CST
NOVEMBER 29 2014......SUNRISE   728 AM CST   SUNSET   456 PM CST


-  INDICATES NEGATIVE NUMBERS.
R  INDICATES RECORD WAS SET OR TIED.
MM INDICATES DATA IS MISSING.
T  INDICATES TRACE AMOUNT.




$$
