000
CDUS43 KOAX 142246
CLIOMA


CLIMATE REPORT
NATIONAL WEATHER SERVICE OMAHA NEBRASKA
443 PM CST SUN FEB 14 2016


...................................

...THE OMAHA EPPLEY, NEBRASKA CLIMATE SUMMARY FOR FEBRUARY 14 2016...
VALID TODAY AS OF 400 PM LOCAL TIME.

CLIMATE NORMAL PERIOD 1981 TO 2010
CLIMATE RECORD PERIOD 1871 TO 2016


WEATHER ITEM   OBSERVED TIME   RECORD YEAR NORMAL DEPARTURE LAST
                VALUE   (LST)  VALUE       VALUE  FROM      YEAR
                                                  NORMAL
..................................................................
TEMPERATURE (F)
 TODAY
  MAXIMUM         37    349 PM  72    1967  38     -1       35
  MINIMUM         20    425 AM -18    1936  18      2       12
  AVERAGE         29                        28      1       24

PRECIPITATION (IN)
  TODAY            T             0.62 1969   0.03  -0.03      T
  MONTH TO DATE    0.49                      0.38   0.11     0.39
  SINCE DEC 1      6.86                      2.14   4.72     2.76
  SINCE JAN 1      1.60                      1.10   0.50     1.08

SNOWFALL (IN)
  TODAY            T                         0.2   -0.2       T
  MONTH TO DATE    6.1                       3.2    2.9      5.9
  SINCE JUL 1     27.2                      18.3    8.9     13.1
  SNOW DEPTH       0

DEGREE DAYS
 HEATING
  TODAY           36                        37     -1       41
  MONTH TO DATE  549                       546      3      571
  SINCE DEC 1   2751                      3041   -290     2749
  SINCE JUL 1   3629                      4311   -682     4050

 COOLING
  TODAY            0                         0      0        0
  MONTH TO DATE    0                         0      0        0
  SINCE DEC 1      0                         0      0        0
  SINCE JAN 1      0                         0      0        0
..................................................................


WIND (MPH)
  HIGHEST WIND SPEED    25   HIGHEST WIND DIRECTION     S (160)
  HIGHEST GUST SPEED    30   HIGHEST GUST DIRECTION    SE (140)
  AVERAGE WIND SPEED    14.1


SKY COVER
  POSSIBLE SUNSHINE  MM
  AVERAGE SKY COVER 1.0


WEATHER CONDITIONS
 THE FOLLOWING WEATHER WAS RECORDED TODAY.
  LIGHT SNOW


RELATIVE HUMIDITY (PERCENT)
 HIGHEST    75           400 PM
 LOWEST     49          1200 AM
 AVERAGE    62

..........................................................


THE OMAHA EPPLEY, NEBRASKA CLIMATE NORMALS FOR TOMORROW
                         NORMAL    RECORD    YEAR
 MAXIMUM TEMPERATURE (F)   38        74      1921
 MINIMUM TEMPERATURE (F)   18       -12      1936


SUNRISE AND SUNSET
FEBRUARY 14 2016......SUNRISE   720 AM CST   SUNSET   556 PM CST
FEBRUARY 15 2016......SUNRISE   719 AM CST   SUNSET   557 PM CST


-  INDICATES NEGATIVE NUMBERS.
R  INDICATES RECORD WAS SET OR TIED.
MM INDICATES DATA IS MISSING.
T  INDICATES TRACE AMOUNT.




$$

KLISH
