000
CDUS43 KOAX 130633
CLIOMA


CLIMATE REPORT
NATIONAL WEATHER SERVICE OMAHA NEBRASKA
1231 AM CST WED DEC 13 2017


...................................

...THE OMAHA EPPLEY, NEBRASKA CLIMATE SUMMARY FOR DECEMBER 12 2017...

CLIMATE NORMAL PERIOD 1981 TO 2010
CLIMATE RECORD PERIOD 1871 TO 2017


WEATHER ITEM   OBSERVED TIME   RECORD YEAR NORMAL DEPARTURE LAST
                VALUE   (LST)  VALUE       VALUE  FROM      YEAR
                                                  NORMAL
..................................................................
TEMPERATURE (F)
 YESTERDAY
  MAXIMUM         41    418 PM  65    1921  36      5       35
  MINIMUM         14    723 AM -12    1932  17     -3        9
  AVERAGE         28                        26      2       22

PRECIPITATION (IN)
  YESTERDAY        0.00          1.03 1991   0.03  -0.03     0.00
  MONTH TO DATE    0.01                      0.48  -0.47     0.49
  SINCE DEC 1      0.01                      0.48  -0.47     0.49
  SINCE JAN 1     25.99                     30.06  -4.07    33.66

SNOWFALL (IN)
  YESTERDAY        0.0                       0.2   -0.2      0.0
  MONTH TO DATE    0.1                       2.4   -2.3      1.4
  SINCE JUL 1      0.1                       5.2   -5.1      1.4
  SNOW DEPTH       0

DEGREE DAYS
 HEATING
  YESTERDAY       37                        39     -2       43
  MONTH TO DATE  352                       440    -88      448
  SINCE DEC 1    352                       440    -88      448
  SINCE JUL 1   1412                      1710   -298     1199

 COOLING
  YESTERDAY        0                         0      0        0
  MONTH TO DATE    0                         0      0        0
  SINCE DEC 1      0                         0      0        0
  SINCE JAN 1   1349                      1113    236     1476
..................................................................


WIND (MPH)
  HIGHEST WIND SPEED    21   HIGHEST WIND DIRECTION     N (350)
  HIGHEST GUST SPEED    24   HIGHEST GUST DIRECTION     N (350)
  AVERAGE WIND SPEED     7.4


SKY COVER
  POSSIBLE SUNSHINE  MM
  AVERAGE SKY COVER 0.2


WEATHER CONDITIONS
 THE FOLLOWING WEATHER WAS RECORDED YESTERDAY.
  NO SIGNIFICANT WEATHER WAS OBSERVED.


RELATIVE HUMIDITY (PERCENT)
 HIGHEST    80           400 AM
 LOWEST     51           400 PM
 AVERAGE    66

..........................................................


THE OMAHA EPPLEY, NEBRASKA CLIMATE NORMALS FOR TODAY
                         NORMAL    RECORD    YEAR
 MAXIMUM TEMPERATURE (F)   35        70      1921
 MINIMUM TEMPERATURE (F)   17       -15      1917


SUNRISE AND SUNSET
DECEMBER 13 2017......SUNRISE   741 AM CST   SUNSET   455 PM CST
DECEMBER 14 2017......SUNRISE   742 AM CST   SUNSET   455 PM CST


-  INDICATES NEGATIVE NUMBERS.
R  INDICATES RECORD WAS SET OR TIED.
MM INDICATES DATA IS MISSING.
T  INDICATES TRACE AMOUNT.




$$
