000
CDUS43 KOAX 230716
CLIOMA


CLIMATE REPORT
NATIONAL WEATHER SERVICE OMAHA NEBRASKA
213 AM CDT TUE SEP 23 2014


...................................

...THE OMAHA EPPLEY, NEBRASKA CLIMATE SUMMARY FOR SEPTEMBER 22 2014...

CLIMATE NORMAL PERIOD 1981 TO 2010
CLIMATE RECORD PERIOD 1871 TO 2014


WEATHER ITEM   OBSERVED TIME   RECORD YEAR NORMAL DEPARTURE LAST
                VALUE   (LST)  VALUE       VALUE  FROM      YEAR
                                                  NORMAL
..................................................................
TEMPERATURE (F)
 YESTERDAY
  MAXIMUM         74    414 PM  99    1937  75     -1       82
  MINIMUM         47    633 AM  31    1995  51     -4       55
  AVERAGE         61                        63     -2       69

PRECIPITATION (IN)
  YESTERDAY        0.00          1.82 1926   0.07  -0.07     0.00
  MONTH TO DATE    4.40                      2.03   2.37     2.25
  SINCE SEP 1      4.40                      2.03   2.37     2.25
  SINCE JAN 1     33.05                     25.14   7.91    23.49

SNOWFALL (IN)
  YESTERDAY        0.0                       0.0    0.0      0.0
  MONTH TO DATE    0.0                       0.0    0.0      0.0
  SINCE JUL 1      0.0                       0.0    0.0      0.0
  SNOW DEPTH       0

DEGREE DAYS
 HEATING
  YESTERDAY        4                         4      0        0
  MONTH TO DATE   74                        48     26       13
  SINCE SEP 1     74                        48     26       13
  SINCE JUL 1     78                        56     22       18

 COOLING
  YESTERDAY        0                         2     -2        4
  MONTH TO DATE   79                       102    -23      174
  SINCE SEP 1     79                       102    -23      174
  SINCE JAN 1   1102                      1082     20     1240
..................................................................


WIND (MPH)
  HIGHEST WIND SPEED    14   HIGHEST WIND DIRECTION     S (170)
  HIGHEST GUST SPEED    17   HIGHEST GUST DIRECTION    SE (150)
  AVERAGE WIND SPEED     5.2


SKY COVER
  POSSIBLE SUNSHINE  MM
  AVERAGE SKY COVER 0.4


WEATHER CONDITIONS
 THE FOLLOWING WEATHER WAS RECORDED YESTERDAY.
  FOG


RELATIVE HUMIDITY (PERCENT)
 HIGHEST   100           700 AM
 LOWEST     41           300 PM
 AVERAGE    71

..........................................................


THE OMAHA EPPLEY, NEBRASKA CLIMATE NORMALS FOR TODAY
                         NORMAL    RECORD    YEAR
 MAXIMUM TEMPERATURE (F)   75        96      1892
 MINIMUM TEMPERATURE (F)   51        32      1989


SUNRISE AND SUNSET
SEPTEMBER 23 2014.....SUNRISE   712 AM CDT   SUNSET   719 PM CDT
SEPTEMBER 24 2014.....SUNRISE   713 AM CDT   SUNSET   717 PM CDT


-  INDICATES NEGATIVE NUMBERS.
R  INDICATES RECORD WAS SET OR TIED.
MM INDICATES DATA IS MISSING.
T  INDICATES TRACE AMOUNT.




$$
