000
CDUS43 KOAX 280625
CLIOMA


CLIMATE REPORT
NATIONAL WEATHER SERVICE OMAHA NEBRASKA
125 AM CDT TUE MAR 28 2017


...................................

...THE OMAHA EPPLEY, NEBRASKA CLIMATE SUMMARY FOR MARCH 27 2017...

CLIMATE NORMAL PERIOD 1981 TO 2010
CLIMATE RECORD PERIOD 1871 TO 2017


WEATHER ITEM   OBSERVED TIME   RECORD YEAR NORMAL DEPARTURE LAST
                VALUE   (LST)  VALUE       VALUE  FROM      YEAR
                                                  NORMAL
..................................................................
TEMPERATURE (F)
 YESTERDAY
  MAXIMUM         52    513 PM  83    1895  56     -4       51
  MINIMUM         40   1154 PM  11    1955  32      8       31
  AVERAGE         46                        44      2       41

PRECIPITATION (IN)
  YESTERDAY        T             2.44 2004   0.08  -0.08     0.00
  MONTH TO DATE    1.18                      1.65  -0.47     0.97
  SINCE MAR 1      1.18                      1.65  -0.47     0.97
  SINCE JAN 1      3.08                      3.22  -0.14     2.69

SNOWFALL (IN)
  YESTERDAY        0.0                       0.1   -0.1      0.0
  MONTH TO DATE    0.3                       3.8   -3.5       T
  SINCE JUL 1     11.4                      25.0  -13.6     27.4
  SNOW DEPTH       0

DEGREE DAYS
 HEATING
  YESTERDAY       19                        21     -2       24
  MONTH TO DATE  583                       711   -128      496
  SINCE MAR 1    583                       711   -128      496
  SINCE JUL 1   4410                      5509  -1099     4462

 COOLING
  YESTERDAY        0                         0      0        0
  MONTH TO DATE    0                         0      0        2
  SINCE MAR 1      0                         0      0        2
  SINCE JAN 1      0                         0      0        2
..................................................................


WIND (MPH)
  HIGHEST WIND SPEED    12   HIGHEST WIND DIRECTION     N (020)
  HIGHEST GUST SPEED    14   HIGHEST GUST DIRECTION    NE (030)
  AVERAGE WIND SPEED     4.9


SKY COVER
  POSSIBLE SUNSHINE  MM
  AVERAGE SKY COVER 1.0


WEATHER CONDITIONS
 THE FOLLOWING WEATHER WAS RECORDED YESTERDAY.
  LIGHT RAIN


RELATIVE HUMIDITY (PERCENT)
 HIGHEST    89           200 AM
 LOWEST     63           300 PM
 AVERAGE    76

..........................................................


THE OMAHA EPPLEY, NEBRASKA CLIMATE NORMALS FOR TODAY
                         NORMAL    RECORD    YEAR
 MAXIMUM TEMPERATURE (F)   57        86      1986
 MINIMUM TEMPERATURE (F)   33        11      1970


SUNRISE AND SUNSET
MARCH 28 2017.........SUNRISE   713 AM CDT   SUNSET   745 PM CDT
MARCH 29 2017.........SUNRISE   711 AM CDT   SUNSET   746 PM CDT


-  INDICATES NEGATIVE NUMBERS.
R  INDICATES RECORD WAS SET OR TIED.
MM INDICATES DATA IS MISSING.
T  INDICATES TRACE AMOUNT.




$$
