000
CDUS43 KOAX 190641
CLIOMA


CLIMATE REPORT
NATIONAL WEATHER SERVICE OMAHA NEBRASKA
140 AM CDT TUE SEP 19 2017


...................................

...THE OMAHA EPPLEY, NEBRASKA CLIMATE SUMMARY FOR SEPTEMBER 18 2017...

CLIMATE NORMAL PERIOD 1981 TO 2010
CLIMATE RECORD PERIOD 1871 TO 2017


WEATHER ITEM   OBSERVED TIME   RECORD YEAR NORMAL DEPARTURE LAST
                VALUE   (LST)  VALUE       VALUE  FROM      YEAR
                                                  NORMAL
..................................................................
TEMPERATURE (F)
 YESTERDAY
  MAXIMUM         74    443 PM 101    1895  77     -3       86
  MINIMUM         64    421 AM  32    1901  53     11       60
  AVERAGE         69                        65      4       73

PRECIPITATION (IN)
  YESTERDAY        0.26          3.49 1919   0.08   0.18     0.00
  MONTH TO DATE    1.31                      1.70  -0.39     3.12
  SINCE SEP 1      1.31                      1.70  -0.39     3.12
  SINCE JAN 1     20.28                     24.81  -4.53    29.44

SNOWFALL (IN)
  YESTERDAY        0.0                       0.0    0.0      0.0
  MONTH TO DATE    0.0                       0.0    0.0      0.0
  SINCE JUL 1      0.0                       0.0    0.0       T
  SNOW DEPTH       0

DEGREE DAYS
 HEATING
  YESTERDAY        0                         3     -3        0
  MONTH TO DATE   14                        32    -18        6
  SINCE SEP 1     14                        32    -18        6
  SINCE JUL 1     14                        40    -26        6

 COOLING
  YESTERDAY        4                         3      1        8
  MONTH TO DATE  119                        91     28      126
  SINCE SEP 1    119                        91     28      126
  SINCE JAN 1   1248                      1071    177     1373
..................................................................


WIND (MPH)
  HIGHEST WIND SPEED    17   HIGHEST WIND DIRECTION     S (180)
  HIGHEST GUST SPEED    22   HIGHEST GUST DIRECTION    SE (150)
  AVERAGE WIND SPEED     9.1


SKY COVER
  POSSIBLE SUNSHINE  MM
  AVERAGE SKY COVER 0.9


WEATHER CONDITIONS
 THE FOLLOWING WEATHER WAS RECORDED YESTERDAY.
  THUNDERSTORM
  RAIN
  LIGHT RAIN
  FOG


RELATIVE HUMIDITY (PERCENT)
 HIGHEST    87           800 AM
 LOWEST     73          1200 AM
 AVERAGE    80

..........................................................


THE OMAHA EPPLEY, NEBRASKA CLIMATE NORMALS FOR TODAY
                         NORMAL    RECORD    YEAR
 MAXIMUM TEMPERATURE (F)   76        97      1895
 MINIMUM TEMPERATURE (F)   52        31      1991


SUNRISE AND SUNSET
SEPTEMBER 19 2017.....SUNRISE   708 AM CDT   SUNSET   725 PM CDT
SEPTEMBER 20 2017.....SUNRISE   709 AM CDT   SUNSET   724 PM CDT


-  INDICATES NEGATIVE NUMBERS.
R  INDICATES RECORD WAS SET OR TIED.
MM INDICATES DATA IS MISSING.
T  INDICATES TRACE AMOUNT.




$$
