000
CDUS43 KOAX 210630
CLIOMA


CLIMATE REPORT
NATIONAL WEATHER SERVICE OMAHA NEBRASKA
126 AM CDT MON APR 21 2014


...................................

...THE OMAHA EPPLEY, NEBRASKA CLIMATE SUMMARY FOR APRIL 20 2014...

CLIMATE NORMAL PERIOD 1981 TO 2010
CLIMATE RECORD PERIOD 1871 TO 2014


WEATHER ITEM   OBSERVED TIME   RECORD YEAR NORMAL DEPARTURE LAST
                VALUE   (LST)  VALUE       VALUE  FROM      YEAR
                                                  NORMAL
..................................................................
TEMPERATURE (F)
 YESTERDAY
  MAXIMUM         85    309 PM  92    1902  65     20       51
  MINIMUM         58    520 AM  23    2013  42     16       23
  AVERAGE         72                        54     18       37

PRECIPITATION (IN)
  YESTERDAY        0.02          2.09 1905   0.10  -0.08     0.00
  MONTH TO DATE    1.58                      1.79  -0.21     3.47
  SINCE MAR 1      1.79                      3.78  -1.99     5.45
  SINCE JAN 1      2.65                      5.35  -2.70     6.74

SNOWFALL (IN)
  YESTERDAY        0.0                       0.0    0.0      0.0
  MONTH TO DATE    0.6                       0.8   -0.2      0.1
  SINCE JUL 1     17.8                      26.2   -8.4     32.6
  SNOW DEPTH       0

DEGREE DAYS
 HEATING
  YESTERDAY        0                        12    -12       28
  MONTH TO DATE  315                       310      5      421
  SINCE MAR 1   1194                      1101     93     1367
  SINCE JUL 1   6299                      5899    400     5848

 COOLING
  YESTERDAY        7                         1      6        0
  MONTH TO DATE   15                         4     11        0
  SINCE MAR 1     15                         5     10        0
  SINCE JAN 1     15                         5     10        0
..................................................................


WIND (MPH)
  HIGHEST WIND SPEED    26   HIGHEST WIND DIRECTION    SW (210)
  HIGHEST GUST SPEED    36   HIGHEST GUST DIRECTION    SW (210)
  AVERAGE WIND SPEED    10.6


SKY COVER
  POSSIBLE SUNSHINE  MM
  AVERAGE SKY COVER 0.8


WEATHER CONDITIONS
 THE FOLLOWING WEATHER WAS RECORDED YESTERDAY.
  LIGHT RAIN


RELATIVE HUMIDITY (PERCENT)
 HIGHEST    84          1000 PM
 LOWEST     31           300 PM
 AVERAGE    58

..........................................................


THE OMAHA EPPLEY, NEBRASKA CLIMATE NORMALS FOR TODAY
                         NORMAL    RECORD    YEAR
 MAXIMUM TEMPERATURE (F)   66        90      1980
 MINIMUM TEMPERATURE (F)   42        26      1966


SUNRISE AND SUNSET
APRIL 21 2014.........SUNRISE   635 AM CDT   SUNSET   810 PM CDT
APRIL 22 2014.........SUNRISE   633 AM CDT   SUNSET   811 PM CDT


-  INDICATES NEGATIVE NUMBERS.
R  INDICATES RECORD WAS SET OR TIED.
MM INDICATES DATA IS MISSING.
T  INDICATES TRACE AMOUNT.




$$
