000
CDAK49 PAOM 212315
CLIOME

CLIMATE REPORT
NATIONAL WEATHER SERVICE NOME, AK
215 PM AKST FRI NOV 21 2014

...................................
...THE NOME WSO AP CLIMATE SUMMARY FOR NOVEMBER 21 2014...
VALID TODAY AS OF 2:15 PM LOCAL TIME

CLIMATE NORMAL PERIOD  1981 TO  2010
CLIMATE RECORD PERIOD  1906 TO  2014

WEATHER ITEM   OBSERVED TIME    RECORD YEAR NORMAL DEPARTURE LAST
               VALUE    (LST)   VALUE       VALUE  FROM      YEAR
                                                   NORMAL
...................................................................
TEMPERATURE
TODAY
 MAXIMUM            34  1258 AM    44  1949     21      13     12
 MINIMUM            26  0712 AM   -27  1988      9      17      4
 AVERAGE            30                          15      15      8

PRECIPITATION
(INCHES)
 TODAY            0.00           0.93  2010   0.04   -0.04   0.00
 MONTH TO DATE    0.65                        0.89   -0.24   1.44
 SINCE SEP 1      3.86                        4.95   -1.09   6.97
 SINCE JAN 1     12.88                       15.40   -2.52  20.08

SNOWFALL
(INCHES)
 TODAY             0.0            4.0  1973    0.4    -0.4    0.0
 MONTH TO DATE     2.6                         8.3    -5.7    6.1
 SINCE SEP 1       7.5                        13.5    -6.0    7.7
 SINCE JUL 1       7.5                        13.5    -6.0    7.7
 SNOW DEPTH (IN)     1                                          2

DEGREE DAYS
 HEATING
  TODAY             35                          50     -15     57
  MONTH TO DATE    764                         982    -218    907
  SINCE SEP 1     2451                        2773    -322   2557
  SINCE JUL 1     3154                        3637    -483   3331

 COOLING
  TODAY              0                           0       0      0
  MONTH TO DATE      0                           0       0      0
  SINCE SEP 1        0                           0       0      0
  SINCE JAN 1        3                           0       3      7
...................................................................

WIND (MPH)
 HIGHEST WIND SPEED    14     HIGHEST WIND DIRECTION     40
 HIGHEST GUST SPEED    17     HIGHEST GUST DIRECTION     40
 AVERAGE WIND SPEED    MM

SKY COVER
  POSSIBLE SUNSHINE  MM            AVERAGE SKY COVER MM

WEATHER CONDITIONS
 THE FOLLOWING WEATHER WAS RECORDED TODAY.
NO SIGNIFICANT WEATHER WAS OBSERVED.

RELATIVE HUMIDITY
 HIGHEST RH     MM PERCENT       MM
 LOWEST  RH     MM PERCENT       MM
 AVERAGE RH     MM PERCENT       MM
...................................................................

THE NOME CLIMATE NORMALS FOR TOMORROW
                        NORMAL    RECORD   YEAR
 MAXIMUM TEMPERATURE      21        44     1949
 MINIMUM TEMPERATURE       8       -27     1988

SUNRISE AND SUNSET
 NOV 21 2014..........SUNRISE 10:55 AM      SUNSET  4:40 PM
 NOV 22 2014..........SUNRISE 10:59 AM      SUNSET  4:38 PM

-  INDICATES NEGATIVE NUMBERS.
R  INDICATES RECORD HAS BEEN SET OR TIED.
MM INDICATES DATA IS MISSING.
T  INDICATES TRACE OF PRECIPITATION.

&&
-------------------------------------------------------------------

AMOUNT OF DAYLIGHT TODAY  (HOUR:MIN)........5 HOURS 45 MINUTES
GAIN/LOSS SINCE YESTERDAY (HOUR:MIN:SEC)....-0:06:02

$$

CKC NOV 14
