000
CDAK49 PAFG 230943
CLIOME

CLIMATE REPORT
NATIONAL WEATHER SERVICE FAIRBANKS AK
1243 AM AKST MON JAN 23 2017


...................................

...THE NOME AK CLIMATE SUMMARY FOR JANUARY 22 2017...

CLIMATE NORMAL PERIOD 1981 TO 2010
CLIMATE RECORD PERIOD 1906 TO 2017


WEATHER ITEM   OBSERVED TIME   RECORD YEAR NORMAL DEPARTURE LAST
                VALUE   (LST)  VALUE       VALUE  FROM      YEAR
                                                  NORMAL
..................................................................
TEMPERATURE (F)
 YESTERDAY
  MAXIMUM        -16    235 PM  35    1983  13    -29       13
                                      1978
                                      1929
  MINIMUM        -27    217 AM -44    1989  -3    -24        0
  AVERAGE        -21                         5    -26        7

PRECIPITATION (IN)
  YESTERDAY        0.00          0.68 1999   0.02  -0.02     0.00
  MONTH TO DATE    0.32                      0.67  -0.35     0.23
  SINCE DEC 1      1.39                      1.75  -0.36     0.23
  SINCE JAN 1      0.32                      0.67  -0.35     0.23

SNOWFALL (IN)
  YESTERDAY        0.0          10.1  1999   0.4   -0.4      0.0
  MONTH TO DATE    3.1                       9.2   -6.1      3.2
  SINCE DEC 1     19.1                      23.7   -4.6      3.2
  SINCE JUL 1     27.7                      41.0  -13.3      3.2
  SNOW DEPTH      17

DEGREE DAYS
 HEATING
  YESTERDAY       86                        60     26       58
  MONTH TO DATE 1396                      1313     83      968
  SINCE DEC 1   2998                      3033    -35      968
  SINCE JUL 1   6613                      7126   -513      968

 COOLING
  YESTERDAY        0                         0      0        0
  MONTH TO DATE    0                         0      0        0
  SINCE DEC 1      0                         0      0        0
  SINCE JAN 1      0                         0      0        0
..................................................................


WIND (MPH)
  HIGHEST GUST SPEED     9   HIGHEST GUST DIRECTION     N (360)


SKY COVER
  AVERAGE SKY COVER 0.1


WEATHER CONDITIONS
 THE FOLLOWING WEATHER WAS RECORDED YESTERDAY.
  FOG
  HAZE


RELATIVE HUMIDITY (PERCENT)
 HIGHEST    96
 LOWEST     72
 AVERAGE    84

..........................................................


THE NOME AK CLIMATE NORMALS FOR TODAY
                         NORMAL    RECORD    YEAR
 MAXIMUM TEMPERATURE (F)   13        37      1977
 MINIMUM TEMPERATURE (F)   -3       -45      1989


SUNRISE AND SUNSET
JANUARY 23 2017.......SUNRISE  1111 AM AKST  SUNSET   518 PM AKST
JANUARY 24 2017.......SUNRISE  1108 AM AKST  SUNSET   522 PM AKST

-  INDICATES NEGATIVE NUMBERS.
R  INDICATES RECORD WAS SET OR TIED.
MM INDICATES DATA IS MISSING.
T  INDICATES TRACE AMOUNT.

&&

SNOW DEPTH IS MEASURED AT 3AM AKST/4AM AKDT.

----------------------------
AVAILABLE DAYLIGHT

AMOUNT OF DAYLIGHT TODAY  (HOUR:MIN)........6:07
GAIN/LOSS SINCE YESTERDAY (HOUR:MIN:SEC)....+0:06:14

NOME TIDAL INFORMATION FOR 23 JANUARY 2017
0024  +1.3
0753  +0.4
1417  +1.1
1905  +0.8

$$
SDB JAN 17
