000
CDAK49 PAOM 221146
CLIOME

CLIMATE REPORT
NATIONAL WEATHER SERVICE NOME, AK
346 AM AKDT TUE JUL 22 2014

...................................
...THE NOME WSO AP CLIMATE SUMMARY FOR JULY 21 2014...

CLIMATE NORMAL PERIOD  1981 TO  2010
CLIMATE RECORD PERIOD  1906 TO  2014

WEATHER ITEM   OBSERVED TIME    RECORD YEAR NORMAL DEPARTURE LAST
               VALUE    (LST)   VALUE       VALUE  FROM      YEAR
                                                   NORMAL
...................................................................
TEMPERATURE
YESTERDAY
 MAXIMUM            47  1159 PM    85  1993     58     -11     49
 MINIMUM            46  1012 PM    33  1959     47      -1     45
 AVERAGE            47                          52      -5     47

PRECIPITATION
(INCHES)
 YESTERDAY        0.08           1.68  1920   0.08    0.00   0.00
 MONTH TO DATE    2.25                        1.25    1.00   2.06
 SINCE JUN 1      2.47                        2.23    0.24   4.59
 SINCE JAN 1      6.94                        6.37    0.57   8.84

SNOWFALL
(INCHES)
 YESTERDAY         0.0            0.0  2014    0.0     0.0    0.0
 MONTH TO DATE     0.0                         0.0     0.0    0.0
 SINCE JUN 1       0.0                         0.3    -0.3    0.1
 SINCE JUL 1       0.0                         0.0     0.0    0.0
 SNOW DEPTH (IN)     0                                          0

DEGREE DAYS
 HEATING
  YESTERDAY         18                          13       5     18
  MONTH TO DATE    273                         270       3    298
  SINCE JUN 1      841                         786      55    774
  SINCE JUL 1      273                         270       3    298

 COOLING
  YESTERDAY          0                           0       0      0
  MONTH TO DATE      2                           0       2      0
  SINCE JUN 1        2                           0       2      7
  SINCE JAN 1        2                           0       2      7
...................................................................

WIND (MPH)
 HIGHEST WIND SPEED    20     HIGHEST WIND DIRECTION    200
 HIGHEST GUST SPEED    23     HIGHEST GUST DIRECTION    200
 AVERAGE WIND SPEED   8.9

SKY COVER
  POSSIBLE SUNSHINE    MM          AVERAGE SKY COVER     MM

WEATHER CONDITIONS
 THE FOLLOWING WEATHER WAS RECORDED YESTERDAY.
  FOG
RAIN


RELATIVE HUMIDITY
 HIGHEST RH     MM PERCENT       MM
 LOWEST  RH     MM PERCENT       MM
 AVERAGE RH     MM PERCENT       MM
...................................................................

THE NOME CLIMATE NORMALS FOR TODAY
                           NORMAL    RECORD   YEAR
 MAXIMUM TEMPERATURE (F)     58        78     1988
 MINIMUM TEMPERATURE (F)     47        34     1999

SUNRISE AND SUNSET
 JUL 22 2014..........SUNRISE  5:33 AM      SUNSET 12:42 AM
 JUL 23 2014..........SUNRISE  5:36 AM      SUNSET 12:39 AM

-  INDICATES NEGATIVE NUMBERS.
R  INDICATES RECORD HAS BEEN SET OR TIED.
MM INDICATES DATA IS MISSING.
T  INDICATES TRACE OF PRECIPITATION.

&&
-------------------------------------------------------------------

AMOUNT OF DAYLIGHT TODAY  (HOUR:MIN)........19 HOURS 9 MINUTES
GAIN/LOSS SINCE YESTERDAY (HOUR:MIN:SEC)....-0:06:30

NOME TIDAL INFORMATION FOR 22 JULY 2014
02:36 AM +1.1
07:17 AM +0.6
01:47 PM +1.5
09:08 PM +0.1

$$
