984
CDAK49 PAFG 160958
CLIOME

CLIMATE REPORT
NATIONAL WEATHER SERVICE FAIRBANKS AK
1258 AM AKST TUE JAN 16 2018


...................................

...THE NOME AK CLIMATE SUMMARY FOR JANUARY 15 2018...

CLIMATE NORMAL PERIOD 1981 TO 2010
CLIMATE RECORD PERIOD 1906 TO 2018


WEATHER ITEM   OBSERVED TIME   RECORD YEAR NORMAL DEPARTURE LAST
                VALUE   (LST)  VALUE       VALUE  FROM      YEAR
                                                  NORMAL
..................................................................
TEMPERATURE (F)
 YESTERDAY
  MAXIMUM         33    856 AM  37    1997  13     20       -5
  MINIMUM         29   1212 AM -37    1991  -3     32      -19
                                      1947
                                      1934
  AVERAGE         31                         5     26      -12

PRECIPITATION (IN)
  YESTERDAY        0.13          1.09 1963   0.03   0.10     0.00
  MONTH TO DATE    0.43                      0.48  -0.05     0.32
  SINCE DEC 1      1.99                      1.56   0.43     1.39
  SINCE JAN 1      0.43                      0.48  -0.05     0.32

SNOWFALL (IN)
  YESTERDAY        1.3           6.0  1923   0.4    0.9      0.0
  MONTH TO DATE    5.5                       6.5   -1.0      3.0
  SINCE DEC 1     24.2                      21.0    3.2     19.0
  SINCE JUL 1     55.8                      38.3   17.5     27.6
  SNOW DEPTH      27

DEGREE DAYS
 HEATING
  YESTERDAY       34                        60    -26       77
  MONTH TO DATE  659                       893   -234      803
  SINCE DEC 1   1991                      2613   -622     2405
  SINCE JUL 1   5779                      6706   -927     6020

 COOLING
  YESTERDAY        0                         0      0        0
  MONTH TO DATE    0                         0      0        0
  SINCE DEC 1      0                         0      0        0
  SINCE JAN 1      0                         0      0        0
..................................................................


WIND (MPH)
  HIGHEST GUST SPEED    36   HIGHEST GUST DIRECTION     E (100)


SKY COVER
  AVERAGE SKY COVER 1.0


WEATHER CONDITIONS
 THE FOLLOWING WEATHER WAS RECORDED YESTERDAY.
  LIGHT SNOW
  FOG


RELATIVE HUMIDITY (PERCENT)
 HIGHEST   100
 LOWEST     89
 AVERAGE    95

..........................................................


THE NOME AK CLIMATE NORMALS FOR TODAY
                         NORMAL    RECORD    YEAR
 MAXIMUM TEMPERATURE (F)   13        40      1963
 MINIMUM TEMPERATURE (F)   -3       -35      1993
                                             1980
                                             1960


SUNRISE AND SUNSET
JANUARY 16 2018.......SUNRISE  1131 AM AKST  SUNSET   454 PM AKST
JANUARY 17 2018.......SUNRISE  1128 AM AKST  SUNSET   458 PM AKST

-  INDICATES NEGATIVE NUMBERS.
R  INDICATES RECORD WAS SET OR TIED.
MM INDICATES DATA IS MISSING.
T  INDICATES TRACE AMOUNT.

&&

SNOW DEPTH IS MEASURED AT 3AM AKST/4AM AKDT.

----------------------------
AVAILABLE DAYLIGHT

AMOUNT OF DAYLIGHT TODAY  (HOUR:MIN)........5:24
GAIN/LOSS SINCE YESTERDAY (HOUR:MIN:SEC)....+0:05:41

NOME TIDAL INFORMATION FOR 16 JANUARY 2018
0304  +1.2
1052  +0.3
1844  +1.3
2217  +1.1

$$
CCC JAN 18
