907
CDAK49 PAFG 260039
CLIOME

CLIMATE REPORT
NATIONAL WEATHER SERVICE FAIRBANKS AK
439 PM AKDT TUE JUL 25 2017


...................................

...THE NOME AK CLIMATE SUMMARY FOR JULY 25 2017...
VALID TODAY AS OF 0400 PM LOCAL TIME.

CLIMATE NORMAL PERIOD 1981 TO 2010
CLIMATE RECORD PERIOD 1906 TO 2017


WEATHER ITEM   OBSERVED TIME   RECORD YEAR NORMAL DEPARTURE LAST
                VALUE   (LST)  VALUE       VALUE  FROM      YEAR
                                                  NORMAL
..................................................................
TEMPERATURE (F)
 TODAY
  MAXIMUM         54    259 PM  76    1966  58     -4       67
  MINIMUM         51    703 AM  32    1931  46      5       52
                                      1916
  AVERAGE         53                        52      1       60

PRECIPITATION (IN)
  TODAY            0.06          1.38 2012   0.08  -0.02     0.00
  MONTH TO DATE    3.27                      1.56   1.71     2.20
  SINCE JUN 1      4.45                      2.54   1.91     2.54
  SINCE JAN 1      7.30                      6.68   0.62     5.63

SNOWFALL (IN)
  TODAY            0.0           0.0    MM   0.0    0.0      0.0
  MONTH TO DATE    0.0                       0.0    0.0      0.0
  SINCE JUN 1      0.0                       0.3   -0.3      0.0
  SINCE JUL 1      0.0                       0.0    0.0      0.0
  SNOW DEPTH       0

DEGREE DAYS
 HEATING
  TODAY           12                        13     -1        5
  MONTH TO DATE  292                       322    -30      288
  SINCE JUN 1    657                       839   -182      735
  SINCE JUL 1    292                       322    -30      288

 COOLING
  TODAY            0                         0      0        0
  MONTH TO DATE    0                         0      0        0
  SINCE JUN 1      4                         1      3        0
  SINCE JAN 1      4                         1      3        0
..................................................................


WIND (MPH)
  HIGHEST GUST SPEED    12   HIGHEST GUST DIRECTION     W (250)


SKY COVER
  AVERAGE SKY COVER 1.0


WEATHER CONDITIONS
 THE FOLLOWING WEATHER WAS RECORDED TODAY.
  LIGHT RAIN
  FOG


RELATIVE HUMIDITY (PERCENT)
 HIGHEST   100
 LOWEST     93
 AVERAGE    97

..........................................................


THE NOME AK CLIMATE NORMALS FOR TOMORROW
                         NORMAL    RECORD    YEAR
 MAXIMUM TEMPERATURE (F)   58        78      1926
 MINIMUM TEMPERATURE (F)   46        35      1929
                                             1917


SUNRISE AND SUNSET
JULY 25 2017..........SUNRISE   544 AM AKDT  SUNSET  1231 AM AKDT
JULY 26 2017..........SUNRISE   547 AM AKDT  SUNSET  1228 AM AKDT

-  INDICATES NEGATIVE NUMBERS.
R  INDICATES RECORD WAS SET OR TIED.
MM INDICATES DATA IS MISSING.
T  INDICATES TRACE AMOUNT.

&&

SNOW DEPTH IS MEASURED AT 3AM AKST/4AM AKDT.

----------------------------
AVAILABLE DAYLIGHT

AMOUNT OF DAYLIGHT TODAY  (HOUR:MIN)........18:51
GAIN/LOSS SINCE YESTERDAY (HOUR:MIN:SEC)....-0:06:37

NOME TIDAL INFORMATION FOR 26 JULY 2017
0040  -0.5
0758  +1.2
1238  +0.6
1839  +1.3

$$
HFL JUL 17
