000
CDAK49 PAOM 210905
CLIOME

CLIMATE REPORT
NATIONAL WEATHER SERVICE NOME, AK
105 AM AKDT TUE OCT 21 2014

...................................
...THE NOME WSO AP CLIMATE SUMMARY FOR OCTOBER 20 2014...

CLIMATE NORMAL PERIOD  1981 TO  2010
CLIMATE RECORD PERIOD  1906 TO  2014

WEATHER ITEM   OBSERVED TIME    RECORD YEAR NORMAL DEPARTURE LAST
               VALUE    (LST)   VALUE       VALUE  FROM      YEAR
                                                   NORMAL
...................................................................
TEMPERATURE
YESTERDAY
 MAXIMUM            35  0607 PM    44  1976     33       2     41
 MINIMUM            20  0939 AM     1  1996     21      -1     39
 AVERAGE            28                          27       1     40

PRECIPITATION
(INCHES)
 YESTERDAY        0.00           0.33  1938   0.04   -0.04   0.23
 MONTH TO DATE       T                        1.12   -1.12   2.86
 SINCE SEP 1      2.58                        3.57   -0.99   4.84
 SINCE JAN 1     11.60                       14.02   -2.42  17.95

SNOWFALL
(INCHES)
 YESTERDAY         0.0            1.8  1955    0.2    -0.2    0.0
 MONTH TO DATE       T                         2.2    -2.2    0.2
 SINCE SEP 1       0.0                         2.8    -2.8    1.3
 SINCE JUL 1         T                         2.8    -2.8    1.3
 SNOW DEPTH (IN)     T                                          0

DEGREE DAYS
 HEATING
  YESTERDAY         37                          38      -1     25
  MONTH TO DATE    684                         676       8    566
  SINCE SEP 1     1267                        1342     -75   1312
  SINCE JUL 1     1970                        2206    -236   2086

 COOLING
  YESTERDAY          0                           0       0      0
  MONTH TO DATE      0                           0       0      0
  SINCE SEP 1        0                           0       0      0
  SINCE JAN 1        3                           0       3      7
...................................................................

WIND (MPH)
 HIGHEST WIND SPEED    18     HIGHEST WIND DIRECTION     20
 HIGHEST GUST SPEED    21     HIGHEST GUST DIRECTION     30
 AVERAGE WIND SPEED   6.8

SKY COVER
  POSSIBLE SUNSHINE    MM          AVERAGE SKY COVER     MM

WEATHER CONDITIONS
 THE FOLLOWING WEATHER WAS RECORDED YESTERDAY.
  NO SIGNIFICANT WEATHER WAS OBSERVED.

RELATIVE HUMIDITY
 HIGHEST RH     MM PERCENT       MM
 LOWEST  RH     MM PERCENT       MM
 AVERAGE RH     MM PERCENT       MM
...................................................................

THE NOME CLIMATE NORMALS FOR TODAY
                           NORMAL    RECORD   YEAR
 MAXIMUM TEMPERATURE (F)     32        46     1926
 MINIMUM TEMPERATURE (F)     21        -1     1996

SUNRISE AND SUNSET
 OCT 21 2014..........SUNRISE 10:13 AM      SUNSET  7:19 PM
 OCT 22 2014..........SUNRISE 10:16 AM      SUNSET  7:16 PM

-  INDICATES NEGATIVE NUMBERS.
R  INDICATES RECORD HAS BEEN SET OR TIED.
MM INDICATES DATA IS MISSING.
T  INDICATES TRACE OF PRECIPITATION.

&&
-------------------------------------------------------------------

AMOUNT OF DAYLIGHT TODAY  (HOUR:MIN)........9 HOURS 6 MINUTES
GAIN/LOSS SINCE YESTERDAY (HOUR:MIN:SEC)....-0:06:36

TIDES FOR TUESDAY OCTOBER 21 2014

 4:28 AM HIGH 1.2 FT
10:24 AM LOW  0.6 FT
 4:28 PM HIGH 1.2 FT
10:20 PM LOW  0.4 FT

$$
RCT OCT 14
