000
CDAK49 PAFG 211007
CLIOME

CLIMATE REPORT
NATIONAL WEATHER SERVICE FAIRBANKS AK
207 AM AKDT THU SEP 21 2017


...................................

...THE NOME AK CLIMATE SUMMARY FOR SEPTEMBER 20 2017...

CLIMATE NORMAL PERIOD 1981 TO 2010
CLIMATE RECORD PERIOD 1906 TO 2017


WEATHER ITEM   OBSERVED TIME   RECORD YEAR NORMAL DEPARTURE LAST
                VALUE   (LST)  VALUE       VALUE  FROM      YEAR
                                                  NORMAL
..................................................................
TEMPERATURE (F)
 YESTERDAY
  MAXIMUM         45    352 PM  64    1995  47     -2       47
  MINIMUM         34   1153 PM  17    1975  35     -1       43
  AVERAGE         40                        41     -1       45

PRECIPITATION (IN)
  YESTERDAY        0.00          1.18 1955   0.07  -0.07     0.05
  MONTH TO DATE    2.73                      1.73   1.00     1.02
  SINCE SEP 1      2.73                      1.73   1.00     1.02
  SINCE JAN 1     12.46                     12.18   0.28    11.28

SNOWFALL (IN)
  YESTERDAY        0.0           3.0  1919   0.0    0.0      0.0
  MONTH TO DATE    T                         0.2   -0.2      0.0
  SINCE SEP 1      T                         0.2   -0.2      0.0
  SINCE JUL 1      T                         0.2   -0.2      0.0
  SNOW DEPTH       0

DEGREE DAYS
 HEATING
  YESTERDAY       25                        24      1       20
  MONTH TO DATE  425                       401     24      399
  SINCE SEP 1    425                       401     24      399
  SINCE JUL 1   1271                      1261     10     1084

 COOLING
  YESTERDAY        0                         0      0        0
  MONTH TO DATE    0                         0      0        0
  SINCE SEP 1      0                         0      0        0
  SINCE JAN 1      4                         3      1        0
..................................................................


WIND (MPH)
  HIGHEST GUST SPEED    20   HIGHEST GUST DIRECTION    NE (40)


SKY COVER
  AVERAGE SKY COVER 1.0


WEATHER CONDITIONS
 THE FOLLOWING WEATHER WAS RECORDED YESTERDAY.
  NO SIGNIFICANT WEATHER WAS OBSERVED.


RELATIVE HUMIDITY (PERCENT)
 HIGHEST    92
 LOWEST     65
 AVERAGE    79

..........................................................


THE NOME AK CLIMATE NORMALS FOR TODAY
                         NORMAL    RECORD    YEAR
 MAXIMUM TEMPERATURE (F)   47        61      2001
 MINIMUM TEMPERATURE (F)   35        18      1975
                                             1927


SUNRISE AND SUNSET
SEPTEMBER 21 2017.....SUNRISE   844 AM AKDT  SUNSET   905 PM AKDT
SEPTEMBER 22 2017.....SUNRISE   847 AM AKDT  SUNSET   901 PM AKDT

-  INDICATES NEGATIVE NUMBERS.
R  INDICATES RECORD WAS SET OR TIED.
MM INDICATES DATA IS MISSING.
T  INDICATES TRACE AMOUNT.

&&

SNOW DEPTH IS MEASURED AT 3AM AKST/4AM AKDT.

----------------------------
AVAILABLE DAYLIGHT

AMOUNT OF DAYLIGHT TODAY  (HOUR:MIN)........12:21
GAIN/LOSS SINCE YESTERDAY (HOUR:MIN:SEC)....-0:06:32

NOME TIDAL INFORMATION FOR 21 SEPTEMBER 2017
0001  +0.1
0705  +1.5
1220  +0.7
1840  +1.5

$$
CCC SEP 17
