000
CDAK49 PAOM 180930
CLIOME

CLIMATE REPORT
NATIONAL WEATHER SERVICE NOME, AK
130 AM AKDT FRI APR 18 2014

...................................
...THE NOME WSO AP CLIMATE SUMMARY FOR APRIL 17 2014...

CLIMATE NORMAL PERIOD  1981 TO  2010
CLIMATE RECORD PERIOD  1906 TO  2014

WEATHER ITEM   OBSERVED TIME    RECORD YEAR NORMAL DEPARTURE LAST
               VALUE    (LST)   VALUE       VALUE  FROM      YEAR
                                                   NORMAL
...................................................................
TEMPERATURE
YESTERDAY
 MAXIMUM            38  1236 PM    43  1995     28      10     31
 MINIMUM            23  0624 AM   -14  1975     14       9     -5
 AVERAGE            31                          21      10     13

PRECIPITATION
(INCHES)
 YESTERDAY        0.00           0.40  1961   0.02   -0.02   0.00
 MONTH TO DATE    0.25                        0.40   -0.15   0.25
 SINCE MAR 1      0.78                        1.05   -0.27   0.89
 SINCE JAN 1      2.95                        2.92    0.03   2.41

SNOWFALL
(INCHES)
 YESTERDAY         0.0            4.2  1961    0.3    -0.3    0.0
 MONTH TO DATE     2.5                         4.7    -2.2    3.9
 SINCE MAR 1      14.8                        13.6     1.2   13.0
 SINCE JUL 1      69.1                        70.3    -1.2   54.3
 SNOW DEPTH (IN)     4                                         20

DEGREE DAYS
 HEATING
  YESTERDAY         34                          44     -10     52
  MONTH TO DATE    752                         820     -68    924
  SINCE MAR 1     2379                        2516    -137   2672
  SINCE JUL 1    10525                       11798   -1273  12230

 COOLING
  YESTERDAY          0                           0       0      0
  MONTH TO DATE      0                           0       0      0
  SINCE MAR 1        0                           0       0      0
  SINCE JAN 1        0                           0       0      0
...................................................................

WIND (MPH)
 HIGHEST WIND SPEED    12     HIGHEST WIND DIRECTION    350
 HIGHEST GUST SPEED    13     HIGHEST GUST DIRECTION    350
 AVERAGE WIND SPEED   0.0

SKY COVER
  POSSIBLE SUNSHINE    MM          AVERAGE SKY COVER     MM

WEATHER CONDITIONS
 THE FOLLOWING WEATHER WAS RECORDED YESTERDAY.
  NO SIGNIFICANT WEATHER WAS OBSERVED.

RELATIVE HUMIDITY
 HIGHEST RH     MM PERCENT       MM
 LOWEST  RH     MM PERCENT       MM
 AVERAGE RH     MM PERCENT       MM
...................................................................

THE NOME CLIMATE NORMALS FOR TODAY
                           NORMAL    RECORD   YEAR
 MAXIMUM TEMPERATURE (F)     29        43     2010
 MINIMUM TEMPERATURE (F)     15       -22     1924

SUNRISE AND SUNSET
 APR 18 2014..........SUNRISE  7:17 AM      SUNSET 10:48 PM
 APR 19 2014..........SUNRISE  7:13 AM      SUNSET 10:51 PM

-  INDICATES NEGATIVE NUMBERS.
R  INDICATES RECORD HAS BEEN SET OR TIED.
MM INDICATES DATA IS MISSING.
T  INDICATES TRACE OF PRECIPITATION.

&&
-------------------------------------------------------------------

AMOUNT OF DAYLIGHT TODAY  (HOUR:MIN)........15 HOURS 31 MINUTES
GAIN/LOSS SINCE YESTERDAY (HOUR:MIN:SEC)....+0:06:46

NOME TIDAL INFORMATION FOR 18 APRIL 2014
01:30 AM 0.0
08:33 AM 1.3
01:33 PM 0.8
06:39 PM 1.3

$$

CKC APR 14
