000
CDAK49 PAOM 190903
CLIOME

CLIMATE REPORT
NATIONAL WEATHER SERVICE NOME, AK
103 AM AKDT FRI SEP 19 2014

...................................
...THE NOME WSO AP CLIMATE SUMMARY FOR SEPTEMBER 18 2014...

CLIMATE NORMAL PERIOD  1981 TO  2010
CLIMATE RECORD PERIOD  1906 TO  2014

WEATHER ITEM   OBSERVED TIME    RECORD YEAR NORMAL DEPARTURE LAST
               VALUE    (LST)   VALUE       VALUE  FROM      YEAR
                                                   NORMAL
...................................................................
TEMPERATURE
YESTERDAY
 MAXIMUM            54  0313 PM    62  1969     48       6     41
 MINIMUM            42  1058 PM    18  1930     36       6     26
 AVERAGE            48                          42       6     34

PRECIPITATION
(INCHES)
 YESTERDAY        0.00           0.90  1922   0.08   -0.08      T
 MONTH TO DATE    2.34                        1.58    0.76   1.77
 SINCE SEP 1      2.34                        1.58    0.76   1.77
 SINCE JAN 1     11.36                       12.03   -0.67  14.88

SNOWFALL
(INCHES)
 YESTERDAY         0.0            0.8  1993    0.1    -0.1      T
 MONTH TO DATE     0.0                         0.2    -0.2      T
 SINCE SEP 1       0.0                         0.2    -0.2    0.0
 SINCE JUL 1       0.0                         0.2    -0.2      T
 SNOW DEPTH (IN)     0                                          0

DEGREE DAYS
 HEATING
  YESTERDAY         17                          23      -6     31
  MONTH TO DATE    288                         354     -66    374
  SINCE SEP 1      288                         354     -66    374
  SINCE JUL 1      991                        1218    -227   1148

 COOLING
  YESTERDAY          0                           0       0      0
  MONTH TO DATE      0                           0       0      0
  SINCE SEP 1        0                           0       0      0
  SINCE JAN 1        3                           0       3      7
...................................................................

WIND (MPH)
 HIGHEST WIND SPEED    25     HIGHEST WIND DIRECTION    360
 HIGHEST GUST SPEED    31     HIGHEST GUST DIRECTION    360
 AVERAGE WIND SPEED  14.8

SKY COVER
  POSSIBLE SUNSHINE    MM          AVERAGE SKY COVER     MM

WEATHER CONDITIONS
 THE FOLLOWING WEATHER WAS RECORDED YESTERDAY.
  NO SIGNIFICANT WEATHER WAS OBSERVED.

RELATIVE HUMIDITY
 HIGHEST RH     MM PERCENT       MM
 LOWEST  RH     MM PERCENT       MM
 AVERAGE RH     MM PERCENT       MM
...................................................................

THE NOME CLIMATE NORMALS FOR TODAY
                           NORMAL    RECORD   YEAR
 MAXIMUM TEMPERATURE (F)     48        60     2010
 MINIMUM TEMPERATURE (F)     36        20     1968

SUNRISE AND SUNSET
 SEP 19 2014..........SUNRISE  8:37 AM      SUNSET  9:13 PM
 SEP 20 2014..........SUNRISE  8:40 AM      SUNSET  9:09 PM

-  INDICATES NEGATIVE NUMBERS.
R  INDICATES RECORD HAS BEEN SET OR TIED.
MM INDICATES DATA IS MISSING.
T  INDICATES TRACE OF PRECIPITATION.

&&
-------------------------------------------------------------------

AMOUNT OF DAYLIGHT TODAY  (HOUR:MIN)........12 HOURS 36 MINUTES
GAIN/LOSS SINCE YESTERDAY (HOUR:MIN:SEC)....-0:06:32

TIDES FOR FRIDAY SEPTEMBER 19 2014

3:07 AM HIGH 1.1 FT
7:50 AM LOW  0.8 FT
2:05 PM HIGH 1.2 FT
8:58 PM LOW  0.2 FT

$$
RCT SEP 14
