012
CDAK49 PAOM 312333
CLIOME

CLIMATE REPORT
NATIONAL WEATHER SERVICE NOME, AK
333 PM AKDT TUE MAY 31 2016

...................................
...THE NOME WSO AP CLIMATE SUMMARY FOR MAY 31 2016...
VALID TODAY AS OF 2:00 PM LOCAL TIME

CLIMATE NORMAL PERIOD  1981 TO  2010
CLIMATE RECORD PERIOD  1906 TO  2016

WEATHER ITEM   OBSERVED TIME    RECORD YEAR NORMAL DEPARTURE LAST
               VALUE    (LST)   VALUE       VALUE  FROM      YEAR
                                                   NORMAL
...................................................................
TEMPERATURE
TODAY
 MAXIMUM            65  0232 PM    74  1990     50      15     71
 MINIMUM            42  0601 AM    19  1933     36       6     50
 AVERAGE            54                          43      11     61

PRECIPITATION
(INCHES)
 TODAY            0.00           0.62  1916   0.03   -0.03   0.00
 MONTH TO DATE    1.22                        0.86    0.36   1.49
 SINCE MAR 1      2.06                        2.27   -0.21   2.80
 SINCE JAN 1      3.09                        4.14   -1.05   4.44

SNOWFALL
(INCHES)
 TODAY             0.0            0.1  1999    0.0     0.0    0.0
 MONTH TO DATE       T                         2.3    -2.3      T
 SINCE MAR 1       6.6                        18.7   -12.1   16.4
 SINCE JUL 1      48.9                        75.4   -26.5   59.7
 SNOW DEPTH (IN)     0                                          0

DEGREE DAYS
 HEATING
  TODAY             11                          22     -11      4
  MONTH TO DATE    684                         875    -191    732
  SINCE MAR 1     3241                        3906    -665   3839
  SINCE JUL 1    11478                       13188   -1710  12017

 COOLING
  TODAY              0                           0       0      0
  MONTH TO DATE      0                           0       0      0
  SINCE MAR 1        0                           0       0      0
  SINCE JAN 1        0                           0       0      0
...................................................................

WIND (MPH)
 HIGHEST WIND SPEED    16     HIGHEST WIND DIRECTION    240
 HIGHEST GUST SPEED    19     HIGHEST GUST DIRECTION    250
 AVERAGE WIND SPEED    MM

SKY COVER
  POSSIBLE SUNSHINE  MM            AVERAGE SKY COVER MM

WEATHER CONDITIONS
 THE FOLLOWING WEATHER WAS RECORDED TODAY.
NO SIGNIFICANT WEATHER WAS OBSERVED.

RELATIVE HUMIDITY
 HIGHEST RH     MM PERCENT       MM
 LOWEST  RH     MM PERCENT       MM
 AVERAGE RH     MM PERCENT       MM
...................................................................

THE NOME CLIMATE NORMALS FOR TOMORROW
                        NORMAL    RECORD   YEAR
 MAXIMUM TEMPERATURE      50        67     1979
 MINIMUM TEMPERATURE      36        22     1933

SUNRISE AND SUNSET
 MAY 31 2016..........SUNRISE  4:51 AM      SUNSET  1:12 AM
 JUN 1 2016..........SUNRISE  4:48 AM      SUNSET  1:15 AM

-  INDICATES NEGATIVE NUMBERS.
R  INDICATES RECORD HAS BEEN SET OR TIED.
MM INDICATES DATA IS MISSING.
T  INDICATES TRACE OF PRECIPITATION.

&&
-------------------------------------------------------------------

AMOUNT OF DAYLIGHT TODAY  (HOUR:MIN)........20 HOURS 21 MINUTES
GAIN/LOSS SINCE YESTERDAY (HOUR:MIN:SEC)....+0:05:51

$$
*** MAY 16
