000
CDUS46 KOTX 050826
CLIOMK


CLIMATE REPORT
NATIONAL WEATHER SERVICE SPOKANE, WA
1225 AM PST MON DEC 5 2016


...................................

...THE OMAK WA AIRPORT CLIMATE SUMMARY FOR DECEMBER 4 2016...

CLIMATE NORMAL PERIOD 1981 TO 2010
CLIMATE RECORD PERIOD 9999 TO 9999


WEATHER ITEM   OBSERVED TIME   RECORD YEAR NORMAL DEPARTURE LAST
                VALUE   (LST)  VALUE       VALUE  FROM      YEAR
                                                  NORMAL
..................................................................
TEMPERATURE (F)
 YESTERDAY
  MAXIMUM         41   1157 AM  56    2007  35      6       36
  MINIMUM         21   1148 PM   1    1970  22     -1       32
  AVERAGE         31                        28      3       34

PRECIPITATION (IN)
  YESTERDAY        T                         0.07  -0.07      T
  MONTH TO DATE    0.11                      0.25  -0.14     1.11
  SINCE OCT 1      5.76                      2.94   2.82     2.64
  SINCE JAN 1     15.23                     12.80   2.43     7.69

SNOWFALL (IN)
  YESTERDAY       MM

DEGREE DAYS
 HEATING
  YESTERDAY       34                        37     -3       31
  MONTH TO DATE  130                       144    -14      143
  SINCE DEC 1    130                       144    -14      143
  SINCE JUL 1   1368                      1677   -309     1444

 COOLING
  YESTERDAY        0                         0      0        0
  MONTH TO DATE    0                         0      0        0
  SINCE DEC 1      0                         0      0        0
  SINCE JAN 1    637                       665    -28     1001
..................................................................


WIND (MPH)
  HIGHEST WIND SPEED    28   HIGHEST WIND DIRECTION     N (10)
  HIGHEST GUST SPEED    36   HIGHEST GUST DIRECTION     N (360)
  AVERAGE WIND SPEED     6.6


SKY COVER
  POSSIBLE SUNSHINE  MM
  AVERAGE SKY COVER 0.3


WEATHER CONDITIONS
 THE FOLLOWING WEATHER WAS RECORDED YESTERDAY.
  FOG


RELATIVE HUMIDITY (PERCENT)
 HIGHEST    92          1200 AM
 LOWEST     47           600 PM
 AVERAGE    70

..........................................................


THE OMAK WA AIRPORT CLIMATE NORMALS FOR TODAY
                         NORMAL    RECORD    YEAR
 MAXIMUM TEMPERATURE (F)   34        48      2012
                                             1943
 MINIMUM TEMPERATURE (F)   22         4      1979


SUNRISE AND SUNSET
DECEMBER  5 2016......SUNRISE   734 AM PST   SUNSET   404 PM PST
DECEMBER  6 2016......SUNRISE   735 AM PST   SUNSET   403 PM PST


-  INDICATES NEGATIVE NUMBERS.
R  INDICATES RECORD WAS SET OR TIED.
MM INDICATES DATA IS MISSING.
T  INDICATES TRACE AMOUNT.




$$
