000
CDUS46 KOTX 160904
CLIOMK


CLIMATE REPORT
NATIONAL WEATHER SERVICE SPOKANE, WA
103 AM PST SAT DEC 16 2017


...................................

...THE OMAK WA AIRPORT CLIMATE SUMMARY FOR DECEMBER 15 2017...

CLIMATE NORMAL PERIOD 1981 TO 2010
CLIMATE RECORD PERIOD 9999 TO 9999


WEATHER ITEM   OBSERVED TIME   RECORD YEAR NORMAL DEPARTURE LAST
                VALUE   (LST)  VALUE       VALUE  FROM      YEAR
                                                  NORMAL
..................................................................
TEMPERATURE (F)
 YESTERDAY
  MAXIMUM         34    303 PM  52    2002  31      3       21
                                      1939
  MINIMUM         29   1156 PM  -9    1964  19     10       13
  AVERAGE         32                        25      7       17

PRECIPITATION (IN)
  YESTERDAY        T                         0.07  -0.07     0.00
  MONTH TO DATE    0.27                      0.99  -0.72     0.18
  SINCE OCT 1      2.93                      3.68  -0.75     5.83
  SINCE JAN 1     13.42                     13.54  -0.12    15.30

SNOWFALL (IN)
  YESTERDAY       MM

DEGREE DAYS
 HEATING
  YESTERDAY       33                        40     -7       48
  MONTH TO DATE  532                       568    -36      631
  SINCE DEC 1    532                       568    -36      631
  SINCE JUL 1   1992                      2101   -109     1869

 COOLING
  YESTERDAY        0                         0      0        0
  MONTH TO DATE    0                         0      0        0
  SINCE DEC 1      0                         0      0        0
  SINCE JAN 1    885                       665    220      637
..................................................................


WIND (MPH)
  HIGHEST WIND SPEED    13   HIGHEST WIND DIRECTION     S (170)
  HIGHEST GUST SPEED    16   HIGHEST GUST DIRECTION     S (180)
  AVERAGE WIND SPEED     4.0


SKY COVER
  POSSIBLE SUNSHINE  MM
  AVERAGE SKY COVER 1.0


WEATHER CONDITIONS
 THE FOLLOWING WEATHER WAS RECORDED YESTERDAY.
  LIGHT SNOW
  FOG


RELATIVE HUMIDITY (PERCENT)
 HIGHEST   100           800 PM
 LOWEST     82           400 AM
 AVERAGE    91

..........................................................


THE OMAK WA AIRPORT CLIMATE NORMALS FOR TODAY
                         NORMAL    RECORD    YEAR
 MAXIMUM TEMPERATURE (F)   31        49      1939
 MINIMUM TEMPERATURE (F)   19       -12      1964


SUNRISE AND SUNSET
DECEMBER 16 2017......SUNRISE   744 AM PST   SUNSET   404 PM PST
DECEMBER 17 2017......SUNRISE   745 AM PST   SUNSET   404 PM PST


-  INDICATES NEGATIVE NUMBERS.
R  INDICATES RECORD WAS SET OR TIED.
MM INDICATES DATA IS MISSING.
T  INDICATES TRACE AMOUNT.




$$
