000
CDUS46 KOTX 290825
CLIOMK


CLIMATE REPORT
NATIONAL WEATHER SERVICE SPOKANE, WA
124 AM PDT SAT JUL 29 2017


...................................

...THE OMAK WA AIRPORT CLIMATE SUMMARY FOR JULY 28 2017...

CLIMATE NORMAL PERIOD 1981 TO 2010
CLIMATE RECORD PERIOD 9999 TO 9999


WEATHER ITEM   OBSERVED TIME   RECORD YEAR NORMAL DEPARTURE LAST
                VALUE   (LST)  VALUE       VALUE  FROM      YEAR
                                                  NORMAL
..................................................................
TEMPERATURE (F)
 YESTERDAY
  MAXIMUM         95    240 PM 106    1934  91      4       98
  MINIMUM         63   1128 PM  40    1959  59      4       69
  AVERAGE         79                        75      4       84

PRECIPITATION (IN)
  YESTERDAY        0.00                      0.03  -0.03     0.00
  MONTH TO DATE    0.00                      0.75  -0.75     0.75
  SINCE OCT 1     16.87                     13.62   3.25    14.83
  SINCE JAN 1     10.39                      8.73   1.66     9.47

SNOWFALL (IN)
  YESTERDAY       MM

DEGREE DAYS
 HEATING
  YESTERDAY        0                         0      0        0
  MONTH TO DATE    0                        11    -11        5
  SINCE JUN 1     58                        80    -22       90
  SINCE JUL 1      0                        11    -11        5

 COOLING
  YESTERDAY       14                        10      4       19
  MONTH TO DATE  304                       223     81      166
  SINCE JUN 1    384                       307     77      303
  SINCE JAN 1    415                       330     85      328
..................................................................


WIND (MPH)
  HIGHEST WIND SPEED    15   HIGHEST WIND DIRECTION    SW (210)
  HIGHEST GUST SPEED    19   HIGHEST GUST DIRECTION    SW (230)
  AVERAGE WIND SPEED     8.4


SKY COVER
  POSSIBLE SUNSHINE  MM
  AVERAGE SKY COVER 0.0


WEATHER CONDITIONS
 THE FOLLOWING WEATHER WAS RECORDED YESTERDAY.
  NO SIGNIFICANT WEATHER WAS OBSERVED.


RELATIVE HUMIDITY (PERCENT)
 HIGHEST    42           100 AM
 LOWEST      6           300 PM
 AVERAGE    24

..........................................................


THE OMAK WA AIRPORT CLIMATE NORMALS FOR TODAY
                         NORMAL    RECORD    YEAR
 MAXIMUM TEMPERATURE (F)   91       105      2014
                                             1998
 MINIMUM TEMPERATURE (F)   59        39      1947


SUNRISE AND SUNSET
JULY 29 2017..........SUNRISE   529 AM PDT   SUNSET   839 PM PDT
JULY 30 2017..........SUNRISE   531 AM PDT   SUNSET   838 PM PDT


-  INDICATES NEGATIVE NUMBERS.
R  INDICATES RECORD WAS SET OR TIED.
MM INDICATES DATA IS MISSING.
T  INDICATES TRACE AMOUNT.




$$
