000
CDUS46 KOTX 280830
CLIOMK


CLIMATE REPORT
NATIONAL WEATHER SERVICE SPOKANE, WA
130 AM PDT WED SEP 28 2016


...................................

...THE OMAK WA AIRPORT CLIMATE SUMMARY FOR SEPTEMBER 27 2016...

CLIMATE NORMAL PERIOD 1981 TO 2010
CLIMATE RECORD PERIOD 9999 TO 9999


WEATHER ITEM   OBSERVED TIME   RECORD YEAR NORMAL DEPARTURE LAST
                VALUE   (LST)  VALUE       VALUE  FROM      YEAR
                                                  NORMAL
..................................................................
TEMPERATURE (F)
 YESTERDAY
  MAXIMUM         77    234 PM  88    1999  73      4       71
  MINIMUM         51    145 AM  20    1945  43      8       42
  AVERAGE         64                        58      6       57

PRECIPITATION (IN)
  YESTERDAY        0.00                      0.02  -0.02     0.00
  MONTH TO DATE    T                         0.51  -0.51      T
  SINCE OCT 1     14.83                     14.68   0.15    11.62
  SINCE JAN 1      9.47                      9.79  -0.32     5.05

SNOWFALL (IN)
  YESTERDAY       MM

DEGREE DAYS
 HEATING
  YESTERDAY        1                         8     -7        8
  MONTH TO DATE  103                       106     -3      116
  SINCE SEP 1    103                       106     -3      116
  SINCE JUL 1    111                       137    -26      119

 COOLING
  YESTERDAY        0                         0      0        0
  MONTH TO DATE   11                        57    -46       47
  SINCE SEP 1     11                        57    -46       47
  SINCE JAN 1    637                       663    -26      998
..................................................................


WIND (MPH)
  HIGHEST WIND SPEED    29   HIGHEST WIND DIRECTION     N (20)
  HIGHEST GUST SPEED    37   HIGHEST GUST DIRECTION     N (20)
  AVERAGE WIND SPEED    13.8


SKY COVER
  POSSIBLE SUNSHINE  MM
  AVERAGE SKY COVER 0.0


WEATHER CONDITIONS
 THE FOLLOWING WEATHER WAS RECORDED YESTERDAY.
  NO SIGNIFICANT WEATHER WAS OBSERVED.


RELATIVE HUMIDITY (PERCENT)
 HIGHEST    71           400 AM
 LOWEST     21           300 PM
 AVERAGE    46

..........................................................


THE OMAK WA AIRPORT CLIMATE NORMALS FOR TODAY
                         NORMAL    RECORD    YEAR
 MAXIMUM TEMPERATURE (F)   72        88      1999
 MINIMUM TEMPERATURE (F)   43        23      1945


SUNRISE AND SUNSET
SEPTEMBER 28 2016.....SUNRISE   654 AM PDT   SUNSET   642 PM PDT
SEPTEMBER 29 2016.....SUNRISE   655 AM PDT   SUNSET   640 PM PDT


-  INDICATES NEGATIVE NUMBERS.
R  INDICATES RECORD WAS SET OR TIED.
MM INDICATES DATA IS MISSING.
T  INDICATES TRACE AMOUNT.




$$
