000
CDUS46 KOTX 260831
CLIOMK


CLIMATE REPORT
NATIONAL WEATHER SERVICE SPOKANE, WA
128 AM PDT TUE MAY 26 2015


...................................

...THE OMAK WA AIRPORT CLIMATE SUMMARY FOR MAY 25 2015...

CLIMATE NORMAL PERIOD 1981 TO 2010
CLIMATE RECORD PERIOD 9999 TO 9999


WEATHER ITEM   OBSERVED TIME   RECORD YEAR NORMAL DEPARTURE LAST
                VALUE   (LST)  VALUE       VALUE  FROM      YEAR
                                                  NORMAL
..................................................................
TEMPERATURE (F)
 YESTERDAY
  MAXIMUM         76    200 PM  92    1999  75      1       67
  MINIMUM         50    502 AM  30    1964  47      3       47
  AVERAGE         63                        61      2       57

PRECIPITATION (IN)
  YESTERDAY        0.09          0.40 1954   0.04   0.05      T
  MONTH TO DATE    0.89                      1.01  -0.12     0.38
  SINCE OCT 1     10.21                     11.67  -1.46     5.71
  SINCE JAN 1      3.64                      6.22  -2.58     4.54

SNOWFALL (IN)
  YESTERDAY       MM

DEGREE DAYS
 HEATING
  YESTERDAY        2                         5     -3        8
  MONTH TO DATE  128                       207    -79      151
  SINCE MAR 1   1131                      1385   -254     1364
  SINCE JUL 1   5317                      6246   -929     6354

 COOLING
  YESTERDAY        0                         1     -1        0
  MONTH TO DATE   26                        15     11       12
  SINCE MAR 1     26                        16     10       12
  SINCE JAN 1     26                        16     10       12
..................................................................


WIND (MPH)
  HIGHEST WIND SPEED    20   HIGHEST WIND DIRECTION    NW (320)
  HIGHEST GUST SPEED    27   HIGHEST GUST DIRECTION    NW (300)
  AVERAGE WIND SPEED     8.4


SKY COVER
  POSSIBLE SUNSHINE  MM
  AVERAGE SKY COVER 0.3


WEATHER CONDITIONS
 THE FOLLOWING WEATHER WAS RECORDED YESTERDAY.
  LIGHT RAIN


RELATIVE HUMIDITY (PERCENT)
 HIGHEST    89           300 AM
 LOWEST     27           200 PM
 AVERAGE    58

..........................................................


THE OMAK WA AIRPORT CLIMATE NORMALS FOR TODAY
                         NORMAL    RECORD    YEAR
 MAXIMUM TEMPERATURE (F)   75        94      1958
 MINIMUM TEMPERATURE (F)   48        29      1967


SUNRISE AND SUNSET
MAY 26 2015...........SUNRISE   506 AM PDT   SUNSET   845 PM PDT
MAY 27 2015...........SUNRISE   505 AM PDT   SUNSET   846 PM PDT


-  INDICATES NEGATIVE NUMBERS.
R  INDICATES RECORD WAS SET OR TIED.
MM INDICATES DATA IS MISSING.
T  INDICATES TRACE AMOUNT.




$$
