000
CDUS46 KOTX 310832
CLIOMK


CLIMATE REPORT
NATIONAL WEATHER SERVICE SPOKANE, WA
130 AM PDT MON AUG 31 2015


...................................

...THE OMAK WA AIRPORT CLIMATE SUMMARY FOR AUGUST 30 2015...

CLIMATE NORMAL PERIOD 1981 TO 2010
CLIMATE RECORD PERIOD 9999 TO 9999


WEATHER ITEM   OBSERVED TIME   RECORD YEAR NORMAL DEPARTURE LAST
                VALUE   (LST)  VALUE       VALUE  FROM      YEAR
                                                  NORMAL
..................................................................
TEMPERATURE (F)
 YESTERDAY
  MAXIMUM         76    321 PM  97    1967  84     -8       79
  MINIMUM         56    559 AM  34    1965  53      3       47
  AVERAGE         66                        69     -3       63

PRECIPITATION (IN)
  YESTERDAY        0.08          0.42 1979   0.02   0.06     0.00
  MONTH TO DATE    0.16                      0.48  -0.32     0.85
  SINCE OCT 1     11.61                     14.16  -2.55     7.41
  SINCE JAN 1      5.04                      9.27  -4.23     6.24

SNOWFALL (IN)
  YESTERDAY       MM

DEGREE DAYS
 HEATING
  YESTERDAY        0                         1     -1        2
  MONTH TO DATE    1                        10     -9        2
  SINCE JUN 1     16                        94    -78       42
  SINCE JUL 1      1                        25    -24        4

 COOLING
  YESTERDAY        1                         5     -4        0
  MONTH TO DATE  277                       241     36      328
  SINCE JUN 1    905                       579    326      810
  SINCE JAN 1    951                       602    349      824
..................................................................


WIND (MPH)
  HIGHEST WIND SPEED    24   HIGHEST WIND DIRECTION     S (200)
  HIGHEST GUST SPEED    31   HIGHEST GUST DIRECTION     S (200)
  AVERAGE WIND SPEED    14.4


SKY COVER
  POSSIBLE SUNSHINE  MM
  AVERAGE SKY COVER 0.3


WEATHER CONDITIONS
 THE FOLLOWING WEATHER WAS RECORDED YESTERDAY.
  LIGHT RAIN
  HAZE


RELATIVE HUMIDITY (PERCENT)
 HIGHEST    80           400 AM
 LOWEST     25           200 PM
 AVERAGE    53

..........................................................


THE OMAK WA AIRPORT CLIMATE NORMALS FOR TODAY
                         NORMAL    RECORD    YEAR
 MAXIMUM TEMPERATURE (F)   84        99      1998
 MINIMUM TEMPERATURE (F)   53        38      2006
                                             1948


SUNRISE AND SUNSET
AUGUST 31 2015........SUNRISE   614 AM PDT   SUNSET   742 PM PDT
SEPTEMBER  1 2015.....SUNRISE   615 AM PDT   SUNSET   740 PM PDT


-  INDICATES NEGATIVE NUMBERS.
R  INDICATES RECORD WAS SET OR TIED.
MM INDICATES DATA IS MISSING.
T  INDICATES TRACE AMOUNT.




$$
