000
CDUS46 KOTX 300827
CLIOMK


CLIMATE REPORT
NATIONAL WEATHER SERVICE SPOKANE, WA
127 AM PDT THU MAR 30 2017


...................................

...THE OMAK WA AIRPORT CLIMATE SUMMARY FOR MARCH 29 2017...

CLIMATE NORMAL PERIOD 1981 TO 2010
CLIMATE RECORD PERIOD 9999 TO 9999


WEATHER ITEM   OBSERVED TIME   RECORD YEAR NORMAL DEPARTURE LAST
                VALUE   (LST)  VALUE       VALUE  FROM      YEAR
                                                  NORMAL
..................................................................
TEMPERATURE (F)
 YESTERDAY
  MAXIMUM         54    525 PM  72    1994  58     -4       63
  MINIMUM         37   1058 PM  -1    1996  34      3       43
  AVERAGE         46                        46      0       53

PRECIPITATION (IN)
  YESTERDAY        0.48                      0.03   0.45     0.00
  MONTH TO DATE    2.28                      1.12   1.16     2.66
  SINCE OCT 1     12.42                      9.31   3.11    11.21
  SINCE JAN 1      5.94                      4.42   1.52     5.85

SNOWFALL (IN)
  YESTERDAY       MM

DEGREE DAYS
 HEATING
  YESTERDAY       19                        19      0       12
  MONTH TO DATE  732                       692     40      604
  SINCE MAR 1    732                       692     40      604
  SINCE JUL 1   5667                      5553    114     5010

 COOLING
  YESTERDAY        0                         0      0        0
  MONTH TO DATE    0                         0      0        0
  SINCE MAR 1      0                         0      0        0
  SINCE JAN 1      0                         0      0        0
..................................................................


WIND (MPH)
  HIGHEST WIND SPEED    21   HIGHEST WIND DIRECTION     S (160)
  HIGHEST GUST SPEED    25   HIGHEST GUST DIRECTION     S (160)
  AVERAGE WIND SPEED     8.9


SKY COVER
  POSSIBLE SUNSHINE  MM
  AVERAGE SKY COVER 0.8


WEATHER CONDITIONS
 THE FOLLOWING WEATHER WAS RECORDED YESTERDAY.
  RAIN
  LIGHT RAIN
  FOG


RELATIVE HUMIDITY (PERCENT)
 HIGHEST    89           600 AM
 LOWEST     61          1200 AM
 AVERAGE    75

..........................................................


THE OMAK WA AIRPORT CLIMATE NORMALS FOR TODAY
                         NORMAL    RECORD    YEAR
 MAXIMUM TEMPERATURE (F)   59        75      2003
                                             1939
 MINIMUM TEMPERATURE (F)   34        -9      1996


SUNRISE AND SUNSET
MARCH 30 2017.........SUNRISE   639 AM PDT   SUNSET   726 PM PDT
MARCH 31 2017.........SUNRISE   637 AM PDT   SUNSET   728 PM PDT


-  INDICATES NEGATIVE NUMBERS.
R  INDICATES RECORD WAS SET OR TIED.
MM INDICATES DATA IS MISSING.
T  INDICATES TRACE AMOUNT.




$$
