000
CDUS46 KOTX 300824
CLIOMK


CLIMATE REPORT
NATIONAL WEATHER SERVICE SPOKANE, WA
123 AM PDT SAT AUG 30 2014


...................................

...THE OMAK WA AIRPORT CLIMATE SUMMARY FOR AUGUST 29 2014...

CLIMATE NORMAL PERIOD 1981 TO 2010
CLIMATE RECORD PERIOD 9999 TO 9999


WEATHER ITEM   OBSERVED TIME   RECORD YEAR NORMAL DEPARTURE LAST
                VALUE   (LST)  VALUE       VALUE  FROM      YEAR
                                                  NORMAL
..................................................................
TEMPERATURE (F)
 YESTERDAY
  MAXIMUM         80   1203 PM  96    1967  84     -4       84
  MINIMUM         54    529 AM  38    1965  54      0       58
  AVERAGE         67                        69     -2       71

PRECIPITATION (IN)
  YESTERDAY        0.00          0.24 1951   0.02  -0.02     0.18
  MONTH TO DATE    0.85                      0.44   0.41     1.32
  SINCE OCT 1      7.41                     14.45  -7.04    14.41
  SINCE JAN 1      6.24                      9.00  -2.76     7.42

SNOWFALL (IN)
  YESTERDAY       MM            MM      MM  MM     MM       MM
  MONTH TO DATE   MM                        MM     MM       MM
  SINCE JUN 1     MM                        MM     MM       MM
  SINCE JUL 1     MM                        MM     MM       MM
  SNOW DEPTH      MM

DEGREE DAYS
 HEATING
  YESTERDAY        0                         1     -1        0
  MONTH TO DATE    0                         9     -9        0
  SINCE JUN 1     40                        93    -53       67
  SINCE JUL 1      2                        24    -22        0

 COOLING
  YESTERDAY        2                         5     -3        6
  MONTH TO DATE  328                       236     92      242
  SINCE JUN 1    810                       574    236      655
  SINCE JAN 1    824                       597    227      678
..................................................................


WIND (MPH)
  HIGHEST WIND SPEED    15   HIGHEST WIND DIRECTION     N (10)
  HIGHEST GUST SPEED    21   HIGHEST GUST DIRECTION     N (10)
  AVERAGE WIND SPEED     7.0


SKY COVER
  POSSIBLE SUNSHINE  MM
  AVERAGE SKY COVER 0.0


WEATHER CONDITIONS
 THE FOLLOWING WEATHER WAS RECORDED YESTERDAY.
  NO SIGNIFICANT WEATHER WAS OBSERVED.


RELATIVE HUMIDITY (PERCENT)
 HIGHEST    77           500 AM
 LOWEST     28           100 PM
 AVERAGE    53

..........................................................


THE OMAK WA AIRPORT CLIMATE NORMALS FOR TODAY
                         NORMAL    RECORD    YEAR
 MAXIMUM TEMPERATURE (F)   84        97      1967
 MINIMUM TEMPERATURE (F)   53        34      1965


SUNRISE AND SUNSET
AUGUST 30 2014........SUNRISE   613 AM PDT   SUNSET   744 PM PDT
AUGUST 31 2014........SUNRISE   614 AM PDT   SUNSET   742 PM PDT


-  INDICATES NEGATIVE NUMBERS.
R  INDICATES RECORD WAS SET OR TIED.
MM INDICATES DATA IS MISSING.
T  INDICATES TRACE AMOUNT.




$$
