000
CDUS46 KOTX 290824
CLIOMK


CLIMATE REPORT
NATIONAL WEATHER SERVICE SPOKANE, WA
121 AM PDT WED JUL 29 2015


...................................

...THE OMAK WA AIRPORT CLIMATE SUMMARY FOR JULY 28 2015...

CLIMATE NORMAL PERIOD 1981 TO 2010
CLIMATE RECORD PERIOD 9999 TO 9999


WEATHER ITEM   OBSERVED TIME   RECORD YEAR NORMAL DEPARTURE LAST
                VALUE   (LST)  VALUE       VALUE  FROM      YEAR
                                                  NORMAL
..................................................................
TEMPERATURE (F)
 YESTERDAY
  MAXIMUM         87    451 PM 106    1934  91     -4      102
  MINIMUM         48    441 AM  40    1959  59    -11       66
  AVERAGE         68                        75     -7       84

PRECIPITATION (IN)
  YESTERDAY        0.00          0.33 1947   0.03  -0.03     0.00
  MONTH TO DATE    0.26                      0.75  -0.49     0.17
  SINCE OCT 1     11.45                     13.62  -2.17     6.56
  SINCE JAN 1      4.88                      8.73  -3.85     5.39

SNOWFALL (IN)
  YESTERDAY       MM

DEGREE DAYS
 HEATING
  YESTERDAY        0                         0      0        0
  MONTH TO DATE    0                        11    -11        2
  SINCE JUN 1     15                        80    -65       40
  SINCE JUL 1      0                        11    -11        2

 COOLING
  YESTERDAY        3                        10     -7       19
  MONTH TO DATE  326                       223    103      353
  SINCE JUN 1    591                       307    284      418
  SINCE JAN 1    637                       330    307      432
..................................................................


WIND (MPH)
  HIGHEST WIND SPEED    16   HIGHEST WIND DIRECTION     N (360)
  HIGHEST GUST SPEED    22   HIGHEST GUST DIRECTION     N (350)
  AVERAGE WIND SPEED     7.2


SKY COVER
  POSSIBLE SUNSHINE  MM
  AVERAGE SKY COVER 0.0


WEATHER CONDITIONS
 THE FOLLOWING WEATHER WAS RECORDED YESTERDAY.
  NO SIGNIFICANT WEATHER WAS OBSERVED.


RELATIVE HUMIDITY (PERCENT)
 HIGHEST    63           300 AM
 LOWEST     14           500 PM
 AVERAGE    39

..........................................................


THE OMAK WA AIRPORT CLIMATE NORMALS FOR TODAY
                         NORMAL    RECORD    YEAR
 MAXIMUM TEMPERATURE (F)   91       105      2014
                                             1998
 MINIMUM TEMPERATURE (F)   59        39      1947


SUNRISE AND SUNSET
JULY 29 2015..........SUNRISE   529 AM PDT   SUNSET   840 PM PDT
JULY 30 2015..........SUNRISE   530 AM PDT   SUNSET   838 PM PDT


-  INDICATES NEGATIVE NUMBERS.
R  INDICATES RECORD WAS SET OR TIED.
MM INDICATES DATA IS MISSING.
T  INDICATES TRACE AMOUNT.




$$
