000
CDUS45 KBOI 180932
CLIONO


CLIMATE REPORT
NATIONAL WEATHER SERVICE BOISE ID
231 AM MST WED JAN 18 2017


...................................

...THE ONTARIO OR CLIMATE SUMMARY FOR JANUARY 17 2017...

CLIMATE NORMAL PERIOD 1981 TO 2010
CLIMATE RECORD PERIOD 1948 TO 2017


WEATHER ITEM   OBSERVED TIME   RECORD YEAR NORMAL DEPARTURE LAST
                VALUE   (LST)  VALUE       VALUE  FROM      YEAR
                                                  NORMAL
..................................................................
TEMPERATURE (F)
 YESTERDAY
  MAXIMUM          9    145 PM  55    1951  35    -26       35
  MINIMUM         -7R  1250 AM  -4    2013  20    -27       32
  AVERAGE          1                        27    -26       34

PRECIPITATION (IN)
  YESTERDAY        T             0.70 2006   0.03  -0.03     0.05
  MONTH TO DATE    1.91                      0.74   1.17     0.19
  SINCE OCT 1      5.23                      4.15   1.08     4.94
  SINCE JAN 1      1.91                      0.74   1.17     0.19

DEGREE DAYS
 HEATING
  YESTERDAY       64                        38     26       31
  MONTH TO DATE  876                       650    226      659
  SINCE DEC 1   2283                      1803    480     1706
  SINCE JUL 1   3374                      3231    143     2831

 COOLING
  YESTERDAY        0                         0      0        0
  MONTH TO DATE    0                         0      0        0
  SINCE DEC 1      0                         0      0        0
  SINCE JAN 1      0                         0      0        0
..................................................................


WIND (MPH)
  HIGHEST WIND SPEED     9   HIGHEST WIND DIRECTION     W (260)
  HIGHEST GUST SPEED    11   HIGHEST GUST DIRECTION    SW (240)
  AVERAGE WIND SPEED     2.6


SKY COVER
  AVERAGE SKY COVER 0.4


WEATHER CONDITIONS
 THE FOLLOWING WEATHER WAS RECORDED YESTERDAY.
  LIGHT SNOW
  FOG
  FOG W/VISIBILITY <= 1/4 MILE
  HAZE


RELATIVE HUMIDITY (PERCENT)
 HIGHEST    91           300 AM
 LOWEST     69          1200 PM
 AVERAGE    80

..........................................................


THE ONTARIO OR CLIMATE NORMALS FOR TODAY
                         NORMAL    RECORD    YEAR
 MAXIMUM TEMPERATURE (F)   35        52      1998
 MINIMUM TEMPERATURE (F)   20       -11      1984


SUNRISE AND SUNSET
JANUARY 18 2017.......SUNRISE   818 AM MST   SUNSET   540 PM MST
JANUARY 19 2017.......SUNRISE   817 AM MST   SUNSET   541 PM MST


-  INDICATES NEGATIVE NUMBERS.
R  INDICATES RECORD WAS SET OR TIED.
MM INDICATES DATA IS MISSING.
T  INDICATES TRACE AMOUNT.




$$
