000
CDUS45 KBOI 080931
CLIONO


CLIMATE REPORT
NATIONAL WEATHER SERVICE BOISE ID
231 AM MST MON FEB 8 2016


...................................

...THE ONTARIO OR CLIMATE SUMMARY FOR FEBRUARY 7 2016...

CLIMATE NORMAL PERIOD 1981 TO 2010
CLIMATE RECORD PERIOD 1948 TO 2016


WEATHER ITEM   OBSERVED TIME   RECORD YEAR NORMAL DEPARTURE LAST
                VALUE   (LST)  VALUE       VALUE  FROM      YEAR
                                                  NORMAL
..................................................................
TEMPERATURE (F)
 YESTERDAY
  MAXIMUM         46    448 PM  67    2015  40      6       67
  MINIMUM         25    754 AM -22    1989  22      3       45
  AVERAGE         36                        31      5       56

PRECIPITATION (IN)
  YESTERDAY        0.00          0.62 1953   0.03  -0.03     0.12
  MONTH TO DATE    0.09                      0.20  -0.11     0.61
  SINCE OCT 1      5.59                      4.79   0.80     5.63
  SINCE JAN 1      0.84                      1.38  -0.54     1.17

DEGREE DAYS
 HEATING
  YESTERDAY       29                        34     -5        9
  MONTH TO DATE  232                       243    -11      149
  SINCE DEC 1   2357                      2558   -201     2063
  SINCE JUL 1   3482                      3986   -504     3344

 COOLING
  YESTERDAY        0                         0      0        0
  MONTH TO DATE    0                         0      0        0
  SINCE DEC 1      0                         0      0        0
  SINCE JAN 1      0                         0      0        0
..................................................................


WIND (MPH)
  HIGHEST WIND SPEED     9   HIGHEST WIND DIRECTION    SW (240)
  HIGHEST GUST SPEED    11   HIGHEST GUST DIRECTION    NE (40)
  AVERAGE WIND SPEED     3.1


SKY COVER
  AVERAGE SKY COVER 0.0


WEATHER CONDITIONS
 THE FOLLOWING WEATHER WAS RECORDED YESTERDAY.
  FOG


RELATIVE HUMIDITY (PERCENT)
 HIGHEST    92           300 AM
 LOWEST     53           400 PM
 AVERAGE    73

..........................................................


THE ONTARIO OR CLIMATE NORMALS FOR TODAY
                         NORMAL    RECORD    YEAR
 MAXIMUM TEMPERATURE (F)   40        64      2015
 MINIMUM TEMPERATURE (F)   22       -22      1989


SUNRISE AND SUNSET
FEBRUARY  8 2016......SUNRISE   757 AM MST   SUNSET   608 PM MST
FEBRUARY  9 2016......SUNRISE   756 AM MST   SUNSET   609 PM MST


-  INDICATES NEGATIVE NUMBERS.
R  INDICATES RECORD WAS SET OR TIED.
MM INDICATES DATA IS MISSING.
T  INDICATES TRACE AMOUNT.




$$
