000
CDUS45 KBOI 100933
CLIONO


CLIMATE REPORT
NATIONAL WEATHER SERVICE BOISE ID
232 AM MST SAT DEC 10 2016


...................................

...THE ONTARIO OR CLIMATE SUMMARY FOR DECEMBER 9 2016...

CLIMATE NORMAL PERIOD 1981 TO 2010
CLIMATE RECORD PERIOD 1948 TO 2016


WEATHER ITEM   OBSERVED TIME   RECORD YEAR NORMAL DEPARTURE LAST
                VALUE   (LST)  VALUE       VALUE  FROM      YEAR
                                                  NORMAL
..................................................................
TEMPERATURE (F)
 YESTERDAY
  MAXIMUM         30   1159 PM  55    2015  37     -7       55
  MINIMUM         24    519 AM -18    1972  20      4       35
  AVERAGE         27                        29     -2       45

PRECIPITATION (IN)
  YESTERDAY        0.33          0.56 1964   0.05   0.28      T
  MONTH TO DATE    0.72                      0.44   0.28     0.65
  SINCE OCT 1      2.09                      2.17  -0.08     2.55
  SINCE JAN 1      4.71                      8.82  -4.11     7.79

DEGREE DAYS
 HEATING
  YESTERDAY       38                        36      2       20
  MONTH TO DATE  327                       317     10      256
  SINCE DEC 1    327                       317     10      256
  SINCE JUL 1   1418                      1745   -327     1381

 COOLING
  YESTERDAY        0                         0      0        0
  MONTH TO DATE    0                         0      0        0
  SINCE DEC 1      0                         0      0        0
  SINCE JAN 1    976                       852    124     1171
..................................................................


WIND (MPH)
  HIGHEST WIND SPEED     8   HIGHEST WIND DIRECTION    SW (240)
  HIGHEST GUST SPEED    13   HIGHEST GUST DIRECTION     W (260)
  AVERAGE WIND SPEED     2.3


SKY COVER
  AVERAGE SKY COVER 1.0


WEATHER CONDITIONS
 THE FOLLOWING WEATHER WAS RECORDED YESTERDAY.
  LT FREEZING RAIN
  SNOW
  LIGHT SNOW
  FOG


RELATIVE HUMIDITY (PERCENT)
 HIGHEST    92           800 AM
 LOWEST     84          1000 AM
 AVERAGE    88

..........................................................


THE ONTARIO OR CLIMATE NORMALS FOR TODAY
                         NORMAL    RECORD    YEAR
 MAXIMUM TEMPERATURE (F)   37        54      1993
 MINIMUM TEMPERATURE (F)   20       -23      1972


SUNRISE AND SUNSET
DECEMBER 10 2016......SUNRISE   812 AM MST   SUNSET   510 PM MST
DECEMBER 11 2016......SUNRISE   813 AM MST   SUNSET   510 PM MST


-  INDICATES NEGATIVE NUMBERS.
R  INDICATES RECORD WAS SET OR TIED.
MM INDICATES DATA IS MISSING.
T  INDICATES TRACE AMOUNT.




$$
