000
CDUS45 KBOI 270931
CLIONO


CLIMATE REPORT
NATIONAL WEATHER SERVICE BOISE ID
330 AM MDT TUE SEP 27 2016


...................................

...THE ONTARIO OR CLIMATE SUMMARY FOR SEPTEMBER 26 2016...

CLIMATE NORMAL PERIOD 1981 TO 2010
CLIMATE RECORD PERIOD 1948 TO 2016


WEATHER ITEM   OBSERVED TIME   RECORD YEAR NORMAL DEPARTURE LAST
                VALUE   (LST)  VALUE       VALUE  FROM      YEAR
                                                  NORMAL
..................................................................
TEMPERATURE (F)
 YESTERDAY
  MAXIMUM         83    521 PM  92    1962  77      6       88
  MINIMUM         41    711 AM  26    1972  41      0       49
  AVERAGE         62                        59      3       69

PRECIPITATION (IN)
  YESTERDAY        0.00          0.63 2001   0.01  -0.01     0.00
  MONTH TO DATE    0.05                      0.34  -0.29     0.45
  SINCE OCT 1      7.37                      9.99  -2.62     9.70
  SINCE JAN 1      2.62                      6.58  -3.96     5.24

DEGREE DAYS
 HEATING
  YESTERDAY        3                         7     -4        0
  MONTH TO DATE   73                        87    -14       73
  SINCE SEP 1     73                        87    -14       73
  SINCE JUL 1     82                       103    -21       75

 COOLING
  YESTERDAY        0                         0      0        4
  MONTH TO DATE   21                        56    -35       53
  SINCE SEP 1     21                        56    -35       53
  SINCE JAN 1    966                       849    117     1157
..................................................................


WIND (MPH)
  HIGHEST WIND SPEED     8   HIGHEST WIND DIRECTION     W (250)
  HIGHEST GUST SPEED    11   HIGHEST GUST DIRECTION    NE (50)
  AVERAGE WIND SPEED     2.5


SKY COVER
  AVERAGE SKY COVER 0.0


WEATHER CONDITIONS
 THE FOLLOWING WEATHER WAS RECORDED YESTERDAY.
  HAZE


RELATIVE HUMIDITY (PERCENT)
 HIGHEST    79           700 AM
 LOWEST     22           400 PM
 AVERAGE    51

..........................................................


THE ONTARIO OR CLIMATE NORMALS FOR TODAY
                         NORMAL    RECORD    YEAR
 MAXIMUM TEMPERATURE (F)   76        94      1957
 MINIMUM TEMPERATURE (F)   41        27      1971


SUNRISE AND SUNSET
SEPTEMBER 27 2016.....SUNRISE   742 AM MDT   SUNSET   735 PM MDT
SEPTEMBER 28 2016.....SUNRISE   743 AM MDT   SUNSET   733 PM MDT


-  INDICATES NEGATIVE NUMBERS.
R  INDICATES RECORD WAS SET OR TIED.
MM INDICATES DATA IS MISSING.
T  INDICATES TRACE AMOUNT.




$$
