000
CDUS45 KBOI 240932
CLIONO


CLIMATE REPORT
NATIONAL WEATHER SERVICE BOISE ID
231 AM MST SAT JAN 24 2015


...................................

...THE ONTARIO OR CLIMATE SUMMARY FOR JANUARY 23 2015...

CLIMATE NORMAL PERIOD 1981 TO 2010
CLIMATE RECORD PERIOD 1948 TO 2015


WEATHER ITEM   OBSERVED TIME   RECORD YEAR NORMAL DEPARTURE LAST
                VALUE   (LST)  VALUE       VALUE  FROM      YEAR
                                                  NORMAL
..................................................................
TEMPERATURE (F)
 YESTERDAY
  MAXIMUM         43    437 PM  52    1974  36      7       31
  MINIMUM         25    434 AM -24    1962  20      5       26
  AVERAGE         34                        28      6       29

PRECIPITATION (IN)
  YESTERDAY        0.00          0.55 1965   0.03  -0.03     0.00
  MONTH TO DATE    0.56                      0.95  -0.39     0.31
  SINCE OCT 1      5.02                      4.36   0.66     1.82
  SINCE JAN 1      0.56                      0.95  -0.39     0.31

DEGREE DAYS
 HEATING
  YESTERDAY       31                        37     -6       36
  MONTH TO DATE  806                       872    -66      855
  SINCE DEC 1   1687                      2025   -338     2252
  SINCE JUL 1   2968                      3453   -485     3647

 COOLING
  YESTERDAY        0                         0      0        0
  MONTH TO DATE    0                         0      0        0
  SINCE DEC 1      0                         0      0        0
  SINCE JAN 1      0                         0      0        0
..................................................................


WIND (MPH)
  HIGHEST WIND SPEED     8   HIGHEST WIND DIRECTION     E (100)
  HIGHEST GUST SPEED    10   HIGHEST GUST DIRECTION     E (100)
  AVERAGE WIND SPEED     1.4


SKY COVER
  AVERAGE SKY COVER 0.4


WEATHER CONDITIONS
 THE FOLLOWING WEATHER WAS RECORDED YESTERDAY.
  FOG
  HAZE


RELATIVE HUMIDITY (PERCENT)
 HIGHEST    92          1200 AM
 LOWEST     60           300 PM
 AVERAGE    76

..........................................................


THE ONTARIO OR CLIMATE NORMALS FOR TODAY
                         NORMAL    RECORD    YEAR
 MAXIMUM TEMPERATURE (F)   36        61      1959
 MINIMUM TEMPERATURE (F)   20       -16      1949


SUNRISE AND SUNSET
JANUARY 24 2015.......SUNRISE   813 AM MST   SUNSET   547 PM MST
JANUARY 25 2015.......SUNRISE   813 AM MST   SUNSET   549 PM MST


-  INDICATES NEGATIVE NUMBERS.
R  INDICATES RECORD WAS SET OR TIED.
MM INDICATES DATA IS MISSING.
T  INDICATES TRACE AMOUNT.




$$
