000
CDUS45 KBOI 190931
CLIONO


CLIMATE REPORT
NATIONAL WEATHER SERVICE BOISE ID
331 AM MDT SAT APR 19 2014


...................................

...THE ONTARIO OR CLIMATE SUMMARY FOR APRIL 18 2014...

CLIMATE NORMAL PERIOD 1981 TO 2010
CLIMATE RECORD PERIOD 1948 TO 2014


WEATHER ITEM   OBSERVED TIME   RECORD YEAR NORMAL DEPARTURE LAST
                VALUE   (LST)  VALUE       VALUE  FROM      YEAR
                                                  NORMAL
..................................................................
TEMPERATURE (F)
 YESTERDAY
  MAXIMUM         66    341 PM  88    1962  65      1       62
  MINIMUM         41   1159 PM  27    1972  36      5       29
  AVERAGE         54                        51      3       46

PRECIPITATION (IN)
  YESTERDAY        0.00          0.42 1991   0.03  -0.03     0.00
  MONTH TO DATE    0.19                      0.48  -0.29     0.10
  SINCE OCT 1      4.88                      6.88  -2.00     4.24
  SINCE JAN 1      3.37                      3.47  -0.10     1.30

DEGREE DAYS
 HEATING
  YESTERDAY       11                        14     -3       19
  MONTH TO DATE  231                       290    -59      247
  SINCE MAR 1    819                       960   -141      871
  SINCE JUL 1   5575                      5590    -15     5385

 COOLING
  YESTERDAY        0                         0      0        0
  MONTH TO DATE    0                         0      0        0
  SINCE MAR 1      0                         0      0        0
  SINCE JAN 1      0                         0      0        0
..................................................................


WIND (MPH)
  HIGHEST WIND SPEED    16   HIGHEST WIND DIRECTION     W (290)
  HIGHEST GUST SPEED    20   HIGHEST GUST DIRECTION     W (290)
  AVERAGE WIND SPEED     5.9


SKY COVER
  AVERAGE SKY COVER 0.3


WEATHER CONDITIONS
 THE FOLLOWING WEATHER WAS RECORDED YESTERDAY.
  NO SIGNIFICANT WEATHER WAS OBSERVED.


RELATIVE HUMIDITY (PERCENT)
 HIGHEST    66           400 AM
 LOWEST     16           400 PM
 AVERAGE    41

..........................................................


THE ONTARIO OR CLIMATE NORMALS FOR TODAY
                         NORMAL    RECORD    YEAR
 MAXIMUM TEMPERATURE (F)   66        88      1962
 MINIMUM TEMPERATURE (F)   36        24      1966


SUNRISE AND SUNSET
APRIL 19 2014.........SUNRISE   658 AM MDT   SUNSET   837 PM MDT
APRIL 20 2014.........SUNRISE   656 AM MDT   SUNSET   838 PM MDT


-  INDICATES NEGATIVE NUMBERS.
R  INDICATES RECORD WAS SET OR TIED.
MM INDICATES DATA IS MISSING.
T  INDICATES TRACE AMOUNT.




$$
