000
CDUS45 KBOI 040931
CLIONO


CLIMATE REPORT
NATIONAL WEATHER SERVICE BOISE ID
331 AM MDT FRI SEP 4 2015


...................................

...THE ONTARIO OR CLIMATE SUMMARY FOR SEPTEMBER 3 2015...

CLIMATE NORMAL PERIOD 1981 TO 2010
CLIMATE RECORD PERIOD 1948 TO 2015


WEATHER ITEM   OBSERVED TIME   RECORD YEAR NORMAL DEPARTURE LAST
                VALUE   (LST)  VALUE       VALUE  FROM      YEAR
                                                  NORMAL
..................................................................
TEMPERATURE (F)
 YESTERDAY
  MAXIMUM         71    524 PM 101    1998  86    -15       76
  MINIMUM         52    912 AM  36    1961  49      3       53
  AVERAGE         62                        68     -6       65

PRECIPITATION (IN)
  YESTERDAY        0.07          0.09 1980   0.01   0.06     0.00
  MONTH TO DATE    0.07                      0.03   0.04     0.00
  SINCE OCT 1      9.32                      9.68  -0.36     7.05
  SINCE JAN 1      4.86                      6.27  -1.41     5.54

DEGREE DAYS
 HEATING
  YESTERDAY        3                         1      2        0
  MONTH TO DATE    3                         3      0        0
  SINCE SEP 1      3                         3      0        0
  SINCE JUL 1      5                        19    -14        1

 COOLING
  YESTERDAY        0                         4     -4        0
  MONTH TO DATE   10                        12     -2        3
  SINCE SEP 1     10                        12     -2        3
  SINCE JAN 1   1114                       805    309     1000
..................................................................


WIND (MPH)
  HIGHEST WIND SPEED    30   HIGHEST WIND DIRECTION    NW (310)
  HIGHEST GUST SPEED    41   HIGHEST GUST DIRECTION    NW (320)
  AVERAGE WIND SPEED     9.9


SKY COVER
  AVERAGE SKY COVER 0.3


WEATHER CONDITIONS
 THE FOLLOWING WEATHER WAS RECORDED YESTERDAY.
  LIGHT RAIN


RELATIVE HUMIDITY (PERCENT)
 HIGHEST    77          1000 AM
 LOWEST     33           500 PM
 AVERAGE    55

..........................................................


THE ONTARIO OR CLIMATE NORMALS FOR TODAY
                         NORMAL    RECORD    YEAR
 MAXIMUM TEMPERATURE (F)   86       101      1998
 MINIMUM TEMPERATURE (F)   49        34      1980


SUNRISE AND SUNSET
SEPTEMBER  4 2015.....SUNRISE   714 AM MDT   SUNSET   819 PM MDT
SEPTEMBER  5 2015.....SUNRISE   716 AM MDT   SUNSET   817 PM MDT


-  INDICATES NEGATIVE NUMBERS.
R  INDICATES RECORD WAS SET OR TIED.
MM INDICATES DATA IS MISSING.
T  INDICATES TRACE AMOUNT.




$$
