000
CDUS46 KSGX 310016
CLIONT


CLIMATE REPORT
NATIONAL WEATHER SERVICE SAN DIEGO, CA
416 PM PST FRI JAN 30 2015


...................................

...THE ONTARIO INTL AIRPORT CA CLIMATE SUMMARY FOR JANUARY 30 2015...
VALID TODAY AS OF 0400 PM LOCAL TIME.

CLIMATE NORMAL PERIOD 1981 TO 2010
CLIMATE RECORD PERIOD 1998 TO 2015


WEATHER ITEM   OBSERVED TIME   RECORD YEAR NORMAL DEPARTURE LAST
                VALUE   (LST)  VALUE       VALUE  FROM      YEAR
                                                  NORMAL
..................................................................
TEMPERATURE (F)
 TODAY
  MAXIMUM         67    335 PM  83    2003  65      2       61
  MINIMUM         57    711 AM  32    2002  44     13       52
  AVERAGE         62                        55      7       57

PRECIPITATION (IN)
  TODAY            T             0.29 2011   0.09  -0.09     0.03
  MONTH TO DATE    0.93                      3.22  -2.29     0.03
  SINCE OCT 1      6.57                      7.39  -0.82     0.91
  SINCE JAN 1      0.93                      3.22  -2.29     0.03

SNOWFALL (IN)
  TODAY            0.0
  MONTH TO DATE    0.0
  SINCE JAN 1      0.0
  SINCE JUL 1      0.0
  SNOW DEPTH       0

DEGREE DAYS
 HEATING
  TODAY            3                        11     -8        8
  MONTH TO DATE  185                       330   -145      111
  SINCE DEC 1    436                       668   -232      375
  SINCE JUL 1    506                       890   -384      533

 COOLING
  TODAY            0                         0      0        0
  MONTH TO DATE   13                         0     13       19
  SINCE DEC 1     15                         2     13       23
  SINCE JAN 1     13                         0     13       19
..................................................................


WIND (MPH)
  RESULTANT WIND SPEED   3   RESULTANT WIND DIRECTION   W (270)
  HIGHEST WIND SPEED    10   HIGHEST WIND DIRECTION     W (250)
  HIGHEST GUST SPEED    13   HIGHEST GUST DIRECTION     W (270)
  AVERAGE WIND SPEED     3.5


SKY COVER
  POSSIBLE SUNSHINE  MM
  AVERAGE SKY COVER 0.9


WEATHER CONDITIONS
 THE FOLLOWING WEATHER WAS RECORDED TODAY.
  NO SIGNIFICANT WEATHER WAS OBSERVED.


RELATIVE HUMIDITY (PERCENT)
 HIGHEST    77           800 AM
 LOWEST     48           100 PM
 AVERAGE    63

..........................................................


THE ONTARIO INTL AIRPORT CA CLIMATE NORMALS FOR TOMORROW
                         NORMAL    RECORD    YEAR
 MAXIMUM TEMPERATURE (F)   65        90      2003
 MINIMUM TEMPERATURE (F)   44        31      2002


SUNRISE AND SUNSET
JANUARY 30 2015.......SUNRISE   649 AM PST   SUNSET   519 PM PST
JANUARY 31 2015.......SUNRISE   648 AM PST   SUNSET   520 PM PST


-  INDICATES NEGATIVE NUMBERS.
R  INDICATES RECORD WAS SET OR TIED.
MM INDICATES DATA IS MISSING.
T  INDICATES TRACE AMOUNT.




$$
