000
CDUS46 KSGX 270021
CLIONT


CLIMATE REPORT
NATIONAL WEATHER SERVICE SAN DIEGO, CA
521 PM PDT TUE MAY 26 2015


...................................

...THE ONTARIO INTL AIRPORT CA CLIMATE SUMMARY FOR MAY 26 2015...
VALID TODAY AS OF 0500 PM LOCAL TIME.

CLIMATE NORMAL PERIOD 1981 TO 2010
CLIMATE RECORD PERIOD 1998 TO 2015


WEATHER ITEM   OBSERVED TIME   RECORD YEAR NORMAL DEPARTURE LAST
                VALUE   (LST)  VALUE       VALUE  FROM      YEAR
                                                  NORMAL
..................................................................
TEMPERATURE (F)
 TODAY
  MAXIMUM         77    346 PM  91    2014  80     -3       91
  MINIMUM         58    707 AM  49    2012  57      1       59
  AVERAGE         68                        68      0       75

PRECIPITATION (IN)
  TODAY            T   R         T    2006   0.00   0.00     0.00
  MONTH TO DATE    0.94                      0.28   0.66     0.07
  SINCE OCT 1      9.87                     14.41  -4.54     4.37
  SINCE JAN 1      4.23                     10.24  -6.01     3.49

SNOWFALL (IN)
  TODAY            0.0
  MONTH TO DATE    0.0
  SINCE MAR 1      0.0
  SINCE JUL 1      0.0
  SNOW DEPTH       0

DEGREE DAYS
 HEATING
  TODAY            0                         1     -1        0
  MONTH TO DATE   70                        34     36       14
  SINCE MAR 1    183                       370   -187      150
  SINCE JUL 1    783                      1527   -744      836

 COOLING
  TODAY            3                         4     -1       10
  MONTH TO DATE   38                        86    -48      170
  SINCE MAR 1    234                       139     95      310
  SINCE JAN 1    264                       145    119      340
..................................................................


WIND (MPH)
  RESULTANT WIND SPEED   3   RESULTANT WIND DIRECTION   W (270)
  HIGHEST WIND SPEED    16   HIGHEST WIND DIRECTION     W (260)
  HIGHEST GUST SPEED    20   HIGHEST GUST DIRECTION     W (280)
  AVERAGE WIND SPEED     5.6


SKY COVER
  POSSIBLE SUNSHINE  MM
  AVERAGE SKY COVER 1.0


WEATHER CONDITIONS
 THE FOLLOWING WEATHER WAS RECORDED TODAY.
  LIGHT RAIN
  FOG
  HAZE


RELATIVE HUMIDITY (PERCENT)
 HIGHEST    93           600 AM
 LOWEST     40           200 PM
 AVERAGE    67

..........................................................


THE ONTARIO INTL AIRPORT CA CLIMATE NORMALS FOR TOMORROW
                         NORMAL    RECORD    YEAR
 MAXIMUM TEMPERATURE (F)   81        99      2000
 MINIMUM TEMPERATURE (F)   57        46      1998


SUNRISE AND SUNSET
MAY 26 2015...........SUNRISE   542 AM PDT   SUNSET   753 PM PDT
MAY 27 2015...........SUNRISE   542 AM PDT   SUNSET   753 PM PDT


-  INDICATES NEGATIVE NUMBERS.
R  INDICATES RECORD WAS SET OR TIED.
MM INDICATES DATA IS MISSING.
T  INDICATES TRACE AMOUNT.




$$
