000
CDUS41 KAKQ 160833
CLIORF


CLIMATE REPORT
NATIONAL WEATHER SERVICE WAKEFIELD, VA
432 AM EDT WED APR 16 2014


...................................

...THE NORFOLK VA CLIMATE SUMMARY FOR APRIL 15 2014...

CLIMATE NORMAL PERIOD 1981 TO 2010
CLIMATE RECORD PERIOD 1871 TO 2014


WEATHER ITEM   OBSERVED TIME   RECORD YEAR NORMAL DEPARTURE LAST
                VALUE   (LST)  VALUE       VALUE  FROM      YEAR
                                                  NORMAL
..................................................................
TEMPERATURE (F)
 YESTERDAY
  MAXIMUM         74    352 PM  89    1941  68      6       67
  MINIMUM         40   1159 PM  33    1943  49     -9       58
  AVERAGE         57                        58     -1       63

PRECIPITATION (IN)
  YESTERDAY        2.30          2.66 1975   0.11   2.19      T
  MONTH TO DATE    3.21                      1.72   1.49     1.14
  SINCE MAR 1      7.03                      5.40   1.63     3.64
  SINCE JAN 1     13.32                     11.92   1.40    11.20

SNOWFALL (IN)
  YESTERDAY        0.0           0.0  2002   0.0    0.0
  MONTH TO DATE    0.0                       0.0    0.0
  SINCE NOV 1     15.5                       5.8    9.7
  SINCE JUL 1     15.5                       5.8    9.7
  SNOW DEPTH       0

DEGREE DAYS
 HEATING
  YESTERDAY        8                         8      0        2
  MONTH TO DATE   84                       145    -61      110
  SINCE MAR 1    658                       637     21      722
  SINCE JUL 1   3269                      3206     63     3097

 COOLING
  YESTERDAY        0                         1     -1        0
  MONTH TO DATE   18                        15      3       43
  SINCE MAR 1     19                        21     -2       43
  SINCE JAN 1     19                        22     -3       43
..................................................................


WIND (MPH)
  HIGHEST WIND SPEED    35   HIGHEST WIND DIRECTION     N (350)
  HIGHEST GUST SPEED    49   HIGHEST GUST DIRECTION     N (360)
  AVERAGE WIND SPEED    18.2


SKY COVER
  POSSIBLE SUNSHINE  MM
  AVERAGE SKY COVER 0.9


WEATHER CONDITIONS
 THE FOLLOWING WEATHER WAS RECORDED YESTERDAY.
  HEAVY RAIN
  RAIN
  LIGHT RAIN
  FOG


RELATIVE HUMIDITY (PERCENT)
 HIGHEST    93          1100 AM
 LOWEST     73           600 PM
 AVERAGE    83

..........................................................


THE NORFOLK VA CLIMATE NORMALS FOR TODAY
                         NORMAL    RECORD    YEAR
 MAXIMUM TEMPERATURE (F)   68        91      1976
 MINIMUM TEMPERATURE (F)   49        33      1943


SUNRISE AND SUNSET
APRIL 16 2014.........SUNRISE   629 AM EDT   SUNSET   740 PM EDT
APRIL 17 2014.........SUNRISE   628 AM EDT   SUNSET   741 PM EDT


-  INDICATES NEGATIVE NUMBERS.
R  INDICATES RECORD WAS SET OR TIED.
MM INDICATES DATA IS MISSING.
T  INDICATES TRACE AMOUNT.




$$
