000
CDUS41 KAKQ 222127
CLIORF


CLIMATE REPORT
NATIONAL WEATHER SERVICE WAKEFIELD, VA
527 PM EDT THU JUN 22 2017


...................................

...THE NORFOLK VA CLIMATE SUMMARY FOR JUNE 22 2017...
VALID TODAY AS OF 0500 PM LOCAL TIME.

CLIMATE NORMAL PERIOD 1981 TO 2010
CLIMATE RECORD PERIOD 1871 TO 2017


WEATHER ITEM   OBSERVED TIME   RECORD YEAR NORMAL DEPARTURE LAST
                VALUE   (LST)  VALUE       VALUE  FROM      YEAR
                                                  NORMAL
..................................................................
TEMPERATURE (F)
 TODAY
  MAXIMUM         91    211 PM  99    1981  85      6       86
                                      1933
  MINIMUM         74    507 AM  56    1992  69      5       76
                                      1980
  AVERAGE         83

PRECIPITATION (IN)
  TODAY            0.00          2.19 2012   0.14  -0.14      T
  MONTH TO DATE    3.20                      3.14   0.06     3.97
  SINCE JUN 1      3.20                      3.14   0.06     3.97
  SINCE JAN 1     25.02                     20.16   4.86    26.20

SNOWFALL (IN)
  TODAY            0.0
  MONTH TO DATE    0.0
  SINCE NOV 1      5.4
  SINCE JUL 1      5.4
  SNOW DEPTH       0

DEGREE DAYS
 HEATING
  TODAY            0                         0      0        0
  MONTH TO DATE    2                         4     -2        0
  SINCE JUN 1      2                         4     -2        0
  SINCE JUL 1   2667                      3375   -708     2522

 COOLING
  TODAY           18                        12      6       16
  MONTH TO DATE  270                       209     61      234
  SINCE JUN 1    270                       209     61      234
  SINCE JAN 1    591                       375    216      391
..................................................................


WIND (MPH)
  RESULTANT WIND SPEED   9   RESULTANT WIND DIRECTION  SW (230)
  HIGHEST WIND SPEED    15   HIGHEST WIND DIRECTION    SW (220)
  HIGHEST GUST SPEED    18   HIGHEST GUST DIRECTION    SW (230)


SKY COVER
  POSSIBLE SUNSHINE  MM
  AVERAGE SKY COVER 0.0


WEATHER CONDITIONS
 THE FOLLOWING WEATHER WAS RECORDED TODAY.
  NO SIGNIFICANT WEATHER WAS OBSERVED.


RELATIVE HUMIDITY (PERCENT)
 HIGHEST    93
 LOWEST     52
 AVERAGE    73

..........................................................


THE NORFOLK VA CLIMATE NORMALS FOR TOMORROW
                         NORMAL    RECORD    YEAR
 MAXIMUM TEMPERATURE (F)   86        99      2015
                                             1988
 MINIMUM TEMPERATURE (F)   69        55      1992


SUNRISE AND SUNSET
JUNE 22 2017..........SUNRISE   546 AM EDT   SUNSET   828 PM EDT
JUNE 23 2017..........SUNRISE   546 AM EDT   SUNSET   828 PM EDT


-  INDICATES NEGATIVE NUMBERS.
R  INDICATES RECORD WAS SET OR TIED.
MM INDICATES DATA IS MISSING.
T  INDICATES TRACE AMOUNT.




$$
