000
CDUS41 KAKQ 010631
CLIORF


CLIMATE REPORT
NATIONAL WEATHER SERVICE WAKEFIELD, VA
130 AM EST SUN MAR 1 2015


...................................

...THE NORFOLK VA CLIMATE SUMMARY FOR FEBRUARY 28 2015...

CLIMATE NORMAL PERIOD 1981 TO 2010
CLIMATE RECORD PERIOD 1871 TO 2015


WEATHER ITEM   OBSERVED TIME   RECORD YEAR NORMAL DEPARTURE LAST
                VALUE   (LST)  VALUE       VALUE  FROM      YEAR
                                                  NORMAL
..................................................................
TEMPERATURE (F)
 YESTERDAY
  MAXIMUM         30    228 PM  79    2011  54    -24       34
                                      1948
  MINIMUM         25    840 AM  17    1934  37    -12       24
                                      1888
  AVERAGE         28                        45    -17       29

PRECIPITATION (IN)
  YESTERDAY        0.00          1.20 1957   0.11  -0.11     0.00
  MONTH TO DATE    2.54                      3.12  -0.58     3.06
  SINCE DEC 1      9.88                      9.78   0.10    11.04
  SINCE JAN 1      6.18                      6.52  -0.34     6.29

SNOWFALL (IN)
  YESTERDAY        0.0           6.0  1937   0.1   -0.1
  MONTH TO DATE   11.5                       2.0    9.5
  SINCE NOV 1     12.5                       5.6    6.9
  SINCE JUL 1     12.5                       5.6    6.9
  SNOW DEPTH       3

DEGREE DAYS
 HEATING
  YESTERDAY       37                        20     17       36
  MONTH TO DATE  902                       626    276      652
  SINCE DEC 1   2273                      2039    234     2080
  SINCE JUL 1   2836                      2569    267     2611

 COOLING
  YESTERDAY        0                         0      0        0
  MONTH TO DATE    0                         1     -1        0
  SINCE DEC 1      0                         2     -2        5
  SINCE JAN 1      0                         1     -1        0
..................................................................


WIND (MPH)
  HIGHEST WIND SPEED    21   HIGHEST WIND DIRECTION    NE (30)
  HIGHEST GUST SPEED    28   HIGHEST GUST DIRECTION    NE (40)
  AVERAGE WIND SPEED    11.8


SKY COVER
  POSSIBLE SUNSHINE  MM
  AVERAGE SKY COVER 0.0


WEATHER CONDITIONS
 THE FOLLOWING WEATHER WAS RECORDED YESTERDAY.
  NO SIGNIFICANT WEATHER WAS OBSERVED.


RELATIVE HUMIDITY (PERCENT)
 HIGHEST    69          1200 AM
 LOWEST     50          1100 AM
 AVERAGE    60

..........................................................


THE NORFOLK VA CLIMATE NORMALS FOR TODAY
                         NORMAL    RECORD    YEAR
 MAXIMUM TEMPERATURE (F)   54        81      1918
 MINIMUM TEMPERATURE (F)   37        18      1980


SUNRISE AND SUNSET
MARCH  1 2015.........SUNRISE   636 AM EST   SUNSET   559 PM EST
MARCH  2 2015.........SUNRISE   635 AM EST   SUNSET   600 PM EST


-  INDICATES NEGATIVE NUMBERS.
R  INDICATES RECORD WAS SET OR TIED.
MM INDICATES DATA IS MISSING.
T  INDICATES TRACE AMOUNT.




$$
