000
CDUS41 KBOX 250546
CLIORH


CLIMATE REPORT
NATIONAL WEATHER SERVICE TAUNTON MA
135 AM EDT WED MAY 25 2016


...................................

...THE WORCESTER MA CLIMATE SUMMARY FOR MAY 24 2016...

CLIMATE NORMAL PERIOD 1981 TO 2010
CLIMATE RECORD PERIOD 1892 TO 2016


WEATHER ITEM   OBSERVED TIME   RECORD YEAR NORMAL DEPARTURE LAST
                VALUE   (LST)  VALUE       VALUE  FROM      YEAR
                                                  NORMAL
..................................................................
TEMPERATURE (F)
 YESTERDAY
  MAXIMUM         59   1201 AM  88    1964  68     -9       79
                                      1936
  MINIMUM         53   1158 PM  33    1956  49      4       48
                                      1935
                                      1932
  AVERAGE         56                        59     -3       64

PRECIPITATION (IN)
  YESTERDAY        0.20          1.78 1951   0.16   0.04     0.00
  MONTH TO DATE    1.96                      3.15  -1.19     0.14
  SINCE MAR 1      8.08                     11.47  -3.39     5.53
  SINCE JAN 1     15.47                     18.19  -2.72    13.84

SNOWFALL (IN)
  YESTERDAY        0.0           0.0  2002   0.0    0.0      0.0
                                      2001
                                      2000
  MONTH TO DATE    0.0                       0.0    0.0      0.0
  SINCE MAR 1     15.5                      14.2    1.3     11.1
  SINCE JUL 1     47.2                      64.1  -16.9    119.7
  SNOW DEPTH      MM

DEGREE DAYS
 HEATING
  YESTERDAY        9                         7      2        1
  MONTH TO DATE  276                       243     33      129
  SINCE MAR 1   1648                      1753   -105     1773
  SINCE JUL 1   5707                      6590   -883     6887

 COOLING
  YESTERDAY        0                         1     -1        0
  MONTH TO DATE    1                         9     -8       29
  SINCE MAR 1      5                        12     -7       29
  SINCE JAN 1      5                        12     -7       29
..................................................................


WIND (MPH)
  RESULTANT WIND SPEED   5   RESULTANT WIND DIRECTION   N (20)
  HIGHEST WIND SPEED    15   HIGHEST WIND DIRECTION     N (10)
  HIGHEST GUST SPEED    21   HIGHEST GUST DIRECTION    NE (30)
  AVERAGE WIND SPEED     7.4


SKY COVER
  POSSIBLE SUNSHINE  MM
  AVERAGE SKY COVER 0.9


WEATHER CONDITIONS
 THE FOLLOWING WEATHER WAS RECORDED YESTERDAY.
  FOG


RELATIVE HUMIDITY (PERCENT)
 HIGHEST    93           800 PM
 LOWEST     80           100 PM
 AVERAGE    87

..........................................................


THE WORCESTER MA CLIMATE NORMALS FOR TODAY
                         NORMAL    RECORD    YEAR
 MAXIMUM TEMPERATURE (F)   68        88      2007
                                             1932
                                             1904
 MINIMUM TEMPERATURE (F)   50        33      1967
                                             1956
                                             1945


SUNRISE AND SUNSET
MAY 25 2016...........SUNRISE   517 AM EDT   SUNSET   812 PM EDT
MAY 26 2016...........SUNRISE   517 AM EDT   SUNSET   813 PM EDT


-  INDICATES NEGATIVE NUMBERS.
R  INDICATES RECORD WAS SET OR TIED.
MM INDICATES DATA IS MISSING.
T  INDICATES TRACE AMOUNT.




$$
