000
CDUS41 KBOX 030549
CLIORH


CLIMATE REPORT
NATIONAL WEATHER SERVICE TAUNTON MA
145 AM EDT MON AUG 3 2015


...................................

...THE WORCESTER MA CLIMATE SUMMARY FOR AUGUST 2 2015...

CLIMATE NORMAL PERIOD 1981 TO 2010
CLIMATE RECORD PERIOD 1892 TO 2015


WEATHER ITEM   OBSERVED TIME   RECORD YEAR NORMAL DEPARTURE LAST
                VALUE   (LST)  VALUE       VALUE  FROM      YEAR
                                                  NORMAL
..................................................................
TEMPERATURE (F)
 YESTERDAY
  MAXIMUM         81    423 PM  96    1975  79      2       69
  MINIMUM         59    409 AM  45    1931  62     -3       60
                                      1929
  AVERAGE         70                        70      0       65

PRECIPITATION (IN)
  YESTERDAY        0.00          1.62 1973   0.14  -0.14     0.02
  MONTH TO DATE    0.03                      0.27  -0.24     0.23
  SINCE JUN 1      9.24                      8.69   0.55     8.07
  SINCE JAN 1     23.54                     27.92  -4.38    29.26

SNOWFALL (IN)
  YESTERDAY        0.0           0.0  2002   0.0    0.0      0.0
                                      2001
                                      2000
  MONTH TO DATE    0.0                       0.0    0.0      0.0
  SINCE JUN 1      0.0                       0.0    0.0      0.0
  SINCE JUL 1      0.0                       0.0    0.0      0.0
  SNOW DEPTH      MM

DEGREE DAYS
 HEATING
  YESTERDAY        0                         0      0        0
  MONTH TO DATE    0                         0      0        0
  SINCE JUN 1     95                        97     -2       45
  SINCE JUL 1      1                        14    -13        0

 COOLING
  YESTERDAY        5                         6     -1        0
  MONTH TO DATE   12                        12      0        7
  SINCE JUN 1    319                       271     48      265
  SINCE JAN 1    385                       293     92      273
..................................................................


WIND (MPH)
  RESULTANT WIND SPEED   9   RESULTANT WIND DIRECTION   W (250)
  HIGHEST WIND SPEED    17   HIGHEST WIND DIRECTION     S (200)
  HIGHEST GUST SPEED    22   HIGHEST GUST DIRECTION    SW (240)
  AVERAGE WIND SPEED    10.4


SKY COVER
  POSSIBLE SUNSHINE  MM
  AVERAGE SKY COVER 0.0


WEATHER CONDITIONS
 THE FOLLOWING WEATHER WAS RECORDED YESTERDAY.
  NO SIGNIFICANT WEATHER WAS OBSERVED.


RELATIVE HUMIDITY (PERCENT)
 HIGHEST    81          1100 PM
 LOWEST     36           300 PM
 AVERAGE    59

..........................................................


THE WORCESTER MA CLIMATE NORMALS FOR TODAY
                         NORMAL    RECORD    YEAR
 MAXIMUM TEMPERATURE (F)   79        94      1930
 MINIMUM TEMPERATURE (F)   62        45      1940


SUNRISE AND SUNSET
AUGUST  3 2015........SUNRISE   542 AM EDT   SUNSET   805 PM EDT
AUGUST  4 2015........SUNRISE   543 AM EDT   SUNSET   803 PM EDT


-  INDICATES NEGATIVE NUMBERS.
R  INDICATES RECORD WAS SET OR TIED.
MM INDICATES DATA IS MISSING.
T  INDICATES TRACE AMOUNT.




$$
