000
CDUS41 KBOX 230543
CLIORH


CLIMATE REPORT
NATIONAL WEATHER SERVICE TAUNTON MA
137 AM EDT TUE MAY 23 2017


...................................

...THE WORCESTER MA CLIMATE SUMMARY FOR MAY 22 2017...

CLIMATE NORMAL PERIOD 1981 TO 2010
CLIMATE RECORD PERIOD 1892 TO 2017


WEATHER ITEM   OBSERVED TIME   RECORD YEAR NORMAL DEPARTURE LAST
                VALUE   (LST)  VALUE       VALUE  FROM      YEAR
                                                  NORMAL
..................................................................
TEMPERATURE (F)
 YESTERDAY
  MAXIMUM         53   1214 AM  90    1992  68    -15       65
                                      1911
  MINIMUM         46    538 AM  32    1936  49     -3       53
  AVERAGE         50                        58     -8       59

PRECIPITATION (IN)
  YESTERDAY        0.24          0.77 1919   0.14   0.10      T
  MONTH TO DATE    3.38                      2.84   0.54     1.76
  SINCE MAR 1     12.14                     11.16   0.98     7.88
  SINCE JAN 1     18.49                     17.88   0.61    15.27

SNOWFALL (IN)
  YESTERDAY        0.0           0.0  2002   0.0    0.0      0.0
                                      2001
                                      2000
  MONTH TO DATE    0.0                       0.0    0.0      0.0
  SINCE MAR 1     20.5                      14.2    6.3     15.5
  SINCE JUL 1     78.3                      64.1   14.2     47.2
  SNOW DEPTH       0

DEGREE DAYS
 HEATING
  YESTERDAY       15                         8      7        6
  MONTH TO DATE  280                       229     51      267
  SINCE MAR 1   1823                      1739     84     1639
  SINCE JUL 1   6100                      6576   -476     5698

 COOLING
  YESTERDAY        0                         1     -1        0
  MONTH TO DATE   26                         7     19        1
  SINCE MAR 1     36                        10     26        5
  SINCE JAN 1     36                        10     26        5
..................................................................


WIND (MPH)
  RESULTANT WIND SPEED   6   RESULTANT WIND DIRECTION   S (200)
  HIGHEST WIND SPEED    15   HIGHEST WIND DIRECTION     S (170)
  HIGHEST GUST SPEED    19   HIGHEST GUST DIRECTION     S (170)
  AVERAGE WIND SPEED     6.9


SKY COVER
  POSSIBLE SUNSHINE  MM
  AVERAGE SKY COVER 1.0


WEATHER CONDITIONS
 THE FOLLOWING WEATHER WAS RECORDED YESTERDAY.
  LIGHT RAIN
  FOG
  FOG W/VISIBILITY <= 1/4 MILE


RELATIVE HUMIDITY (PERCENT)
 HIGHEST    93           700 PM
 LOWEST     66          1200 PM
 AVERAGE    80

..........................................................


THE WORCESTER MA CLIMATE NORMALS FOR TODAY
                         NORMAL    RECORD    YEAR
 MAXIMUM TEMPERATURE (F)   68        89      1964
 MINIMUM TEMPERATURE (F)   49        32      1929


SUNRISE AND SUNSET
MAY 23 2017...........SUNRISE   519 AM EDT   SUNSET   810 PM EDT
MAY 24 2017...........SUNRISE   518 AM EDT   SUNSET   811 PM EDT


-  INDICATES NEGATIVE NUMBERS.
R  INDICATES RECORD WAS SET OR TIED.
MM INDICATES DATA IS MISSING.
T  INDICATES TRACE AMOUNT.




$$
