000
CDUS41 KBOX 250554
CLIORH


CLIMATE REPORT
NATIONAL WEATHER SERVICE TAUNTON MA
151 AM EDT TUE APR 25 2017


...................................

...THE WORCESTER MA CLIMATE SUMMARY FOR APRIL 24 2017...

CLIMATE NORMAL PERIOD 1981 TO 2010
CLIMATE RECORD PERIOD 1892 TO 2017


WEATHER ITEM   OBSERVED TIME   RECORD YEAR NORMAL DEPARTURE LAST
                VALUE   (LST)  VALUE       VALUE  FROM      YEAR
                                                  NORMAL
..................................................................
TEMPERATURE (F)
 YESTERDAY
  MAXIMUM         69    445 PM  84    2001  59     10       57
  MINIMUM         42    342 AM  21    1930  40      2       41
  AVERAGE         56                        49      7       49

PRECIPITATION (IN)
  YESTERDAY        0.00          2.01 1983   0.12  -0.12     0.00
  MONTH TO DATE    3.87                      3.33   0.54     2.31
  SINCE MAR 1      7.88                      7.54   0.34     5.80
  SINCE JAN 1     14.23                     14.26  -0.03    13.19

SNOWFALL (IN)
  YESTERDAY        0.0           3.4  1967   0.1   -0.1      0.0
  MONTH TO DATE    2.9                       2.6    0.3     10.0
  SINCE MAR 1     20.5                      14.0    6.5     15.5
  SINCE JUL 1     78.3                      63.9   14.4     47.2
  SNOW DEPTH      MM

DEGREE DAYS
 HEATING
  YESTERDAY        9                        16     -7       16
  MONTH TO DATE  406                       484    -78      491
  SINCE MAR 1   1486                      1423     63     1260
  SINCE JUL 1   5763                      6260   -497     5319

 COOLING
  YESTERDAY        0                         0      0        0
  MONTH TO DATE    6                         0      6        4
  SINCE MAR 1      6                         0      6        4
  SINCE JAN 1      6                         0      6        4
..................................................................


WIND (MPH)
  RESULTANT WIND SPEED   5   RESULTANT WIND DIRECTION   S (200)
  HIGHEST WIND SPEED    18   HIGHEST WIND DIRECTION    SE (150)
  HIGHEST GUST SPEED    22   HIGHEST GUST DIRECTION    SE (140)
  AVERAGE WIND SPEED     8.0


SKY COVER
  POSSIBLE SUNSHINE  MM
  AVERAGE SKY COVER 0.0


WEATHER CONDITIONS
 THE FOLLOWING WEATHER WAS RECORDED YESTERDAY.
  NO SIGNIFICANT WEATHER WAS OBSERVED.


RELATIVE HUMIDITY (PERCENT)
 HIGHEST    76          1200 AM
 LOWEST     21           400 PM
 AVERAGE    49

..........................................................


THE WORCESTER MA CLIMATE NORMALS FOR TODAY
                         NORMAL    RECORD    YEAR
 MAXIMUM TEMPERATURE (F)   59        86      2009
 MINIMUM TEMPERATURE (F)   40        25      1927
                                             1919


SUNRISE AND SUNSET
APRIL 25 2017.........SUNRISE   551 AM EDT   SUNSET   740 PM EDT
APRIL 26 2017.........SUNRISE   550 AM EDT   SUNSET   742 PM EDT


-  INDICATES NEGATIVE NUMBERS.
R  INDICATES RECORD WAS SET OR TIED.
MM INDICATES DATA IS MISSING.
T  INDICATES TRACE AMOUNT.




$$
