000
CDUS41 KBOX 010616
CLIORH


CLIMATE REPORT
NATIONAL WEATHER SERVICE TAUNTON MA
210 AM EDT WED OCT 1 2014


...................................

...THE WORCESTER MA CLIMATE SUMMARY FOR SEPTEMBER 30 2014...

CLIMATE NORMAL PERIOD 1981 TO 2010
CLIMATE RECORD PERIOD 1892 TO 2014


WEATHER ITEM   OBSERVED TIME   RECORD YEAR NORMAL DEPARTURE LAST
                VALUE   (LST)  VALUE       VALUE  FROM      YEAR
                                                  NORMAL
..................................................................
TEMPERATURE (F)
 YESTERDAY
  MAXIMUM         55    448 PM  83    1986  64     -9       67
  MINIMUM         52    532 AM  28    1941  47      5       43
  AVERAGE         54                        56     -2       55

PRECIPITATION (IN)
  YESTERDAY        0.25          2.17 1946   0.16   0.09     0.00
  MONTH TO DATE    2.72                      3.93  -1.21     3.23
  SINCE SEP 1      2.72                      3.93  -1.21     3.23
  SINCE JAN 1     37.75                     35.29   2.46    36.25

SNOWFALL (IN)
  YESTERDAY        0.0           T    1992   0.0    0.0      0.0
  MONTH TO DATE    0.0                       0.0    0.0      0.0
  SINCE SEP 1      0.0                       0.0    0.0      0.0
  SINCE JUL 1      0.0                       0.0    0.0      0.0
  SNOW DEPTH       0

DEGREE DAYS
 HEATING
  YESTERDAY       11                        10      1       10
  MONTH TO DATE  153                       153      0      170
  SINCE SEP 1    153                       154     -1      170
  SINCE JUL 1    173                       193    -20      189

 COOLING
  YESTERDAY        0                         0      0        0
  MONTH TO DATE   61                        42     19       40
  SINCE SEP 1     61                        42     19       40
  SINCE JAN 1    423                       468    -45      571
..................................................................


WIND (MPH)
  RESULTANT WIND SPEED   6   RESULTANT WIND DIRECTION  NE (50)
  HIGHEST WIND SPEED    12   HIGHEST WIND DIRECTION    NE (40)
  HIGHEST GUST SPEED    16   HIGHEST GUST DIRECTION    NE (30)
  AVERAGE WIND SPEED     6.6


SKY COVER
  POSSIBLE SUNSHINE  MM
  AVERAGE SKY COVER 1.0


WEATHER CONDITIONS
 THE FOLLOWING WEATHER WAS RECORDED YESTERDAY.
  RAIN
  LIGHT RAIN
  FOG
  FOG W/VISIBILITY <= 1/4 MILE


RELATIVE HUMIDITY (PERCENT)
 HIGHEST   100          1200 AM
 LOWEST     93           700 AM
 AVERAGE    97

..........................................................


THE WORCESTER MA CLIMATE NORMALS FOR TODAY
                         NORMAL    RECORD    YEAR
 MAXIMUM TEMPERATURE (F)   64        86      1927
 MINIMUM TEMPERATURE (F)   47        27      1925


SUNRISE AND SUNSET
OCTOBER  1 2014.......SUNRISE   644 AM EDT   SUNSET   629 PM EDT
OCTOBER  2 2014.......SUNRISE   646 AM EDT   SUNSET   627 PM EDT


-  INDICATES NEGATIVE NUMBERS.
R  INDICATES RECORD WAS SET OR TIED.
MM INDICATES DATA IS MISSING.
T  INDICATES TRACE AMOUNT.




$$
