000
CDUS46 KMFR 010837
CLIOTH


CLIMATE REPORT
NATIONAL WEATHER SERVICE MEDFORD, OR
1237 AM PST SUN MAR 1 2015


...................................

...THE NORTH BEND OR CLIMATE SUMMARY FOR FEBRUARY 28 2015...

CLIMATE NORMAL PERIOD 1981 TO 2010
CLIMATE RECORD PERIOD 1902 TO 2015


WEATHER ITEM   OBSERVED TIME   RECORD YEAR NORMAL DEPARTURE LAST
                VALUE   (LST)  VALUE       VALUE  FROM      YEAR
                                                  NORMAL
..................................................................
TEMPERATURE (F)
 YESTERDAY
  MAXIMUM         59        MM  70    1903  54      5       59
  MINIMUM         41   1100 PM  25    1960  41      0       45
  AVERAGE         50                        47      3       52

PRECIPITATION (IN)
  YESTERDAY        0.01          1.90 2006   0.27  -0.26     0.00
  MONTH TO DATE    8.32                      7.59   0.73     8.03
  SINCE OCT 1     33.51                     43.87 -10.36    16.34
  SINCE JAN 1     10.21                     17.78  -7.57    10.72

SNOWFALL (IN)
  YESTERDAY       MM
  SNOW DEPTH      MM

DEGREE DAYS
 HEATING
  YESTERDAY       15                        18     -3       13
  MONTH TO DATE  359                       521   -162      444
  SINCE DEC 1   1228                      1722   -494     1682
  SINCE JUL 1   2104                      3174  -1070     2797

 COOLING
  YESTERDAY        0                         0      0        0
  MONTH TO DATE    0                         0      0        0
  SINCE DEC 1      0                         0      0        0
  SINCE JAN 1      0                         0      0        0
..................................................................


WIND (MPH)
  HIGHEST WIND SPEED    16   HIGHEST WIND DIRECTION    NE (50)
  HIGHEST GUST SPEED    20   HIGHEST GUST DIRECTION    NE (50)
  AVERAGE WIND SPEED     6.5


SKY COVER
  POSSIBLE SUNSHINE  MM
  AVERAGE SKY COVER 0.2


WEATHER CONDITIONS
 THE FOLLOWING WEATHER WAS RECORDED YESTERDAY.
  NO SIGNIFICANT WEATHER WAS OBSERVED.


RELATIVE HUMIDITY (PERCENT)
 HIGHEST   100          1200 AM
 LOWEST     39           400 PM

..........................................................


THE NORTH BEND OR CLIMATE NORMALS FOR TODAY
                         NORMAL    RECORD    YEAR
 MAXIMUM TEMPERATURE (F)   54        72      1925
 MINIMUM TEMPERATURE (F)   41        26      1930


SUNRISE AND SUNSET
MARCH  1 2015.........SUNRISE   654 AM PST   SUNSET   606 PM PST
MARCH  2 2015.........SUNRISE   652 AM PST   SUNSET   607 PM PST


-  INDICATES NEGATIVE NUMBERS.
R  INDICATES RECORD WAS SET OR TIED.
MM INDICATES DATA IS MISSING.
T  INDICATES TRACE AMOUNT.




$$
