000
CDUS46 KMFR 030838
CLIOTH


CLIMATE REPORT
NATIONAL WEATHER SERVICE MEDFORD, OR
138 AM PDT THU SEP 3 2015


...................................

...THE NORTH BEND OR CLIMATE SUMMARY FOR SEPTEMBER 2 2015...

CLIMATE NORMAL PERIOD 1981 TO 2010
CLIMATE RECORD PERIOD 1902 TO 2015


WEATHER ITEM   OBSERVED TIME   RECORD YEAR NORMAL DEPARTURE LAST
                VALUE   (LST)  VALUE       VALUE  FROM      YEAR
                                                  NORMAL
..................................................................
TEMPERATURE (F)
 YESTERDAY
  MAXIMUM         68        MM  80    1973  66      2       70
  MINIMUM         54   1100 PM  40    1913  52      2       55
  AVERAGE         61                        59      2       63

PRECIPITATION (IN)
  YESTERDAY       MM             1.77 1999   0.03  MM        0.00
  MONTH TO DATE    0.00                      0.06  -0.06     0.00
  SINCE OCT 1     42.74                     63.39 -20.65    28.07
  SINCE JAN 1     19.44                     37.30 -17.86    22.45

SNOWFALL (IN)
  YESTERDAY       MM
  SNOW DEPTH      MM

DEGREE DAYS
 HEATING
  YESTERDAY        4                         6     -2        2
  MONTH TO DATE    5                        12     -7        3
  SINCE SEP 1      5                        12     -7        3
  SINCE JUL 1    183                       391   -208      268

 COOLING
  YESTERDAY        0                         0      0        0
  MONTH TO DATE    0                         0      0        0
  SINCE SEP 1      0                         0      0        0
  SINCE JAN 1     14                         1     13       12
..................................................................


WIND (MPH)
  HIGHEST WIND SPEED    12   HIGHEST WIND DIRECTION    NW (320)
  HIGHEST GUST SPEED    MM   HIGHEST GUST DIRECTION    MM
  AVERAGE WIND SPEED     5.4


SKY COVER
  POSSIBLE SUNSHINE  MM
  AVERAGE SKY COVER  MM


WEATHER CONDITIONS
 THE FOLLOWING WEATHER WAS RECORDED YESTERDAY.
  NO SIGNIFICANT WEATHER WAS OBSERVED.


RELATIVE HUMIDITY (PERCENT)
 HIGHEST    MM
 LOWEST     MM

..........................................................


THE NORTH BEND OR CLIMATE NORMALS FOR TODAY
                         NORMAL    RECORD    YEAR
 MAXIMUM TEMPERATURE (F)   66        91      1953
 MINIMUM TEMPERATURE (F)   52        40      1921


SUNRISE AND SUNSET
SEPTEMBER  3 2015.....SUNRISE   643 AM PDT   SUNSET   749 PM PDT
SEPTEMBER  4 2015.....SUNRISE   644 AM PDT   SUNSET   747 PM PDT


-  INDICATES NEGATIVE NUMBERS.
R  INDICATES RECORD WAS SET OR TIED.
MM INDICATES DATA IS MISSING.
T  INDICATES TRACE AMOUNT.




$$
