000
CDUS46 KMFR 260845
CLIOTH


CLIMATE REPORT
NATIONAL WEATHER SERVICE MEDFORD, OR
1244 AM PST MON JAN 26 2015


...................................

...THE NORTH BEND OR CLIMATE SUMMARY FOR JANUARY 25 2015...

CLIMATE NORMAL PERIOD 1981 TO 2010
CLIMATE RECORD PERIOD 1902 TO 2015


WEATHER ITEM   OBSERVED TIME   RECORD YEAR NORMAL DEPARTURE LAST
                VALUE   (LST)  VALUE       VALUE  FROM      YEAR
                                                  NORMAL
..................................................................
TEMPERATURE (F)
 YESTERDAY
  MAXIMUM         70R       MM  65    1935  52     18       59
  MINIMUM         43        MM  24    1957  40      3       37
  AVERAGE         57                        46     11       48

PRECIPITATION (IN)
  YESTERDAY        0.00          2.09 2002   0.30  -0.30     0.00
  MONTH TO DATE    1.89                      8.46  -6.57     1.65
  SINCE OCT 1     25.19                     34.55  -9.36     7.27
  SINCE JAN 1      1.89                      8.46  -6.57     1.65

SNOWFALL (IN)
  YESTERDAY       MM
  SNOW DEPTH      MM

DEGREE DAYS
 HEATING
  YESTERDAY        8                        19    -11       17
  MONTH TO DATE  356                       477   -121      421
  SINCE DEC 1    785                      1086   -301     1133
  SINCE JUL 1   1661                      2538   -877     2248

 COOLING
  YESTERDAY        0                         0      0        0
  MONTH TO DATE    0                         0      0        0
  SINCE DEC 1      0                         0      0        0
  SINCE JAN 1      0                         0      0        0
..................................................................


WIND (MPH)
  HIGHEST WIND SPEED    12   HIGHEST WIND DIRECTION    SE (140)
  HIGHEST GUST SPEED    MM   HIGHEST GUST DIRECTION    MM
  AVERAGE WIND SPEED     4.7


SKY COVER
  POSSIBLE SUNSHINE   0 PERCENT
  AVERAGE SKY COVER 0.0


WEATHER CONDITIONS
 THE FOLLOWING WEATHER WAS RECORDED YESTERDAY.
  NO SIGNIFICANT WEATHER WAS OBSERVED.


RELATIVE HUMIDITY (PERCENT)
 HIGHEST     0          1200 AM
 LOWEST      0          1200 AM

..........................................................


THE NORTH BEND OR CLIMATE NORMALS FOR TODAY
                         NORMAL    RECORD    YEAR
 MAXIMUM TEMPERATURE (F)   52        70      2011
 MINIMUM TEMPERATURE (F)   40        21      1957


SUNRISE AND SUNSET
JANUARY 26 2015.......SUNRISE   739 AM PST   SUNSET   521 PM PST
JANUARY 27 2015.......SUNRISE   738 AM PST   SUNSET   522 PM PST


-  INDICATES NEGATIVE NUMBERS.
R  INDICATES RECORD WAS SET OR TIED.
MM INDICATES DATA IS MISSING.
T  INDICATES TRACE AMOUNT.




$$
