000
CDUS46 KMFR 290037
CLIOTH


CLIMATE REPORT
NATIONAL WEATHER SERVICE MEDFORD, OR
536 PM PDT THU AUG 28 2014


...................................

...THE NORTH BEND OR CLIMATE SUMMARY FOR AUGUST 28 2014...
VALID TODAY AS OF 0500 PM LOCAL TIME.

CLIMATE NORMAL PERIOD 1981 TO 2010
CLIMATE RECORD PERIOD 1902 TO 2014


WEATHER ITEM   OBSERVED TIME   RECORD YEAR NORMAL DEPARTURE LAST
                VALUE   (LST)  VALUE       VALUE  FROM      YEAR
                                                  NORMAL
..................................................................
TEMPERATURE (F)
 TODAY
  MAXIMUM         68        MM  78    1921  66      2       73
  MINIMUM         54        MM  38    1902  52      2       59
  AVERAGE         61                        59      2       66

PRECIPITATION (IN)
  TODAY            0.00          0.68 1953   0.03  -0.03     0.01
  MONTH TO DATE    0.01                      0.53  -0.52     0.26
  SINCE SEP 1     34.01                     64.82 -30.81    43.85
  SINCE JAN 1     22.44                     37.15 -14.71    17.75

SNOWFALL (IN)
  TODAY           MM                         0.0   MM       MM
  MONTH TO DATE   MM                         0.0   MM       MM
  SINCE JUL 1     MM                         0.0   MM       MM
  SNOW DEPTH      MM

DEGREE DAYS
 HEATING
  TODAY            4                         6     -2        0
  MONTH TO DATE  114                       168    -54       68
  SINCE JUN 1    457                       632   -175      333
  SINCE JUL 1    260                       365   -105      163

 COOLING
  TODAY            0                         0      0        1
  MONTH TO DATE    0                         0      0        4
  SINCE JUN 1      0                         0      0        4
  SINCE JAN 1     12                         0     12        8
..................................................................


WIND (MPH)
  HIGHEST WIND SPEED    23   HIGHEST WIND DIRECTION     N (350)
  HIGHEST GUST SPEED    28   HIGHEST GUST DIRECTION     N (350)
  AVERAGE WIND SPEED     9.4


SKY COVER
  POSSIBLE SUNSHINE  MM
  AVERAGE SKY COVER 0.6


WEATHER CONDITIONS
 THE FOLLOWING WEATHER WAS RECORDED TODAY.
  NO SIGNIFICANT WEATHER WAS OBSERVED.


RELATIVE HUMIDITY (PERCENT)
 HIGHEST   100
 LOWEST     68          1200 PM

..........................................................


THE NORTH BEND OR CLIMATE NORMALS FOR TOMORROW
                         NORMAL    RECORD    YEAR
 MAXIMUM TEMPERATURE (F)   66        83      1944
 MINIMUM TEMPERATURE (F)   52        40      1902


SUNRISE AND SUNSET
AUGUST 28 2014........SUNRISE   637 AM PDT   SUNSET   759 PM PDT
AUGUST 29 2014........SUNRISE   638 AM PDT   SUNSET   757 PM PDT


-  INDICATES NEGATIVE NUMBERS.
R  INDICATES RECORD WAS SET OR TIED.
MM INDICATES DATA IS MISSING.
T  INDICATES TRACE AMOUNT.




$$
