000
CDUS46 KMFR 200838
CLIOTH


CLIMATE REPORT
NATIONAL WEATHER SERVICE MEDFORD, OR
1238 AM PST MON NOV 20 2017


...................................

...THE NORTH BEND OR CLIMATE SUMMARY FOR NOVEMBER 19 2017...

CLIMATE NORMAL PERIOD 1981 TO 2010
CLIMATE RECORD PERIOD 1902 TO 2017


WEATHER ITEM   OBSERVED TIME   RECORD YEAR NORMAL DEPARTURE LAST
                VALUE   (LST)  VALUE       VALUE  FROM      YEAR
                                                  NORMAL
..................................................................
TEMPERATURE (F)
 YESTERDAY
  MAXIMUM         55        MM  69    2001  54      1       61
  MINIMUM         34        MM  28    1985  42     -8       50
  AVERAGE         45                        48     -3       56

PRECIPITATION (IN)
  YESTERDAY        T             2.20 1931   0.36  -0.36     0.38
  MONTH TO DATE    7.03                      6.05   0.98     4.89
  SINCE OCT 1     12.67                     10.78   1.89    18.87
  SINCE JAN 1     61.02                     49.60  11.42    51.45

SNOWFALL (IN)
  YESTERDAY       MM
  SNOW DEPTH      MM

DEGREE DAYS
 HEATING
  YESTERDAY       20                        17      3        9
  MONTH TO DATE  257                       290    -33      169
  SINCE SEP 1    708                       877   -169      555
  SINCE JUL 1   1015                      1256   -241      843

 COOLING
  YESTERDAY        0                         0      0        0
  MONTH TO DATE    0                         0      0        0
  SINCE SEP 1      7                         1      6        0
  SINCE JAN 1     10                         2      8       15
..................................................................


WIND (MPH)
  HIGHEST WIND SPEED    15   HIGHEST WIND DIRECTION    SW (210)
  HIGHEST GUST SPEED    24   HIGHEST GUST DIRECTION    SW (210)
  AVERAGE WIND SPEED     9.4


SKY COVER
  POSSIBLE SUNSHINE  MM
  AVERAGE SKY COVER 0.3


WEATHER CONDITIONS
 THE FOLLOWING WEATHER WAS RECORDED YESTERDAY.
  LIGHT RAIN


RELATIVE HUMIDITY (PERCENT)
 HIGHEST   100           100 AM
 LOWEST     50           500 PM

..........................................................


THE NORTH BEND OR CLIMATE NORMALS FOR TODAY
                         NORMAL    RECORD    YEAR
 MAXIMUM TEMPERATURE (F)   54        70      1928
 MINIMUM TEMPERATURE (F)   42        27      1993


SUNRISE AND SUNSET
NOVEMBER 20 2017......SUNRISE   717 AM PST   SUNSET   448 PM PST
NOVEMBER 21 2017......SUNRISE   718 AM PST   SUNSET   447 PM PST


-  INDICATES NEGATIVE NUMBERS.
R  INDICATES RECORD WAS SET OR TIED.
MM INDICATES DATA IS MISSING.
T  INDICATES TRACE AMOUNT.




$$
