000
CDUS46 KMFR 290836
CLIOTH


CLIMATE REPORT
NATIONAL WEATHER SERVICE MEDFORD, OR
136 AM PDT SUN MAY 29 2016


...................................

...THE NORTH BEND OR CLIMATE SUMMARY FOR MAY 28 2016...

CLIMATE NORMAL PERIOD 1981 TO 2010
CLIMATE RECORD PERIOD 1902 TO 2016


WEATHER ITEM   OBSERVED TIME   RECORD YEAR NORMAL DEPARTURE LAST
                VALUE   (LST)  VALUE       VALUE  FROM      YEAR
                                                  NORMAL
..................................................................
TEMPERATURE (F)
 YESTERDAY
  MAXIMUM         64        MM  79    1922  60      4       61
  MINIMUM         43        MM  30    1920  49     -6       52
  AVERAGE         54                        54      0       57

PRECIPITATION (IN)
  YESTERDAY        0.00          0.88 1997   0.10  -0.10     0.00
  MONTH TO DATE    0.61                      3.08  -2.47     0.09
  SINCE OCT 1     56.17                     59.95  -3.78    42.03
  SINCE JAN 1     30.54                     33.86  -3.32    18.73

SNOWFALL (IN)
  YESTERDAY       MM
  SNOW DEPTH      MM

DEGREE DAYS
 HEATING
  YESTERDAY       11                        11      0        8
  MONTH TO DATE  235                       343   -108      267
  SINCE MAR 1    968                      1355   -387     1120
  SINCE JUL 1   3293                      4529  -1236     3224

 COOLING
  YESTERDAY        0                         0      0        0
  MONTH TO DATE    0                         0      0        0
  SINCE MAR 1      6                         0      6        0
  SINCE JAN 1      8                         0      8        0
..................................................................


WIND (MPH)
  HIGHEST WIND SPEED    20   HIGHEST WIND DIRECTION     N (350)
  HIGHEST GUST SPEED    20   HIGHEST GUST DIRECTION     N (350)
  AVERAGE WIND SPEED     7.4


SKY COVER
  POSSIBLE SUNSHINE  MM
  AVERAGE SKY COVER 0.1


WEATHER CONDITIONS
 THE FOLLOWING WEATHER WAS RECORDED YESTERDAY.
  NO SIGNIFICANT WEATHER WAS OBSERVED.


RELATIVE HUMIDITY (PERCENT)
 HIGHEST   100           300 AM
 LOWEST     48          1200 PM

..........................................................


THE NORTH BEND OR CLIMATE NORMALS FOR TODAY
                         NORMAL    RECORD    YEAR
 MAXIMUM TEMPERATURE (F)   60        78      1931
 MINIMUM TEMPERATURE (F)   49        35      1927
                                             1979


SUNRISE AND SUNSET
MAY 29 2016...........SUNRISE   541 AM PDT   SUNSET   849 PM PDT
MAY 30 2016...........SUNRISE   540 AM PDT   SUNSET   850 PM PDT


-  INDICATES NEGATIVE NUMBERS.
R  INDICATES RECORD WAS SET OR TIED.
MM INDICATES DATA IS MISSING.
T  INDICATES TRACE AMOUNT.




$$
