000
CDUS46 KMFR 270900
CLIOTH


CLIMATE REPORT
NATIONAL WEATHER SERVICE MEDFORD, OR
135 AM PDT THU APR 27 2017


...................................

...THE NORTH BEND OR CLIMATE SUMMARY FOR APRIL 26 2017...

CLIMATE NORMAL PERIOD 1981 TO 2010
CLIMATE RECORD PERIOD 1902 TO 2017


WEATHER ITEM   OBSERVED TIME   RECORD YEAR NORMAL DEPARTURE LAST
                VALUE   (LST)  VALUE       VALUE  FROM      YEAR
                                                  NORMAL
..................................................................
TEMPERATURE (F)
 YESTERDAY
  MAXIMUM         54        MM  74    1918  57     -3       55
  MINIMUM         46   1100 PM  33    1976  44      2       39
  AVERAGE         50                        50      0       47

PRECIPITATION (IN)
  YESTERDAY        0.77          1.10 1953   0.14   0.63     0.00
  MONTH TO DATE    6.30                      4.65   1.65     3.09
  SINCE OCT 1     74.24                     56.35  17.89    55.24
  SINCE JAN 1     40.09                     30.26   9.83    29.61

SNOWFALL (IN)
  YESTERDAY       MM
  SNOW DEPTH      MM

DEGREE DAYS
 HEATING
  YESTERDAY       15                        15      0       18
  MONTH TO DATE  346                       418    -72      269
  SINCE MAR 1    777                       956   -179      692
  SINCE JUL 1   3553                      4130   -577     3017

 COOLING
  YESTERDAY        0                         0      0        0
  MONTH TO DATE    0                         0      0        6
  SINCE MAR 1      0                         0      0        6
  SINCE JAN 1      0                         0      0        8
..................................................................


WIND (MPH)
  HIGHEST WIND SPEED    13   HIGHEST WIND DIRECTION     W (290)
  HIGHEST GUST SPEED    MM   HIGHEST GUST DIRECTION    MM
  AVERAGE WIND SPEED     7.0


SKY COVER
  POSSIBLE SUNSHINE  MM
  AVERAGE SKY COVER 0.9


WEATHER CONDITIONS
 THE FOLLOWING WEATHER WAS RECORDED YESTERDAY.
  RAIN
  LIGHT RAIN


RELATIVE HUMIDITY (PERCENT)
 HIGHEST   100           600 AM
 LOWEST     71           600 PM

..........................................................


THE NORTH BEND OR CLIMATE NORMALS FOR TODAY
                         NORMAL    RECORD    YEAR
 MAXIMUM TEMPERATURE (F)   57        88      1935
 MINIMUM TEMPERATURE (F)   44        31      1948


SUNRISE AND SUNSET
APRIL 27 2017.........SUNRISE   615 AM PDT   SUNSET   815 PM PDT
APRIL 28 2017.........SUNRISE   614 AM PDT   SUNSET   816 PM PDT


-  INDICATES NEGATIVE NUMBERS.
R  INDICATES RECORD WAS SET OR TIED.
MM INDICATES DATA IS MISSING.
T  INDICATES TRACE AMOUNT.




$$
