000
CDUS46 KMFR 270836
CLIOTH


CLIMATE REPORT
NATIONAL WEATHER SERVICE MEDFORD, OR
1236 AM PST MON FEB 27 2017


...................................

...THE NORTH BEND OR CLIMATE SUMMARY FOR FEBRUARY 26 2017...

CLIMATE NORMAL PERIOD 1981 TO 2010
CLIMATE RECORD PERIOD 1902 TO 2017


WEATHER ITEM   OBSERVED TIME   RECORD YEAR NORMAL DEPARTURE LAST
                VALUE   (LST)  VALUE       VALUE  FROM      YEAR
                                                  NORMAL
..................................................................
TEMPERATURE (F)
 YESTERDAY
  MAXIMUM         48        MM  77    1992  53     -5       55
  MINIMUM         37        MM  21    1962  41     -4       45
  AVERAGE         43                        47     -4       50

PRECIPITATION (IN)
  YESTERDAY        0.62          1.68 2010   0.28   0.34     0.78
  MONTH TO DATE   14.27                      7.05   7.22     4.35
  SINCE OCT 1     57.30                     43.33  13.97    42.18
  SINCE JAN 1     23.15                     17.24   5.91    16.55

SNOWFALL (IN)
  YESTERDAY       MM
  SNOW DEPTH      MM

DEGREE DAYS
 HEATING
  YESTERDAY       22                        18      4       15
  MONTH TO DATE  438                       485    -47      336
  SINCE DEC 1   1740                      1688     52     1276
  SINCE JUL 1   2736                      3140   -404     2283

 COOLING
  YESTERDAY        0                         0      0        0
  MONTH TO DATE    0                         0      0        2
  SINCE DEC 1      0                         0      0        2
  SINCE JAN 1      0                         0      0        2
..................................................................


WIND (MPH)
  HIGHEST WIND SPEED    24   HIGHEST WIND DIRECTION     W (280)
  HIGHEST GUST SPEED    25   HIGHEST GUST DIRECTION    SW (220)
  AVERAGE WIND SPEED     8.6


SKY COVER
  POSSIBLE SUNSHINE  MM
  AVERAGE SKY COVER 0.9


WEATHER CONDITIONS
 THE FOLLOWING WEATHER WAS RECORDED YESTERDAY.
  NO SIGNIFICANT WEATHER WAS OBSERVED.


RELATIVE HUMIDITY (PERCENT)
 HIGHEST   100          1200 AM
 LOWEST     71           100 PM

..........................................................


THE NORTH BEND OR CLIMATE NORMALS FOR TODAY
                         NORMAL    RECORD    YEAR
 MAXIMUM TEMPERATURE (F)   53        71      1926
 MINIMUM TEMPERATURE (F)   41        23      1962


SUNRISE AND SUNSET
FEBRUARY 27 2017......SUNRISE   656 AM PST   SUNSET   604 PM PST
FEBRUARY 28 2017......SUNRISE   654 AM PST   SUNSET   605 PM PST


-  INDICATES NEGATIVE NUMBERS.
R  INDICATES RECORD WAS SET OR TIED.
MM INDICATES DATA IS MISSING.
T  INDICATES TRACE AMOUNT.




$$
