000
CDUS43 KDMX 270630 RRB
CLIOTM

CLIMATE REPORT
NATIONAL WEATHER SERVICE DES MOINES IA
129 AM CDT THU JUL 27 2017


...................................

...THE OTTUMWA IA CLIMATE SUMMARY FOR JULY 26 2017...

CLIMATE NORMAL PERIOD 1981 TO 2010
CLIMATE RECORD PERIOD 1920 TO 2017


WEATHER ITEM   OBSERVED TIME   RECORD YEAR NORMAL DEPARTURE LAST
                VALUE   (LST)  VALUE       VALUE  FROM      YEAR
                                                  NORMAL
..................................................................
TEMPERATURE (F)
 YESTERDAY
  MAXIMUM         86   1241 PM 107    1936  85      1       85
  MINIMUM         73    608 AM  50    1911  64      9       61
  AVERAGE         80                        75      5       73

PRECIPITATION (IN)
  YESTERDAY        T             1.51 1972   0.14  -0.14     0.00
  MONTH TO DATE    0.64                      3.79  -3.15     3.89
  SINCE JUN 1      1.61                      8.88  -7.27     6.47
  SINCE JAN 1     14.07                     21.41  -7.34    15.38

DEGREE DAYS
 HEATING
  YESTERDAY        0                         0      0        0
  MONTH TO DATE    0                         0      0        7
  SINCE JUN 1     10                        21    -11        8
  SINCE JUL 1      0                         0      0        7

 COOLING
  YESTERDAY       15                        10      5        8
  MONTH TO DATE  372                       260    112      241
  SINCE JUN 1    641                       461    180      515
  SINCE JAN 1    702                       525    177      586
..................................................................


WIND (MPH)
  HIGHEST WIND SPEED    14   HIGHEST WIND DIRECTION    NW (320)
  HIGHEST GUST SPEED    16   HIGHEST GUST DIRECTION    NW (320)
  AVERAGE WIND SPEED     6.8


SKY COVER
  POSSIBLE SUNSHINE  MM
  AVERAGE SKY COVER 0.4


WEATHER CONDITIONS
 THE FOLLOWING WEATHER WAS RECORDED YESTERDAY.
  LIGHT RAIN


RELATIVE HUMIDITY (PERCENT)
 HIGHEST    93           500 AM
 LOWEST     65           200 PM
 AVERAGE    79

..........................................................


THE OTTUMWA IA CLIMATE NORMALS FOR TODAY
                         NORMAL    RECORD    YEAR
 MAXIMUM TEMPERATURE (F)   85       108      1930
 MINIMUM TEMPERATURE (F)   64        49      2013


SUNRISE AND SUNSET
JULY 27 2017..........SUNRISE   601 AM CDT   SUNSET   831 PM CDT
JULY 28 2017..........SUNRISE   602 AM CDT   SUNSET   830 PM CDT


-  INDICATES NEGATIVE NUMBERS.
R  INDICATES RECORD WAS SET OR TIED.
MM INDICATES DATA IS MISSING.
T  INDICATES TRACE AMOUNT.




$$
