580
CDUS43 KDMX 290654 RRC
CLIOTM

CLIMATE REPORT
NATIONAL WEATHER SERVICE DES MOINES IA
152 AM CDT SUN MAY 29 2016


...................................

...THE OTTUMWA IA CLIMATE SUMMARY FOR MAY 28 2016...

CLIMATE NORMAL PERIOD 1981 TO 2010
CLIMATE RECORD PERIOD 1920 TO 2016


WEATHER ITEM   OBSERVED TIME   RECORD YEAR NORMAL DEPARTURE LAST
                VALUE   (LST)  VALUE       VALUE  FROM      YEAR
                                                  NORMAL
..................................................................
TEMPERATURE (F)
 YESTERDAY
  MAXIMUM         77    322 PM  93    2006  76      1       78
  MINIMUM         62    350 AM  35    1928  55      7       56
  AVERAGE         70                        65      5       67

PRECIPITATION (IN)
  YESTERDAY        0.72          3.95 1908   0.16   0.56     0.96
  MONTH TO DATE    3.34                      4.22  -0.88     4.68
  SINCE MAR 1      7.21                      9.86  -2.65     7.68
  SINCE JAN 1      7.64                     12.04  -4.40     9.80

DEGREE DAYS
 HEATING
  YESTERDAY        0                         3     -3        0
  MONTH TO DATE  188                       159     29      110
  SINCE MAR 1   1210                      1404   -194     1226
  SINCE JUL 1   5264                      6289  -1025     6357

 COOLING
  YESTERDAY        5                         3      2        2
  MONTH TO DATE   42                        45     -3       54
  SINCE MAR 1     51                        56     -5       55
  SINCE JAN 1     51                        56     -5       55
..................................................................


WIND (MPH)
  HIGHEST WIND SPEED    28   HIGHEST WIND DIRECTION     S (200)
  HIGHEST GUST SPEED    33   HIGHEST GUST DIRECTION     S (200)
  AVERAGE WIND SPEED    12.1


SKY COVER
  POSSIBLE SUNSHINE  MM
  AVERAGE SKY COVER 0.6


WEATHER CONDITIONS
 THE FOLLOWING WEATHER WAS RECORDED YESTERDAY.
  HEAVY RAIN
  RAIN
  LIGHT RAIN
  FOG


RELATIVE HUMIDITY (PERCENT)
 HIGHEST   100           100 AM
 LOWEST     60           500 PM
 AVERAGE    80

..........................................................


THE OTTUMWA IA CLIMATE NORMALS FOR TODAY
                         NORMAL    RECORD    YEAR
 MAXIMUM TEMPERATURE (F)   76       103      1934
 MINIMUM TEMPERATURE (F)   55        33      1947


SUNRISE AND SUNSET
MAY 29 2016...........SUNRISE   541 AM CDT   SUNSET   834 PM CDT
MAY 30 2016...........SUNRISE   540 AM CDT   SUNSET   835 PM CDT


-  INDICATES NEGATIVE NUMBERS.
R  INDICATES RECORD WAS SET OR TIED.
MM INDICATES DATA IS MISSING.
T  INDICATES TRACE AMOUNT.




$$
