000
CDUS46 KOTX 230830
CLIOTX


CLIMATE REPORT
NATIONAL WEATHER SERVICE SPOKANE, WA
130 AM PDT MON MAY 23 2016


...................................

...THE SPOKANE  WA WFO CLIMATE SUMMARY FOR MAY 22 2016...

CLIMATE NORMAL PERIOD 1981 TO 2010
CLIMATE RECORD PERIOD 1881 TO 2016


WEATHER ITEM   OBSERVED TIME   RECORD YEAR NORMAL DEPARTURE LAST
                VALUE   (LST)  VALUE       VALUE  FROM      YEAR
                                                  NORMAL
..................................................................
TEMPERATURE (F)
 YESTERDAY
  MAXIMUM         61        MM  MM      MM  67     -6       81
  MINIMUM         45        MM  MM      MM  43      2       56
  AVERAGE         53                        55     -2       69

PRECIPITATION (IN)
  YESTERDAY        0.29         MM      MM   0.07   0.22     0.01
  MONTH TO DATE    0.98                      1.14  -0.16     0.40
  SINCE OCT 1     15.16                     13.44   1.72    11.53
  SINCE JAN 1      8.41                      7.41   1.00     6.82

SNOWFALL (IN)
  YESTERDAY        0.0          MM      MM   0.0    0.0      0.0
  MONTH TO DATE    0.0                       0.5   -0.5      0.0
  SINCE MAR 1      T                         7.7   -7.7      1.7
  SINCE JUL 1     32.6                      54.1  -21.5     16.8
  SNOW DEPTH      MM

DEGREE DAYS
 HEATING
  YESTERDAY       12                        11      1        0
  MONTH TO DATE  173                       287   -114      188
  SINCE MAR 1   1271                      1667   -396     1410
  SINCE JUL 1   5927                      6866   -939     5844

 COOLING
  YESTERDAY        0                         0      0        4
  MONTH TO DATE    0                         0      0        4
  SINCE MAR 1      0                         0      0        4
  SINCE JAN 1      0                         0      0        4
..................................................................


WIND (MPH)
  HIGHEST WIND SPEED    MM   HIGHEST WIND DIRECTION    MM
  HIGHEST GUST SPEED     0   HIGHEST GUST DIRECTION     N (0)
  AVERAGE WIND SPEED    MM


SKY COVER
  POSSIBLE SUNSHINE  MM
  AVERAGE SKY COVER 0.0


WEATHER CONDITIONS
 THE FOLLOWING WEATHER WAS RECORDED YESTERDAY.
  RAIN


RELATIVE HUMIDITY (PERCENT)
 HIGHEST     0          1200 AM
 LOWEST      0          1200 AM
 AVERAGE     0

..........................................................


THE SPOKANE  WA WFO CLIMATE NORMALS FOR TODAY
                         NORMAL    RECORD    YEAR
 MAXIMUM TEMPERATURE (F)   67        MM        MM
 MINIMUM TEMPERATURE (F)   43        MM        MM


SUNRISE AND SUNSET
MAY 23 2016...........SUNRISE   503 AM PDT   SUNSET   832 PM PDT
MAY 24 2016...........SUNRISE   502 AM PDT   SUNSET   833 PM PDT


-  INDICATES NEGATIVE NUMBERS.
R  INDICATES RECORD WAS SET OR TIED.
MM INDICATES DATA IS MISSING.
T  INDICATES TRACE AMOUNT.




$$
