000
CDUS46 KOTX 100826
CLIOTX


CLIMATE REPORT
NATIONAL WEATHER SERVICE SPOKANE, WA
1226 AM PST WED FEB 10 2016


...................................

...THE SPOKANE  WA WFO CLIMATE SUMMARY FOR FEBRUARY 9 2016...

CLIMATE NORMAL PERIOD 1981 TO 2010
CLIMATE RECORD PERIOD 1881 TO 2016


WEATHER ITEM   OBSERVED TIME   RECORD YEAR NORMAL DEPARTURE LAST
                VALUE   (LST)  VALUE       VALUE  FROM      YEAR
                                                  NORMAL
..................................................................
TEMPERATURE (F)
 YESTERDAY
  MAXIMUM         49        MM  MM      MM  37     12       52
  MINIMUM         28        MM  MM      MM  23      5       42
  AVERAGE         39                        30      9       47

PRECIPITATION (IN)
  YESTERDAY        0.00         MM      MM   0.05  -0.05     0.12
  MONTH TO DATE    0.13                      0.48  -0.35     1.27
  SINCE OCT 1      9.50                      8.38   1.12     7.88
  SINCE JAN 1      2.75                      2.35   0.40     3.17

SNOWFALL (IN)
  YESTERDAY        0.0          MM      MM   0.3   -0.3      0.0
  MONTH TO DATE    1.1                       2.6   -1.5      1.7
  SINCE DEC 1     31.1                      35.1   -4.0     14.6
  SINCE JUL 1     32.6                      43.0  -10.4     15.1
  SNOW DEPTH       0

DEGREE DAYS
 HEATING
  YESTERDAY       26                        35     -9       18
  MONTH TO DATE  300                       315    -15      220
  SINCE DEC 1   2501                      2690   -189     2318
  SINCE JUL 1   4161                      4572   -411     3897

 COOLING
  YESTERDAY        0                         0      0        0
  MONTH TO DATE    0                         0      0        0
  SINCE DEC 1      0                         0      0        0
  SINCE JAN 1      0                         0      0        0
..................................................................


WIND (MPH)
  HIGHEST WIND SPEED    MM   HIGHEST WIND DIRECTION    MM
  HIGHEST GUST SPEED     0   HIGHEST GUST DIRECTION     N (0)
  AVERAGE WIND SPEED    MM


SKY COVER
  POSSIBLE SUNSHINE  MM
  AVERAGE SKY COVER 0.0


WEATHER CONDITIONS
 THE FOLLOWING WEATHER WAS RECORDED YESTERDAY.
  NO SIGNIFICANT WEATHER WAS OBSERVED.


RELATIVE HUMIDITY (PERCENT)
 HIGHEST     0          1200 AM
 LOWEST      0          1200 AM
 AVERAGE     0

..........................................................


THE SPOKANE  WA WFO CLIMATE NORMALS FOR TODAY
                         NORMAL    RECORD    YEAR
 MAXIMUM TEMPERATURE (F)   38        MM        MM
 MINIMUM TEMPERATURE (F)   23        MM        MM


SUNRISE AND SUNSET
FEBRUARY 10 2016......SUNRISE   705 AM PST   SUNSET   505 PM PST
FEBRUARY 11 2016......SUNRISE   703 AM PST   SUNSET   507 PM PST


-  INDICATES NEGATIVE NUMBERS.
R  INDICATES RECORD WAS SET OR TIED.
MM INDICATES DATA IS MISSING.
T  INDICATES TRACE AMOUNT.




$$
