000
CDUS46 KOTX 230827
CLIOTX


CLIMATE REPORT
NATIONAL WEATHER SERVICE SPOKANE, WA
1227 AM PST THU NOV 23 2017


...................................

...THE SPOKANE  WA WFO CLIMATE SUMMARY FOR NOVEMBER 22 2017...

CLIMATE NORMAL PERIOD 1981 TO 2010
CLIMATE RECORD PERIOD 1881 TO 2017


WEATHER ITEM   OBSERVED TIME   RECORD YEAR NORMAL DEPARTURE LAST
                VALUE   (LST)  VALUE       VALUE  FROM      YEAR
                                                  NORMAL
..................................................................
TEMPERATURE (F)
 YESTERDAY
  MAXIMUM         54        MM  MM      MM  38     16       46
  MINIMUM         41        MM  MM      MM  26     15       34
  AVERAGE         48                        32     16       40

PRECIPITATION (IN)
  YESTERDAY        T            MM      MM   0.08  -0.08     0.00
  MONTH TO DATE    2.39                      1.56   0.83     1.22
  SINCE OCT 1      3.88                      2.85   1.03     8.14
  SINCE JAN 1     18.25                     13.90   4.35    18.55

SNOWFALL (IN)
  YESTERDAY        0.0          MM      MM   0.4   -0.4      0.0
  MONTH TO DATE    5.3                       4.4    0.9      0.6
  SINCE SEP 1      5.3                       4.5    0.8      0.6
  SINCE JUL 1      5.3                       4.5    0.8      0.6
  SNOW DEPTH       0

DEGREE DAYS
 HEATING
  YESTERDAY       17                        33    -16       25
  MONTH TO DATE  644                       646     -2      449
  SINCE SEP 1   1522                      1491     31     1248
  SINCE JUL 1   1545                      1602    -57     1333

 COOLING
  YESTERDAY        0                         0      0        0
  MONTH TO DATE    0                         0      0        0
  SINCE SEP 1     43                        16     27        0
  SINCE JAN 1    413                       249    164      229
..................................................................


WIND (MPH)
  HIGHEST WIND SPEED    13   HIGHEST WIND DIRECTION    MM
  HIGHEST GUST SPEED     0   HIGHEST GUST DIRECTION    MM
  AVERAGE WIND SPEED     5.0


SKY COVER
  POSSIBLE SUNSHINE  MM
  AVERAGE SKY COVER  MM


WEATHER CONDITIONS
 THE FOLLOWING WEATHER WAS RECORDED YESTERDAY.
  NO SIGNIFICANT WEATHER WAS OBSERVED.


RELATIVE HUMIDITY (PERCENT)
 HIGHEST   100
 LOWEST     87
 AVERAGE    94

..........................................................


THE SPOKANE  WA WFO CLIMATE NORMALS FOR TODAY
                         NORMAL    RECORD    YEAR
 MAXIMUM TEMPERATURE (F)   37        MM        MM
 MINIMUM TEMPERATURE (F)   25        MM        MM


SUNRISE AND SUNSET
NOVEMBER 23 2017......SUNRISE   708 AM PST   SUNSET   406 PM PST
NOVEMBER 24 2017......SUNRISE   709 AM PST   SUNSET   405 PM PST


-  INDICATES NEGATIVE NUMBERS.
R  INDICATES RECORD WAS SET OR TIED.
MM INDICATES DATA IS MISSING.
T  INDICATES TRACE AMOUNT.




$$
