000
CDAK49 PAFG 150945
CLIOTZ

CLIMATE REPORT
NATIONAL WEATHER SERVICE FAIRBANKS AK
1245 AM AKST FRI DEC 15 2017


...................................

...THE KOTZEBUE AK CLIMATE SUMMARY FOR DECEMBER 14 2017...

CLIMATE NORMAL PERIOD 1981 TO 2010
CLIMATE RECORD PERIOD 1920 TO 2017


WEATHER ITEM   OBSERVED TIME   RECORD YEAR NORMAL DEPARTURE LAST
                VALUE   (LST)  VALUE       VALUE  FROM      YEAR
                                                  NORMAL
..................................................................
TEMPERATURE (F)
 YESTERDAY
  MAXIMUM         32   1246 AM  34    1955   9     23       20
  MINIMUM         15    944 PM -45    1935  -4     19       11
  AVERAGE         24                         3     21       16

PRECIPITATION (IN)
  YESTERDAY        0.03          0.16 1984   0.02   0.01     0.03
                                      1944
  MONTH TO DATE    0.47                      0.35   0.12     0.03
  SINCE DEC 1      0.47                      0.35   0.12     0.03
  SINCE JAN 1     13.05                     10.59   2.46     8.19

SNOWFALL (IN)
  YESTERDAY       MM             2.0  2002   0.4   MM        0.5
                                      1984
  MONTH TO DATE    2.6                       5.5   -2.9      0.5
  SINCE DEC 1      2.6                       5.5   -2.9      0.5
  SINCE JUL 1     43.6                      22.9   20.7      6.1
  SNOW DEPTH      MM

DEGREE DAYS
 HEATING
  YESTERDAY       41                        62    -21       49
  MONTH TO DATE  631                       854   -223      945
  SINCE DEC 1    631                       854   -223      945
  SINCE JUL 1   4448                      5212   -764     4558

 COOLING
  YESTERDAY        0                         0      0        0
  MONTH TO DATE    0                         0      0        0
  SINCE DEC 1      0                         0      0        0
  SINCE JAN 1      1                         5     -4        5
..................................................................


WIND (MPH)
  HIGHEST GUST SPEED    20   HIGHEST GUST DIRECTION    SW (210)


SKY COVER
  AVERAGE SKY COVER 1.0


WEATHER CONDITIONS
 THE FOLLOWING WEATHER WAS RECORDED YESTERDAY.
  LT FREEZING RAIN
  LIGHT SNOW
  FOG


RELATIVE HUMIDITY (PERCENT)
 HIGHEST   100
 LOWEST     74
 AVERAGE    87

..........................................................


THE KOTZEBUE AK CLIMATE NORMALS FOR TODAY
                         NORMAL    RECORD    YEAR
 MAXIMUM TEMPERATURE (F)    9        35      1989
 MINIMUM TEMPERATURE (F)   -4       -48      1935


SUNRISE AND SUNSET
DECEMBER 15 2017......SUNRISE  1249 PM AKST  SUNSET   244 PM AKST
DECEMBER 16 2017......SUNRISE  1251 PM AKST  SUNSET   242 PM AKST

-  INDICATES NEGATIVE NUMBERS.
R  INDICATES RECORD WAS SET OR TIED.
MM INDICATES DATA IS MISSING.
T  INDICATES TRACE AMOUNT.

&&

SNOW DEPTH IS MEASURED AT 3AM AKST/4AM AKDT.

----------------------------
AVAILABLE DAYLIGHT

AMOUNT OF DAYLIGHT TODAY  (HOUR:MIN)........1:55
GAIN/LOSS SINCE YESTERDAY (HOUR:MIN:SEC)....-0:04:16

$$
SDB DEC 17
