428
CDAK49 PAFG 080948
CLIOTZ

CLIMATE REPORT
NATIONAL WEATHER SERVICE FAIRBANKS AK
1248 AM AKST THU DEC 8 2016


...................................

...THE KOTZEBUE AK CLIMATE SUMMARY FOR DECEMBER 7 2016...

CLIMATE NORMAL PERIOD 1981 TO 2010
CLIMATE RECORD PERIOD 1920 TO 2016


WEATHER ITEM   OBSERVED TIME   RECORD YEAR NORMAL DEPARTURE LAST
                VALUE   (LST)  VALUE       VALUE  FROM      YEAR
                                                  NORMAL
..................................................................
TEMPERATURE (F)
 YESTERDAY
  MAXIMUM         -8   1154 AM  36    2013  10    -18       -5
  MINIMUM        -12    206 AM -30    1968  -2    -10      -18
                                      1962
  AVERAGE        -10                         4    -14      -11

PRECIPITATION (IN)
  YESTERDAY        0.00          0.32 2011   0.03  -0.03     0.00
  MONTH TO DATE    T                         0.18  -0.18     0.05
  SINCE DEC 1      T                         0.18  -0.18     0.05
  SINCE JAN 1      8.16                     10.42  -2.26    10.18

SNOWFALL (IN)
  YESTERDAY        0.0           6.5  2011   0.4   -0.4      0.0
  MONTH TO DATE    T                         2.8   -2.8      0.1
  SINCE DEC 1      T                         2.8   -2.8      0.1
  SINCE JUL 1      5.6                      20.2  -14.6     13.5
  SNOW DEPTH       4

DEGREE DAYS
 HEATING
  YESTERDAY       75                        61     14       76
  MONTH TO DATE  504                       423     81      443
  SINCE DEC 1    504                       423     81      443
  SINCE JUL 1   4117                      4781   -664     4162

 COOLING
  YESTERDAY        0                         0      0        0
  MONTH TO DATE    0                         0      0        0
  SINCE DEC 1      0                         0      0        0
  SINCE JAN 1      5                         5      0       16
..................................................................


WIND (MPH)
  HIGHEST GUST SPEED    11   HIGHEST GUST DIRECTION    NE (60)


SKY COVER
  AVERAGE SKY COVER 0.0


WEATHER CONDITIONS
 THE FOLLOWING WEATHER WAS RECORDED YESTERDAY.
  NO SIGNIFICANT WEATHER WAS OBSERVED.


RELATIVE HUMIDITY (PERCENT)
 HIGHEST    78
 LOWEST     57
 AVERAGE    68

..........................................................


THE KOTZEBUE AK CLIMATE NORMALS FOR TODAY
                         NORMAL    RECORD    YEAR
 MAXIMUM TEMPERATURE (F)   10        35      1963
                                             1934
 MINIMUM TEMPERATURE (F)   -2       -32      1951


SUNRISE AND SUNSET
DECEMBER 08 2016......SUNRISE  1227 PM AKST  SUNSET   259 PM AKST
DECEMBER 09 2016......SUNRISE  1231 PM AKST  SUNSET   256 PM AKST

-  INDICATES NEGATIVE NUMBERS.
R  INDICATES RECORD WAS SET OR TIED.
MM INDICATES DATA IS MISSING.
T  INDICATES TRACE AMOUNT.

&&

SNOW DEPTH IS MEASURED AT 3AM AKST/4AM AKDT.

----------------------------
AVAILABLE DAYLIGHT

AMOUNT OF DAYLIGHT TODAY  (HOUR:MIN)........2:31
GAIN/LOSS SINCE YESTERDAY (HOUR:MIN:SEC)....-0:06:37

$$
DEC 16
