000
CDAK49 PAOT 011200
CLIOTZ

CLIMATE REPORT
NATIONAL WEATHER SERVICE KOTZEBUE, AK
400 AM AKDT TUE SEP 1 2015

...................................
...THE KOTZEBUE WSO AP CLIMATE SUMMARY FOR AUGUST 31 2015...

CLIMATE NORMAL PERIOD  1981 TO  2010
CLIMATE RECORD PERIOD  1897 TO  2015

WEATHER ITEM   OBSERVED TIME    RECORD YEAR NORMAL DEPARTURE LAST
               VALUE    (LST)   VALUE       VALUE  FROM      YEAR
                                                   NORMAL
...................................................................
TEMPERATURE
YESTERDAY
 MAXIMUM            48  0544 PM    74  1941     53      -5     50
 MINIMUM            36  0719 AM    30  1980     44      -8     40
 AVERAGE            42                          49      -7     45

PRECIPITATION
(INCHES)
 YESTERDAY        0.00           0.41  2012   0.06   -0.06   0.27
 MONTH TO DATE    3.99                        2.18    1.81   1.51
 SINCE JUN 1      4.55                        4.21    0.34   4.48
 SINCE JAN 1      7.06                        6.88    0.18   6.74

SNOWFALL
(INCHES)
 YESTERDAY         0.0            0.2  1962    0.0     0.0    0.0
 MONTH TO DATE     0.0                         0.0     0.0    0.0
 SINCE JUN 1       0.0                         0.0     0.0    0.0
 SINCE JUL 1       0.0                         0.0     0.0    0.0
 SNOW DEPTH (IN)     0                                          0

DEGREE DAYS
 HEATING
  YESTERDAY         23                          16       7     20
  MONTH TO DATE    425                         412      13    206
  SINCE JUN 1     1030                        1319    -289   1177
  SINCE JUL 1      621                         738    -117    560

 COOLING
  YESTERDAY          0                           0       0      0
  MONTH TO DATE      0                           0       0     11
  SINCE JUN 1       14                           0      14     19
  SINCE JAN 1       14                           0      14     19
...................................................................

WIND (MPH)
 HIGHEST WIND SPEED    15     HIGHEST WIND DIRECTION    280
 HIGHEST GUST SPEED    17     HIGHEST GUST DIRECTION    290
 AVERAGE WIND SPEED   9.4

SKY COVER
  POSSIBLE SUNSHINE    MM          AVERAGE SKY COVER     MM

WEATHER CONDITIONS
 THE FOLLOWING WEATHER WAS RECORDED YESTERDAY.
  NONE.

RELATIVE HUMIDITY
 HIGHEST RH     MM PERCENT       MM
 LOWEST  RH     MM PERCENT       MM
 AVERAGE RH     MM PERCENT       MM
...................................................................

THE KOTZEBUE CLIMATE NORMALS FOR TODAY
                           NORMAL    RECORD   YEAR
 MAXIMUM TEMPERATURE (F)     53        68     1963
 MINIMUM TEMPERATURE (F)     44        29     1980

SUNRISE AND SUNSET
 SEP 1 2015..........SUNRISE  7:22 AM      SUNSET 10:17 PM
 SEP 2 2015..........SUNRISE  7:26 AM      SUNSET 10:13 PM

-  INDICATES NEGATIVE NUMBERS.
R  INDICATES RECORD HAS BEEN SET OR TIED.
MM INDICATES DATA IS MISSING.
T  INDICATES TRACE OF PRECIPITATION.

&&
-------------------------------------------------------------------

AMOUNT OF DAYLIGHT TODAY  (HOUR:MIN)........14 HOURS 55 MINUTES
LOSS SINCE YESTERDAY (HOUR:MIN:SEC).........-0:07:30

$$

DT SEP 15
