000
CDAK49 PAFG 220938
CLIOTZ

CLIMATE REPORT
NATIONAL WEATHER SERVICE FAIRBANKS AK
138 AM AKDT TUE AUG 22 2017


...................................

...THE KOTZEBUE AK CLIMATE SUMMARY FOR AUGUST 21 2017...

CLIMATE NORMAL PERIOD 1981 TO 2010
CLIMATE RECORD PERIOD 1920 TO 2017


WEATHER ITEM   OBSERVED TIME   RECORD YEAR NORMAL DEPARTURE LAST
                VALUE   (LST)  VALUE       VALUE  FROM      YEAR
                                                  NORMAL
..................................................................
TEMPERATURE (F)
 YESTERDAY
  MAXIMUM         53    523 PM  73    2004  55     -2       60
  MINIMUM         42    359 AM  26    1902  46     -4       52
  AVERAGE         48                        51     -3       56

PRECIPITATION (IN)
  YESTERDAY        T             0.95 2012   0.07  -0.07     0.21
  MONTH TO DATE    1.32                      1.52  -0.20     1.83
  SINCE JUN 1      4.15                      3.55   0.60     3.52
  SINCE JAN 1      6.23                      6.22   0.01     5.65

SNOWFALL (IN)
  YESTERDAY        0.0           T    1969   0.0    0.0      0.0
  MONTH TO DATE    0.0                       0.0    0.0      0.0
  SINCE JUN 1      0.0                       0.0    0.0      0.0
  SINCE JUL 1      0.0                       0.0    0.0      0.0
  SNOW DEPTH       0

DEGREE DAYS
 HEATING
  YESTERDAY       17                        14      3        9
  MONTH TO DATE  267                       259      8      146
  SINCE JUN 1    907                      1164   -257      803
  SINCE JUL 1    496                       584    -88      399

 COOLING
  YESTERDAY        0                         0      0        0
  MONTH TO DATE    0                         0      0        0
  SINCE JUN 1      1                         4     -3        5
  SINCE JAN 1      1                         4     -3        5
..................................................................


WIND (MPH)
  HIGHEST GUST SPEED    18   HIGHEST GUST DIRECTION    SE (150)


SKY COVER
  AVERAGE SKY COVER 0.8


WEATHER CONDITIONS
 THE FOLLOWING WEATHER WAS RECORDED YESTERDAY.
  LIGHT RAIN
  FOG


RELATIVE HUMIDITY (PERCENT)
 HIGHEST   100
 LOWEST     71
 AVERAGE    86

..........................................................


THE KOTZEBUE AK CLIMATE NORMALS FOR TODAY
                         NORMAL    RECORD    YEAR
 MAXIMUM TEMPERATURE (F)   55        74      2004
 MINIMUM TEMPERATURE (F)   46        29      1902


SUNRISE AND SUNSET
AUGUST 22 2017........SUNRISE   649 AM AKDT  SUNSET  1056 PM AKDT
AUGUST 23 2017........SUNRISE   653 AM AKDT  SUNSET  1051 PM AKDT

-  INDICATES NEGATIVE NUMBERS.
R  INDICATES RECORD WAS SET OR TIED.
MM INDICATES DATA IS MISSING.
T  INDICATES TRACE AMOUNT.

&&

SNOW DEPTH IS MEASURED AT 3AM AKST/4AM AKDT.

----------------------------
AVAILABLE DAYLIGHT

AMOUNT OF DAYLIGHT TODAY  (HOUR:MIN)........16:07
GAIN/LOSS SINCE YESTERDAY (HOUR:MIN:SEC)....-0:07:44

$$
SDB AUG 17
