000
CDAK49 PAOT 301203
CLIOTZ

CLIMATE REPORT
NATIONAL WEATHER SERVICE KOTZEBUE, AK
403 AM AKDT THU OCT 30 2014

...................................
...THE KOTZEBUE WSO AP CLIMATE SUMMARY FOR OCTOBER 29 2014...

CLIMATE NORMAL PERIOD  1981 TO  2010
CLIMATE RECORD PERIOD  1897 TO  2014

WEATHER ITEM   OBSERVED TIME    RECORD YEAR NORMAL DEPARTURE LAST
               VALUE    (LST)   VALUE       VALUE  FROM      YEAR
                                                   NORMAL
...................................................................
TEMPERATURE
YESTERDAY
 MAXIMUM            24  0229 AM    40  2002     21       3     35
 MINIMUM            16  1159 PM   -12  1975     12       4     25
 AVERAGE            20                          16       4     30

PRECIPITATION
(INCHES)
 YESTERDAY        0.00           0.47  1982   0.02   -0.02   0.00
 MONTH TO DATE    0.43                        0.96   -0.53   1.61
 SINCE SEP 1      2.24                        2.54   -0.30   3.63
 SINCE JAN 1      8.98                        9.42   -0.44  10.09

SNOWFALL
(INCHES)
 YESTERDAY         0.0            4.7  1982    0.3    -0.3    0.0
 MONTH TO DATE     3.6                         5.6    -2.0    0.5
 SINCE SEP 1       3.6                         6.4    -2.8    0.9
 SINCE JUL 1       3.6                         6.4    -2.8    0.9
 SNOW DEPTH (IN)     4                                          0

DEGREE DAYS
 HEATING
  YESTERDAY         45                          49      -4     35
  MONTH TO DATE   1076                        1165     -89    860
  SINCE SEP 1     1647                        1845    -198   1622
  SINCE JUL 1     2207                        2583    -376   2216

 COOLING
  YESTERDAY          0                           0       0      0
  MONTH TO DATE      0                           0       0      0
  SINCE SEP 1        0                           0       0      0
  SINCE JAN 1       19                           0      19     13
...................................................................

WIND (MPH)
 HIGHEST WIND SPEED    24     HIGHEST WIND DIRECTION    350
 HIGHEST GUST SPEED    27     HIGHEST GUST DIRECTION    350
 AVERAGE WIND SPEED  18.4

SKY COVER
  POSSIBLE SUNSHINE    MM          AVERAGE SKY COVER     MM

WEATHER CONDITIONS
 THE FOLLOWING WEATHER WAS RECORDED YESTERDAY.
 NO SIGNIFICANT WEATHER WAS OBSERVED.

RELATIVE HUMIDITY
 HIGHEST RH     MM PERCENT       MM
 LOWEST  RH     MM PERCENT       MM
 AVERAGE RH     MM PERCENT       MM
...................................................................

THE KOTZEBUE CLIMATE NORMALS FOR TODAY
                           NORMAL    RECORD   YEAR
 MAXIMUM TEMPERATURE (F)     20        40     2002
 MINIMUM TEMPERATURE (F)     11       -14     1975

SUNRISE AND SUNSET
 OCT 30 2014..........SUNRISE 10:46 AM      SUNSET  6:22 PM
 OCT 31 2014..........SUNRISE 10:50 AM      SUNSET  6:18 PM

-  INDICATES NEGATIVE NUMBERS.
R  INDICATES RECORD HAS BEEN SET OR TIED.
MM INDICATES DATA IS MISSING.
T  INDICATES TRACE OF PRECIPITATION.

&&
-------------------------------------------------------------------

AMOUNT OF DAYLIGHT TODAY  (HOUR:MIN)........7 HOURS 36 MINUTES
GAIN/LOSS SINCE YESTERDAY (HOUR:MIN:SEC)....-0:07:41

$$

OCT 14
