859
CDAK49 PAOT 031231
CLIOTZ

CLIMATE REPORT
NATIONAL WEATHER SERVICE KOTZEBUE, AK
431 AM AKDT TUE MAY 3 2016

...................................
...THE KOTZEBUE WSO AP CLIMATE SUMMARY FOR MAY 2 2016...

CLIMATE NORMAL PERIOD  1981 TO  2010
CLIMATE RECORD PERIOD  1897 TO  2016

WEATHER ITEM   OBSERVED TIME    RECORD YEAR NORMAL DEPARTURE LAST
               VALUE    (LST)   VALUE       VALUE  FROM      YEAR
                                                   NORMAL
...................................................................
TEMPERATURE
YESTERDAY
 MAXIMUM            35  0740 PM    50  2004     32       3     27
 MINIMUM            21  0723 AM   -11  1945     18       3     19
 AVERAGE            28                          25       3     23

PRECIPITATION
(INCHES)
 YESTERDAY        0.00           0.22  1998   0.01   -0.01      T
 MONTH TO DATE    0.00                        0.03   -0.03      T
 SINCE MAR 1      0.74                        1.01   -0.27   1.08
 SINCE JAN 1      1.46                        2.29   -0.83   1.93

SNOWFALL
(INCHES)
 YESTERDAY         0.0            2.2  1998    0.1    -0.1      T
 MONTH TO DATE     0.0                         0.2    -0.2      T
 SINCE MAR 1      14.3                        11.2     3.1    9.4
 SINCE JUL 1      59.7                        58.8     0.9   24.7
 SNOW DEPTH (IN)     0                                          3

DEGREE DAYS
 HEATING
  YESTERDAY         37                          40      -3     42
  MONTH TO DATE     72                          81      -9     90
  SINCE MAR 1     3151                        3619    -468   3617
  SINCE JUL 1    12149                       13861   -1712  12495

 COOLING
  YESTERDAY          0                           0       0      0
  MONTH TO DATE      0                           0       0      0
  SINCE MAR 1        0                           0       0      0
  SINCE JAN 1        0                           0       0      0
...................................................................

WIND (MPH)
 HIGHEST WIND SPEED    14     HIGHEST WIND DIRECTION    290
 HIGHEST GUST SPEED    16     HIGHEST GUST DIRECTION    290
 AVERAGE WIND SPEED   5.9

SKY COVER
  POSSIBLE SUNSHINE    MM          AVERAGE SKY COVER     MM

WEATHER CONDITIONS
 THE FOLLOWING WEATHER WAS RECORDED YESTERDAY.
  NO SIGNIFICANT WEATHER WAS OBSERVED.

RELATIVE HUMIDITY
 HIGHEST RH     MM PERCENT       MM
 LOWEST  RH     MM PERCENT       MM
 AVERAGE RH     MM PERCENT       MM
...................................................................

THE KOTZEBUE CLIMATE NORMALS FOR TODAY
                           NORMAL    RECORD   YEAR
 MAXIMUM TEMPERATURE (F)     32        52     2004
 MINIMUM TEMPERATURE (F)     19        -8     1944

SUNRISE AND SUNSET
 MAY 3 2016..........SUNRISE  5:48 AM      SUNSET 11:51 PM
 MAY 4 2016..........SUNRISE  5:44 AM      SUNSET 11:55 PM

-  INDICATES NEGATIVE NUMBERS.
R  INDICATES RECORD HAS BEEN SET OR TIED.
MM INDICATES DATA IS MISSING.
T  INDICATES TRACE OF PRECIPITATION.

&&
-------------------------------------------------------------------

AMOUNT OF DAYLIGHT TODAY  (HOUR:MIN)........18 HOURS 3 MINUTES
GAIN SINCE YESTERDAY  (HOUR:MIN:SEC)........+0:08:21

$$
SV MAY 16
