000
CDAK49 PAOT 161204
CLIOTZ

CLIMATE REPORT
NATIONAL WEATHER SERVICE KOTZEBUE, AK
404 AM AKDT TUE SEP 16 2014

...................................
...THE KOTZEBUE WSO AP CLIMATE SUMMARY FOR SEPTEMBER 15 2014...

CLIMATE NORMAL PERIOD  1981 TO  2010
CLIMATE RECORD PERIOD  1897 TO  2014

WEATHER ITEM   OBSERVED TIME    RECORD YEAR NORMAL DEPARTURE LAST
               VALUE    (LST)   VALUE       VALUE  FROM      YEAR
                                                   NORMAL
...................................................................
TEMPERATURE
YESTERDAY
 MAXIMUM            56  0214 PM    61  1965     47       9     46
 MINIMUM            48  0827 AM    24  1939     39       9     36
 AVERAGE            52                          43       9     41

PRECIPITATION
(INCHES)
 YESTERDAY        0.12           0.58  1982   0.06    0.06   0.00
 MONTH TO DATE    0.58                        0.83   -0.25   1.88
 SINCE SEP 1      0.58                        0.83   -0.25   1.88
 SINCE JAN 1      7.32                        7.71   -0.39   8.34

SNOWFALL
(INCHES)
 YESTERDAY         0.0            1.5  1962    0.1    -0.1    0.0
 MONTH TO DATE     0.0                         0.2    -0.2    0.0
 SINCE SEP 1       0.0                         0.2    -0.2    0.0
 SINCE JUL 1       0.0                         0.2    -0.2    0.0
 SNOW DEPTH (IN)     0                                          0

DEGREE DAYS
 HEATING
  YESTERDAY         13                          22      -9     24
  MONTH TO DATE    245                         288     -43    297
  SINCE SEP 1      245                         288     -43    297
  SINCE JUL 1      805                        1026    -221    891

 COOLING
  YESTERDAY          0                           0       0      0
  MONTH TO DATE      0                           0       0      0
  SINCE SEP 1        0                           0       0      0
  SINCE JAN 1       19                           0      19     13
...................................................................

WIND (MPH)
 HIGHEST WIND SPEED    15     HIGHEST WIND DIRECTION    100
 HIGHEST GUST SPEED    18     HIGHEST GUST DIRECTION    100
 AVERAGE WIND SPEED   6.0

SKY COVER
  POSSIBLE SUNSHINE    MM          AVERAGE SKY COVER     MM

WEATHER CONDITIONS
 THE FOLLOWING WEATHER WAS RECORDED YESTERDAY.
 FOG
 RAIN


RELATIVE HUMIDITY
 HIGHEST RH     MM PERCENT       MM
 LOWEST  RH     MM PERCENT       MM
 AVERAGE RH     MM PERCENT       MM
...................................................................

THE KOTZEBUE CLIMATE NORMALS FOR TODAY
                           NORMAL    RECORD   YEAR
 MAXIMUM TEMPERATURE (F)     47        61     1973
 MINIMUM TEMPERATURE (F)     38        18     1899

SUNRISE AND SUNSET
 SEP 16 2014..........SUNRISE  8:14 AM      SUNSET  9:15 PM
 SEP 17 2014..........SUNRISE  8:17 AM      SUNSET  9:11 PM

-  INDICATES NEGATIVE NUMBERS.
R  INDICATES RECORD HAS BEEN SET OR TIED.
MM INDICATES DATA IS MISSING.
T  INDICATES TRACE OF PRECIPITATION.

&&
-------------------------------------------------------------------

AMOUNT OF DAYLIGHT TODAY  (HOUR:MIN)........13 HOURS 1 MINUTES
GAIN/LOSS SINCE YESTERDAY (HOUR:MIN:SEC)....-0:07:19

$$


*** SEP 14
