000
CDAK49 PAOT 060932
CLIOTZ

CLIMATE REPORT
NATIONAL WEATHER SERVICE KOTZEBUE, AK
133 AM AKDT MON JUL 6 2015

...................................
...THE KOTZEBUE WSO AP CLIMATE SUMMARY FOR JULY 5 2015...

CLIMATE NORMAL PERIOD  1981 TO  2010
CLIMATE RECORD PERIOD  1897 TO  2015

WEATHER ITEM   OBSERVED TIME    RECORD YEAR NORMAL DEPARTURE LAST
               VALUE    (LST)   VALUE       VALUE  FROM      YEAR
                                                   NORMAL
...................................................................
TEMPERATURE
YESTERDAY
 MAXIMUM            73  0826 PM    85  1958     59      14     60
 MINIMUM            61  0729 AM    34  1976     48      13     50
 AVERAGE            67                          54      13     55

PRECIPITATION
(INCHES)
 YESTERDAY        0.00           0.98  1953   0.04   -0.04   0.00
 MONTH TO DATE    0.03                        0.16   -0.13   0.03
 SINCE JUN 1      0.24                        0.74   -0.50   0.41
 SINCE JAN 1      2.75                        3.41   -0.66   2.67

SNOWFALL
(INCHES)
 YESTERDAY         0.0            0.0  2015    0.0     0.0    0.0
 MONTH TO DATE     0.0                         0.0     0.0    0.0
 SINCE JUN 1       0.0                         0.0     0.0    0.0
 SINCE JUL 1       0.0                         0.0     0.0    0.0
 SNOW DEPTH (IN)     0                                          0

DEGREE DAYS
 HEATING
  YESTERDAY          0                          12     -12     10
  MONTH TO DATE     35                          61     -26     51
  SINCE JUN 1      444                         642    -198    668
  SINCE JUL 1       35                          61     -26     51

 COOLING
  YESTERDAY          2                           0       2      0
  MONTH TO DATE      2                           0       2      0
  SINCE JUN 1        6                           0       6      0
  SINCE JAN 1        6                           0       6      0
...................................................................

WIND (MPH)
 HIGHEST WIND SPEED    14     HIGHEST WIND DIRECTION    120
 HIGHEST GUST SPEED    17     HIGHEST GUST DIRECTION    120
 AVERAGE WIND SPEED   8.5

SKY COVER
  POSSIBLE SUNSHINE    MM          AVERAGE SKY COVER     MM

WEATHER CONDITIONS
 THE FOLLOWING WEATHER WAS RECORDED YESTERDAY.
  SMOKE OR HAZE


RELATIVE HUMIDITY
 HIGHEST RH     MM PERCENT       MM
 LOWEST  RH     MM PERCENT       MM
 AVERAGE RH     MM PERCENT       MM
...................................................................

THE KOTZEBUE CLIMATE NORMALS FOR TODAY
                           NORMAL    RECORD   YEAR
 MAXIMUM TEMPERATURE (F)     59        77     2014
 MINIMUM TEMPERATURE (F)     48        32     1898

SUNRISE AND SUNSET
 JUL 6 2015..........SUNRISE  **.**      SUNSET **.**
 JUL 7 2015..........SUNRISE  **.**      SUNSET **.**

-  INDICATES NEGATIVE NUMBERS.
R  INDICATES RECORD HAS BEEN SET OR TIED.
MM INDICATES DATA IS MISSING.
T  INDICATES TRACE OF PRECIPITATION.

&&
-------------------------------------------------------------------

AMOUNT OF DAYLIGHT TODAY  (HOUR:MIN)........24 HOURS 00 MINUTES
GAIN/LOSS SINCE YESTERDAY (HOUR:MIN:SEC)....+0:00:00

$$
JAS JUL 15
