000
CDAK49 PAFG 261046
CLIOTZ

CLIMATE REPORT
NATIONAL WEATHER SERVICE FAIRBANKS AK
146 AM AKST SUN FEB 26 2017


...................................

...THE KOTZEBUE AK CLIMATE SUMMARY FOR FEBRUARY 25 2017...

CLIMATE NORMAL PERIOD 1981 TO 2010
CLIMATE RECORD PERIOD 1920 TO 2017


WEATHER ITEM   OBSERVED TIME   RECORD YEAR NORMAL DEPARTURE LAST
                VALUE   (LST)  VALUE       VALUE  FROM      YEAR
                                                  NORMAL
..................................................................
TEMPERATURE (F)
 YESTERDAY
  MAXIMUM         34R   542 PM  34    1989   8     26       30
  MINIMUM         21   1202 AM -43    1968  -7     28        4
  AVERAGE         28                         0     28       17

PRECIPITATION (IN)
  YESTERDAY        0.19          0.68 1951   0.03   0.16     0.02
  MONTH TO DATE    0.44                      0.59  -0.15     0.30
  SINCE DEC 1      1.73                      1.97  -0.24     1.14
  SINCE JAN 1      0.99                      1.21  -0.22     0.68

SNOWFALL (IN)
  YESTERDAY        1.9           6.8  1951   0.3    1.6     MM
  MONTH TO DATE    8.3                       8.5   -0.2      3.4
  SINCE DEC 1     33.7                      29.1    4.6      6.6
  SINCE JUL 1     39.3                      46.5   -7.2     20.0
  SNOW DEPTH      44

DEGREE DAYS
 HEATING
  YESTERDAY       37                        65    -28       48
  MONTH TO DATE 1622                      1648    -26     1344
  SINCE DEC 1   5378                      5694   -316     4868
  SINCE JUL 1   8991                     10052  -1061     8587

 COOLING
  YESTERDAY        0                         0      0        0
  MONTH TO DATE    0                         0      0        0
  SINCE DEC 1      0                         0      0        0
  SINCE JAN 1      0                         0      0        0
..................................................................


WIND (MPH)
  HIGHEST GUST SPEED    40   HIGHEST GUST DIRECTION    SE (150)


SKY COVER
  AVERAGE SKY COVER 1.0


WEATHER CONDITIONS
 THE FOLLOWING WEATHER WAS RECORDED YESTERDAY.
  HEAVY SNOW
  SNOW
  LIGHT SNOW
  FOG
  FOG W/VISIBILITY <= 1/4 MILE
  HAZE


RELATIVE HUMIDITY (PERCENT)
 HIGHEST    92
 LOWEST     75
 AVERAGE    84

..........................................................


THE KOTZEBUE AK CLIMATE NORMALS FOR TODAY
                         NORMAL    RECORD    YEAR
 MAXIMUM TEMPERATURE (F)    8        35      2015
                                             1947
 MINIMUM TEMPERATURE (F)   -7       -41      1956


SUNRISE AND SUNSET
FEBRUARY 26 2017......SUNRISE   916 AM AKST  SUNSET   653 PM AKST
FEBRUARY 27 2017......SUNRISE   912 AM AKST  SUNSET   656 PM AKST

-  INDICATES NEGATIVE NUMBERS.
R  INDICATES RECORD WAS SET OR TIED.
MM INDICATES DATA IS MISSING.
T  INDICATES TRACE AMOUNT.

&&

SNOW DEPTH IS MEASURED AT 3AM AKST/4AM AKDT.

----------------------------
AVAILABLE DAYLIGHT

AMOUNT OF DAYLIGHT TODAY  (HOUR:MIN)........9:37
GAIN/LOSS SINCE YESTERDAY (HOUR:MIN:SEC)....+0:07:32

$$
CCC FEB 17
