485
CDUS43 KDDC 261435
CLIP28


CLIMATE REPORT
NATIONAL WEATHER SERVICE DODGE CITY KS
925 AM CDT TUE SEP 26 2017


...................................

...THE MEDICINE LODGE KS CLIMATE SUMMARY FOR SEPTEMBER 26 2017...
VALID AS OF 0800 AM LOCAL TIME.

CLIMATE NORMAL PERIOD 1981 TO 2010
CLIMATE RECORD PERIOD 1893 TO 2017


WEATHER ITEM   OBSERVED TIME   RECORD YEAR NORMAL DEPARTURE LAST
                VALUE   (LST)  VALUE       VALUE  FROM      YEAR
                                                  NORMAL
..................................................................
TEMPERATURE (F)
 TODAY
  MAXIMUM         61   1208 AM 101    1984  80    -19       75
  MINIMUM         54    751 AM  30    1912  54      0       44
  AVERAGE         58                        67     -9       60

PRECIPITATION (IN)
  TODAY            0.00          1.50 1973   0.07  -0.07     0.00
  MONTH TO DATE    5.90                      1.85   4.05     7.18
  SINCE SEP 1      5.90                      1.85   4.05     7.18
  SINCE JAN 1     28.03                     22.20   5.83    27.61

..................................................................


WIND (MPH)
  HIGHEST WIND SPEED    17   HIGHEST WIND DIRECTION     N (340)
  HIGHEST GUST SPEED    23   HIGHEST GUST DIRECTION     N (340)



WEATHER CONDITIONS
 THE FOLLOWING WEATHER WAS RECORDED TODAY.
  NO SIGNIFICANT WEATHER WAS OBSERVED.


RELATIVE HUMIDITY (PERCENT)
 HIGHEST    93          1200 AM
 LOWEST     86           400 AM

..........................................................


THE MEDICINE LODGE KS CLIMATE NORMALS FOR TOMORROW
                         NORMAL    RECORD    YEAR
 MAXIMUM TEMPERATURE (F)   79       107      1984
 MINIMUM TEMPERATURE (F)   54        31      1896


SUNRISE AND SUNSET
SEPTEMBER 26 2017.....SUNRISE   726 AM CDT   SUNSET   725 PM CDT
SEPTEMBER 27 2017.....SUNRISE   727 AM CDT   SUNSET   723 PM CDT


-  INDICATES NEGATIVE NUMBERS.
R  INDICATES RECORD WAS SET OR TIED.
MM INDICATES DATA IS MISSING.
T  INDICATES TRACE AMOUNT.




$$
