000
CDUS43 KDDC 072326
CLIP28


CLIMATE REPORT
NATIONAL WEATHER SERVICE DODGE CITY KS
525 PM CST SUN FEB 7 2016


...................................

...THE MEDICINE LODGE KS CLIMATE SUMMARY FOR FEBRUARY 7 2016...
VALID TODAY AS OF 0500 PM LOCAL TIME.

CLIMATE NORMAL PERIOD 1981 TO 2010
CLIMATE RECORD PERIOD 1893 TO 2016


WEATHER ITEM   OBSERVED TIME   RECORD YEAR NORMAL DEPARTURE LAST
                VALUE   (LST)  VALUE       VALUE  FROM      YEAR
                                                  NORMAL
..................................................................
TEMPERATURE (F)
 TODAY
  MAXIMUM         56    221 PM  76    1926  49      7       67
  MINIMUM         26    313 AM -14    1982  24      2       26
  AVERAGE         41                        36      5       47

PRECIPITATION (IN)
  TODAY            0.00          1.03 1980   0.03  -0.03     0.00
  MONTH TO DATE    0.38                      0.19   0.19     0.01
  SINCE DEC 1      3.26                      1.82   1.44     2.09
  SINCE JAN 1      0.89                      0.90  -0.01     0.77

DEGREE DAYS
 HEATING
  TODAY           24                        29     -5       18
  MONTH TO DATE  196                       206    -10      219
  SINCE DEC 1   1884                      2125   -241     1999
  SINCE JUL 1   2479                      2983   -504     2904

 COOLING
  TODAY            0                         0      0        0
  MONTH TO DATE    0                         0      0        0
  SINCE DEC 1      0                         0      0        0
  SINCE JAN 1      0                         0      0        0
..................................................................


WIND (MPH)
  HIGHEST WIND SPEED    29   HIGHEST WIND DIRECTION    NW (330)
  HIGHEST GUST SPEED    35   HIGHEST GUST DIRECTION    NW (330)
  AVERAGE WIND SPEED    11.8




RELATIVE HUMIDITY (PERCENT)
 HIGHEST    70           800 AM
 LOWEST     24           500 PM
 AVERAGE    47

..........................................................


THE MEDICINE LODGE KS CLIMATE NORMALS FOR TOMORROW
                         NORMAL    RECORD    YEAR
 MAXIMUM TEMPERATURE (F)   49        77      1954
 MINIMUM TEMPERATURE (F)   24       -15      1933


SUNRISE AND SUNSET
FEBRUARY  7 2016......SUNRISE   732 AM CST   SUNSET   605 PM CST
FEBRUARY  8 2016......SUNRISE   731 AM CST   SUNSET   606 PM CST


-  INDICATES NEGATIVE NUMBERS.
R  INDICATES RECORD WAS SET OR TIED.
MM INDICATES DATA IS MISSING.
T  INDICATES TRACE AMOUNT.




$$
