000
CDUS43 KDDC 282336
CLIP28


CLIMATE REPORT
NATIONAL WEATHER SERVICE DODGE CITY KS
636 PM CDT TUE JUL 28 2015


...................................

...THE MEDICINE LODGE KS CLIMATE SUMMARY FOR JULY 28 2015...
VALID TODAY AS OF 0500 PM LOCAL TIME.

CLIMATE NORMAL PERIOD 1981 TO 2010
CLIMATE RECORD PERIOD 1893 TO 2015


WEATHER ITEM   OBSERVED TIME   RECORD YEAR NORMAL DEPARTURE LAST
                VALUE   (LST)  VALUE       VALUE  FROM      YEAR
                                                  NORMAL
..................................................................
TEMPERATURE (F)
 TODAY
  MAXIMUM        100    358 PM 110    1910  95      5       89
  MINIMUM         75    603 AM  55    1994  70      5       63
  AVERAGE         88                        83      5       76

PRECIPITATION (IN)
  TODAY            0.00          2.25 1982   0.08  -0.08     0.00
  MONTH TO DATE    8.54                      3.07   5.47     2.54
  SINCE JUN 1     10.80                      7.18   3.62    10.43
  SINCE JAN 1     22.76                     16.92   5.84    13.32

DEGREE DAYS
 HEATING
  TODAY            0                         0      0        0
  MONTH TO DATE    0                         0      0        5
  SINCE JUN 1      0                         3     -3        5
  SINCE JUL 1      0                         0      0        5

 COOLING
  TODAY           23                        18      5       11
  MONTH TO DATE  489                       478     11      351
  SINCE JUN 1    921                       831     90      693
  SINCE JAN 1   1028                       987     41      962
..................................................................


WIND (MPH)
  HIGHEST WIND SPEED    17   HIGHEST WIND DIRECTION     S (200)
  HIGHEST GUST SPEED    21   HIGHEST GUST DIRECTION     S (200)
  AVERAGE WIND SPEED    10.1




RELATIVE HUMIDITY (PERCENT)
 HIGHEST    74           300 AM
 LOWEST     37           400 PM
 AVERAGE    56

..........................................................


THE MEDICINE LODGE KS CLIMATE NORMALS FOR TOMORROW
                         NORMAL    RECORD    YEAR
 MAXIMUM TEMPERATURE (F)   95       110      1978
 MINIMUM TEMPERATURE (F)   70        58      1994


SUNRISE AND SUNSET
JULY 28 2015..........SUNRISE   635 AM CDT   SUNSET   846 PM CDT
JULY 29 2015..........SUNRISE   636 AM CDT   SUNSET   845 PM CDT


-  INDICATES NEGATIVE NUMBERS.
R  INDICATES RECORD WAS SET OR TIED.
MM INDICATES DATA IS MISSING.
T  INDICATES TRACE AMOUNT.




$$
