000
CDUS43 KDDC 251425
CLIP28


CLIMATE REPORT
NATIONAL WEATHER SERVICE DODGE CITY KS
825 AM CST SUN FEB 25 2018


...................................

...THE MEDICINE LODGE KS CLIMATE SUMMARY FOR FEBRUARY 25 2018...
VALID AS OF 0800 AM LOCAL TIME.

CLIMATE NORMAL PERIOD 1981 TO 2010
CLIMATE RECORD PERIOD 1893 TO 2018


WEATHER ITEM   OBSERVED TIME   RECORD YEAR NORMAL DEPARTURE LAST
                VALUE   (LST)  VALUE       VALUE  FROM      YEAR
                                                  NORMAL
..................................................................
TEMPERATURE (F)
 TODAY
  MAXIMUM         28    412 AM  86    1904  53    -25       46
  MINIMUM         19    711 AM  -2    1960  29    -10       12
  AVERAGE         24                        41    -17       29

PRECIPITATION (IN)
  TODAY            0.00          1.25 1951   0.05  -0.05     0.00
  MONTH TO DATE    0.30                      0.90  -0.60     0.22
  SINCE DEC 1      0.38                      2.53  -2.15     4.62
  SINCE JAN 1      0.38                      1.61  -1.23     3.92

..................................................................


WIND (MPH)
  HIGHEST WIND SPEED     9   HIGHEST WIND DIRECTION     E (80)
  HIGHEST GUST SPEED    11   HIGHEST GUST DIRECTION     E (80)



WEATHER CONDITIONS
 THE FOLLOWING WEATHER WAS RECORDED TODAY.
  NO SIGNIFICANT WEATHER WAS OBSERVED.


RELATIVE HUMIDITY (PERCENT)
 HIGHEST    92          1200 AM
 LOWEST     68           300 AM

..........................................................


THE MEDICINE LODGE KS CLIMATE NORMALS FOR TOMORROW
                         NORMAL    RECORD    YEAR
 MAXIMUM TEMPERATURE (F)   54        81      1996
 MINIMUM TEMPERATURE (F)   29         0      1960


SUNRISE AND SUNSET
FEBRUARY 25 2018......SUNRISE   711 AM CST   SUNSET   624 PM CST
FEBRUARY 26 2018......SUNRISE   709 AM CST   SUNSET   625 PM CST


-  INDICATES NEGATIVE NUMBERS.
R  INDICATES RECORD WAS SET OR TIED.
MM INDICATES DATA IS MISSING.
T  INDICATES TRACE AMOUNT.




$$
