000
CDUS43 KDDC 220705
CLIP28


CLIMATE REPORT
NATIONAL WEATHER SERVICE DODGE CITY KS
105 AM CST WED FEB 22 2017


...................................

...THE MEDICINE LODGE KS CLIMATE SUMMARY FOR FEBRUARY 21 2017...

CLIMATE NORMAL PERIOD 1981 TO 2010
CLIMATE RECORD PERIOD 1893 TO 2017


WEATHER ITEM   OBSERVED TIME   RECORD YEAR NORMAL DEPARTURE LAST
                VALUE   (LST)  VALUE       VALUE  FROM      YEAR
                                                  NORMAL
..................................................................
TEMPERATURE (F)
 YESTERDAY
  MAXIMUM         76    334 PM  83    1935  52     24       62
  MINIMUM         31    702 AM  -3    1939  27      4       36
  AVERAGE         54                        40     14       49

PRECIPITATION (IN)
  YESTERDAY        0.00          1.10 2013   0.05  -0.05     0.00
  MONTH TO DATE    0.22                      0.72  -0.50     0.38
  SINCE DEC 1      4.62                      2.35   2.27     3.26
  SINCE JAN 1      3.92                      1.43   2.49     0.89

SNOWFALL (IN)
  YESTERDAY        0.0          MM      MM   0.1             0.0
  MONTH TO DATE    0.0                       1.9             0.0
  SINCE DEC 1      1.4                       7.9             1.0
  SINCE JUL 1      1.4                       8.1             1.0
  SNOW DEPTH       0

DEGREE DAYS
 HEATING
  YESTERDAY       11                        25    -14       16
  MONTH TO DATE  415                       584   -169      452
  SINCE DEC 1   2339                      2503   -164     2140
  SINCE JUL 1   2875                      3361   -486     2735

 COOLING
  YESTERDAY        0                         0      0        0
  MONTH TO DATE    0                         0      0        0
  SINCE DEC 1      0                         0      0        0
  SINCE JAN 1      0                         0      0        0
..................................................................


WIND (MPH)
  HIGHEST WIND SPEED    12   HIGHEST WIND DIRECTION    SE (140)
  HIGHEST GUST SPEED    17   HIGHEST GUST DIRECTION    SE (150)
  AVERAGE WIND SPEED     4.8




RELATIVE HUMIDITY (PERCENT)
 HIGHEST    92           700 AM
 LOWEST     16           300 PM
 AVERAGE    54

..........................................................


THE MEDICINE LODGE KS CLIMATE NORMALS FOR TODAY
                         NORMAL    RECORD    YEAR
 MAXIMUM TEMPERATURE (F)   52        80      1982
 MINIMUM TEMPERATURE (F)   28         3      2013


SUNRISE AND SUNSET
FEBRUARY 22 2017......SUNRISE   714 AM CST   SUNSET   622 PM CST
FEBRUARY 23 2017......SUNRISE   713 AM CST   SUNSET   623 PM CST


-  INDICATES NEGATIVE NUMBERS.
R  INDICATES RECORD WAS SET OR TIED.
MM INDICATES DATA IS MISSING.
T  INDICATES TRACE AMOUNT.




$$
