000
CDUS43 KDDC 202326
CLIP28


CLIMATE REPORT
NATIONAL WEATHER SERVICE DODGE CITY KS
526 PM CST SAT DEC 20 2014


...................................

...THE MEDICINE LODGE KS CLIMATE SUMMARY FOR DECEMBER 20 2014...
VALID TODAY AS OF 0500 PM LOCAL TIME.

CLIMATE NORMAL PERIOD 1981 TO 2010
CLIMATE RECORD PERIOD 1893 TO 2014


WEATHER ITEM   OBSERVED TIME   RECORD YEAR NORMAL DEPARTURE LAST
                VALUE   (LST)  VALUE       VALUE  FROM      YEAR
                                                  NORMAL
..................................................................
TEMPERATURE (F)
 TODAY
  MAXIMUM         47    141 PM  73    1954  45      2       30
  MINIMUM         33    805 AM  -7    1924  22     11       17
  AVERAGE         40                        34      6       24

PRECIPITATION (IN)
  TODAY            0.00          0.92 2006   0.03  -0.03     0.00
  MONTH TO DATE    0.79                      0.62   0.17     0.01
  SINCE DEC 1      0.79                      0.62   0.17     0.01
  SINCE JAN 1     20.15                     26.84  -6.69    25.24

DEGREE DAYS
 HEATING
  TODAY           25                        32     -7       41
  MONTH TO DATE  502                       589    -87      660
  SINCE DEC 1    502                       589    -87      660
  SINCE JUL 1   1407                      1447    -40     1598

 COOLING
  TODAY            0                         0      0        0
  MONTH TO DATE    0                         0      0        0
  SINCE DEC 1      0                         0      0        0
  SINCE JAN 1   1802                      1770     32     1786
..................................................................


WIND (MPH)
  HIGHEST WIND SPEED    14   HIGHEST WIND DIRECTION     S (170)
  HIGHEST GUST SPEED    19   HIGHEST GUST DIRECTION     S (170)
  AVERAGE WIND SPEED     7.9




RELATIVE HUMIDITY (PERCENT)
 HIGHEST   100          1200 AM
 LOWEST     71           100 PM
 AVERAGE    86

..........................................................


THE MEDICINE LODGE KS CLIMATE NORMALS FOR TOMORROW
                         NORMAL    RECORD    YEAR
 MAXIMUM TEMPERATURE (F)   45        73      1933
 MINIMUM TEMPERATURE (F)   22        -6      1983


SUNRISE AND SUNSET
DECEMBER 20 2014......SUNRISE   744 AM CST   SUNSET   520 PM CST
DECEMBER 21 2014......SUNRISE   745 AM CST   SUNSET   520 PM CST


-  INDICATES NEGATIVE NUMBERS.
R  INDICATES RECORD WAS SET OR TIED.
MM INDICATES DATA IS MISSING.
T  INDICATES TRACE AMOUNT.




$$
