000
CDUS43 KDDC 302326
CLIP28


CLIMATE REPORT
NATIONAL WEATHER SERVICE DODGE CITY KS
625 PM CDT SAT AUG 30 2014


...................................

...THE MEDICINE LODGE KS CLIMATE SUMMARY FOR AUGUST 30 2014...
VALID TODAY AS OF 0500 PM LOCAL TIME.

CLIMATE NORMAL PERIOD 1981 TO 2010
CLIMATE RECORD PERIOD 1893 TO 2014


WEATHER ITEM   OBSERVED TIME   RECORD YEAR NORMAL DEPARTURE LAST
                VALUE   (LST)  VALUE       VALUE  FROM      YEAR
                                                  NORMAL
..................................................................
TEMPERATURE (F)
 TODAY
  MAXIMUM         92    334 PM 111    1939  90      2      103
  MINIMUM         61    636 AM  44    1915  65     -4       66
  AVERAGE         77                        77      0       85

PRECIPITATION (IN)
  TODAY            0.00          3.87 2003   0.11  -0.11     0.00
  MONTH TO DATE    2.01                      3.01  -1.00     6.29
  SINCE JUN 1     14.62                     10.50   4.12    11.29
  SINCE JAN 1     17.51                     20.24  -2.73    21.64

DEGREE DAYS
 HEATING
  TODAY            0                         0      0        0
  MONTH TO DATE    0                         0      0        0
  SINCE JUN 1      5                         3      2        4
  SINCE JUL 1      5                         0      5        0

 COOLING
  TODAY           12                        12      0       20
  MONTH TO DATE  484                       461     23      406
  SINCE JUN 1   1195                      1342   -147     1285
  SINCE JAN 1   1464                      1498    -34     1428
..................................................................


WIND (MPH)
  HIGHEST WIND SPEED    12   HIGHEST WIND DIRECTION    SE (140)
  HIGHEST GUST SPEED    16   HIGHEST GUST DIRECTION     S (180)
  AVERAGE WIND SPEED     4.5




RELATIVE HUMIDITY (PERCENT)
 HIGHEST    97           600 AM
 LOWEST     30           400 PM
 AVERAGE    64

..........................................................


THE MEDICINE LODGE KS CLIMATE NORMALS FOR TOMORROW
                         NORMAL    RECORD    YEAR
 MAXIMUM TEMPERATURE (F)   90       109      2011
 MINIMUM TEMPERATURE (F)   65        45      1915


SUNRISE AND SUNSET
AUGUST 30 2014........SUNRISE   703 AM CDT   SUNSET   806 PM CDT
AUGUST 31 2014........SUNRISE   704 AM CDT   SUNSET   804 PM CDT


-  INDICATES NEGATIVE NUMBERS.
R  INDICATES RECORD WAS SET OR TIED.
MM INDICATES DATA IS MISSING.
T  INDICATES TRACE AMOUNT.




$$
