000
CDUS45 KRIW 050733
CLIP60


CLIMATE REPORT
NATIONAL WEATHER SERVICE RIVERTON WY
1231 AM MST MON DEC 5 2016


...................................

...THE LAKE YELLOWSTONE WY CLIMATE SUMMARY FOR DECEMBER 4 2016...

CLIMATE NORMAL PERIOD 1981 TO 2010
CLIMATE RECORD PERIOD 1998 TO 2016


WEATHER ITEM   OBSERVED TIME   RECORD YEAR NORMAL DEPARTURE LAST
                VALUE   (LST)  VALUE       VALUE  FROM      YEAR
                                                  NORMAL
..................................................................
TEMPERATURE (F)
 YESTERDAY
  MAXIMUM         25    828 PM  36    2014  25      0       30
  MINIMUM         18   1256 AM -18    2013   5     13       10
  AVERAGE         22                        15      7       20

PRECIPITATION (IN)
  YESTERDAY        0.39R         0.20 2007   0.05   0.34     0.03
  MONTH TO DATE    0.51                      0.21   0.30     0.04
  SINCE DEC 1      0.51                      0.21   0.30     0.04
  SINCE JAN 1     21.51                     19.01   2.50    16.99

DEGREE DAYS
 HEATING
  YESTERDAY       43                        50     -7       45
  MONTH TO DATE  196                       197     -1      196
  SINCE DEC 1    196                       197     -1      196
  SINCE JUL 1   3340                      3517   -177     3524

 COOLING
  YESTERDAY        0                         0      0        0
  MONTH TO DATE    0                         0      0        0
  SINCE DEC 1      0                         0      0        0
  SINCE JAN 1      0                         0      0        1
..................................................................


WIND (MPH)
  HIGHEST WIND SPEED    16   HIGHEST WIND DIRECTION     W (260)
  HIGHEST GUST SPEED    27   HIGHEST GUST DIRECTION     W (250)
  AVERAGE WIND SPEED     7.4


SKY COVER
  POSSIBLE SUNSHINE  MM
  AVERAGE SKY COVER 0.0


WEATHER CONDITIONS
 THE FOLLOWING WEATHER WAS RECORDED YESTERDAY.
  NO SIGNIFICANT WEATHER WAS OBSERVED.


RELATIVE HUMIDITY (PERCENT)
 HIGHEST   100           100 AM
 LOWEST     81          1000 PM
 AVERAGE    91

..........................................................


THE LAKE YELLOWSTONE WY CLIMATE NORMALS FOR TODAY
                         NORMAL    RECORD    YEAR
 MAXIMUM TEMPERATURE (F)   25        37      2014
 MINIMUM TEMPERATURE (F)    5       -21      2013


SUNRISE AND SUNSET
DECEMBER  5 2016......SUNRISE   743 AM MST   SUNSET   442 PM MST
DECEMBER  6 2016......SUNRISE   744 AM MST   SUNSET   442 PM MST


-  INDICATES NEGATIVE NUMBERS.
R  INDICATES RECORD WAS SET OR TIED.
MM INDICATES DATA IS MISSING.
T  INDICATES TRACE AMOUNT.




$$
