000
CDUS45 KRIW 210739
CLIP60


CLIMATE REPORT
NATIONAL WEATHER SERVICE RIVERTON WY
132 AM MDT TUE OCT 21 2014


...................................

...THE LAKE YELLOWSTONE WY CLIMATE SUMMARY FOR OCTOBER 20 2014...

CLIMATE NORMAL PERIOD 1981 TO 2010
CLIMATE RECORD PERIOD 1998 TO 2014


WEATHER ITEM   OBSERVED TIME   RECORD YEAR NORMAL DEPARTURE LAST
                VALUE   (LST)  VALUE       VALUE  FROM      YEAR
                                                  NORMAL
..................................................................
TEMPERATURE (F)
 YESTERDAY
  MAXIMUM         62    330 PM  63    2003  46     16       42
  MINIMUM         24    703 AM  14    2007  22      2       22
  AVERAGE         43                        34      9       32

PRECIPITATION (IN)
  YESTERDAY        0.00          0.34 2004   0.05  -0.05     0.00
  MONTH TO DATE    0.30                      0.81  -0.51     1.33
  SINCE SEP 1      2.47                      2.11   0.36     5.41
  SINCE JAN 1     25.59                     16.18   9.41    17.58

DEGREE DAYS
 HEATING
  YESTERDAY       22                        31     -9       33
  MONTH TO DATE  494                       547    -53      672
  SINCE SEP 1   1032                      1095    -63     1201
  SINCE JUL 1   1694                      1682     12     1625

 COOLING
  YESTERDAY        0                         0      0        0
  MONTH TO DATE    0                         0      0        0
  SINCE SEP 1      0                         0      0        0
  SINCE JAN 1      0                         0      0        0
..................................................................


WIND (MPH)
  HIGHEST WIND SPEED     9   HIGHEST WIND DIRECTION    SW (210)
  HIGHEST GUST SPEED    16   HIGHEST GUST DIRECTION     S (190)
  AVERAGE WIND SPEED     2.4


SKY COVER
  POSSIBLE SUNSHINE  MM
  AVERAGE SKY COVER 0.0


WEATHER CONDITIONS
 THE FOLLOWING WEATHER WAS RECORDED YESTERDAY.
  NO SIGNIFICANT WEATHER WAS OBSERVED.


RELATIVE HUMIDITY (PERCENT)
 HIGHEST    88           400 AM
 LOWEST     32           300 PM
 AVERAGE    60

..........................................................


THE LAKE YELLOWSTONE WY CLIMATE NORMALS FOR TODAY
                         NORMAL    RECORD    YEAR
 MAXIMUM TEMPERATURE (F)   46        63      2003
 MINIMUM TEMPERATURE (F)   22        13      2007


SUNRISE AND SUNSET
OCTOBER 21 2014.......SUNRISE   745 AM MDT   SUNSET   627 PM MDT
OCTOBER 22 2014.......SUNRISE   746 AM MDT   SUNSET   626 PM MDT


-  INDICATES NEGATIVE NUMBERS.
R  INDICATES RECORD WAS SET OR TIED.
MM INDICATES DATA IS MISSING.
T  INDICATES TRACE AMOUNT.




$$
