124
CDUS45 KRIW 290742
CLIP60


CLIMATE REPORT
NATIONAL WEATHER SERVICE RIVERTON WY
132 AM MDT FRI APR 29 2016


...................................

...THE LAKE YELLOWSTONE WY CLIMATE SUMMARY FOR APRIL 28 2016...

CLIMATE NORMAL PERIOD 1981 TO 2010
CLIMATE RECORD PERIOD 1998 TO 2016


WEATHER ITEM   OBSERVED TIME   RECORD YEAR NORMAL DEPARTURE LAST
                VALUE   (LST)  VALUE       VALUE  FROM      YEAR
                                                  NORMAL
..................................................................
TEMPERATURE (F)
 YESTERDAY
  MAXIMUM         39    227 PM  62    2007  46     -7       56
  MINIMUM         27    700 AM  15    2014  23      4       22
                                      2005
  AVERAGE         33                        35     -2       39

PRECIPITATION (IN)
  YESTERDAY        0.01          0.58 2009   0.08  -0.07     0.00
  MONTH TO DATE    1.34                      1.93  -0.59     0.95
  SINCE MAR 1      3.59                      3.14   0.45     1.70
  SINCE JAN 1      6.24                      6.66  -0.42     4.59

DEGREE DAYS
 HEATING
  YESTERDAY       32                        30      2       26
  MONTH TO DATE  840                       953   -113      942
  SINCE MAR 1   2149                      2255   -106     2116
  SINCE JUL 1   9933                     10192   -259     9680

 COOLING
  YESTERDAY        0                         0      0        0
  MONTH TO DATE    0                         0      0        0
  SINCE MAR 1      0                         0      0        0
  SINCE JAN 1      0                         0      0        0
..................................................................


WIND (MPH)
  HIGHEST WIND SPEED     8   HIGHEST WIND DIRECTION     E (110)
  HIGHEST GUST SPEED    13   HIGHEST GUST DIRECTION    SE (130)
  AVERAGE WIND SPEED     2.5


SKY COVER
  POSSIBLE SUNSHINE  MM
  AVERAGE SKY COVER 0.0


WEATHER CONDITIONS
 THE FOLLOWING WEATHER WAS RECORDED YESTERDAY.
  NO SIGNIFICANT WEATHER WAS OBSERVED.


RELATIVE HUMIDITY (PERCENT)
 HIGHEST    75           200 AM
 LOWEST     52           200 PM
 AVERAGE    64

..........................................................


THE LAKE YELLOWSTONE WY CLIMATE NORMALS FOR TODAY
                         NORMAL    RECORD    YEAR
 MAXIMUM TEMPERATURE (F)   47        65      2007
 MINIMUM TEMPERATURE (F)   24         8      2005


SUNRISE AND SUNSET
APRIL 29 2016.........SUNRISE   614 AM MDT   SUNSET   824 PM MDT
APRIL 30 2016.........SUNRISE   613 AM MDT   SUNSET   826 PM MDT


-  INDICATES NEGATIVE NUMBERS.
R  INDICATES RECORD WAS SET OR TIED.
MM INDICATES DATA IS MISSING.
T  INDICATES TRACE AMOUNT.




$$
