000
CDUS45 KRIW 240728
CLIP60


CLIMATE REPORT
NATIONAL WEATHER SERVICE RIVERTON WY
127 AM MDT THU JUL 24 2014


...................................

...THE LAKE YELLOWSTONE WY CLIMATE SUMMARY FOR JULY 23 2014...

CLIMATE NORMAL PERIOD 1981 TO 2010
CLIMATE RECORD PERIOD 1998 TO 2014


WEATHER ITEM   OBSERVED TIME   RECORD YEAR NORMAL DEPARTURE LAST
                VALUE   (LST)  VALUE       VALUE  FROM      YEAR
                                                  NORMAL
..................................................................
TEMPERATURE (F)
 YESTERDAY
  MAXIMUM         80    518 PM  84    2007  73      7       77
  MINIMUM         43    309 AM  35    2001  41      2       38
  AVERAGE         62                        57      5       58

PRECIPITATION (IN)
  YESTERDAY        0.00          0.14 2004   0.06  -0.06     0.00
  MONTH TO DATE    1.24                      1.08   0.16     0.94
  SINCE JUN 1      3.58                      3.08   0.50     1.70
  SINCE JAN 1     18.72                     12.16   6.56    10.69

DEGREE DAYS
 HEATING
  YESTERDAY        3                         8     -5        7
  MONTH TO DATE  183                       219    -36      127
  SINCE JUN 1    769                       712     57      560
  SINCE JUL 1    183                       219    -36      127

 COOLING
  YESTERDAY        0                         0      0        0
  MONTH TO DATE    0                         0      0        0
  SINCE JUN 1      0                         0      0        0
  SINCE JAN 1      0                         0      0        0
..................................................................


WIND (MPH)
  HIGHEST WIND SPEED    14   HIGHEST WIND DIRECTION     W (280)
  HIGHEST GUST SPEED    21   HIGHEST GUST DIRECTION    NW (300)
  AVERAGE WIND SPEED     3.7


SKY COVER
  POSSIBLE SUNSHINE  MM
  AVERAGE SKY COVER 0.0


WEATHER CONDITIONS
 THE FOLLOWING WEATHER WAS RECORDED YESTERDAY.
  NO SIGNIFICANT WEATHER WAS OBSERVED.


RELATIVE HUMIDITY (PERCENT)
 HIGHEST    89           200 AM
 LOWEST     17           100 PM
 AVERAGE    53

..........................................................


THE LAKE YELLOWSTONE WY CLIMATE NORMALS FOR TODAY
                         NORMAL    RECORD    YEAR
 MAXIMUM TEMPERATURE (F)   73        80      2007
 MINIMUM TEMPERATURE (F)   41        33      2010


SUNRISE AND SUNSET
JULY 24 2014..........SUNRISE   600 AM MDT   SUNSET   856 PM MDT
JULY 25 2014..........SUNRISE   601 AM MDT   SUNSET   855 PM MDT


-  INDICATES NEGATIVE NUMBERS.
R  INDICATES RECORD WAS SET OR TIED.
MM INDICATES DATA IS MISSING.
T  INDICATES TRACE AMOUNT.




$$
