000
CDUS45 KRIW 300030
CLIP60


CLIMATE REPORT
NATIONAL WEATHER SERVICE RIVERTON WY
629 PM MDT WED MAR 29 2017


...................................

...THE LAKE YELLOWSTONE WY CLIMATE SUMMARY FOR MARCH 29 2017...
VALID TODAY AS OF 0500 PM LOCAL TIME.

CLIMATE NORMAL PERIOD 1981 TO 2010
CLIMATE RECORD PERIOD 1998 TO 2017


WEATHER ITEM   OBSERVED TIME   RECORD YEAR NORMAL DEPARTURE LAST
                VALUE   (LST)  VALUE       VALUE  FROM      YEAR
                                                  NORMAL
..................................................................
TEMPERATURE (F)
 TODAY
  MAXIMUM         37        MM  47    2015  40     -3       38
  MINIMUM         17    100 AM -14    2008  13      4       24
  AVERAGE         27

PRECIPITATION (IN)
  TODAY            0.00          0.76 2014   0.04  -0.04     0.01
  MONTH TO DATE    2.09                      1.11   0.98     2.19
  SINCE MAR 1      2.09                      1.11   0.98     2.19
  SINCE JAN 1     12.33                      4.63   7.70     4.84

DEGREE DAYS
 HEATING
  TODAY           38                        38      0       34
  MONTH TO DATE 1041                      1226   -185     1240
  SINCE MAR 1   1041                      1226   -185     1240
  SINCE JUL 1   9099                      9163    -64     9024

 COOLING
  TODAY            0                         0      0        0
  MONTH TO DATE    0                         0      0        0
  SINCE MAR 1      0                         0      0        0
  SINCE JAN 1      0                         0      0        0
..................................................................


WIND (MPH)
  HIGHEST WIND SPEED     7   HIGHEST WIND DIRECTION     E (99)
  HIGHEST GUST SPEED    17   HIGHEST GUST DIRECTION     E (99)
  AVERAGE WIND SPEED     2.2


SKY COVER
  POSSIBLE SUNSHINE  MM
  AVERAGE SKY COVER 0.0


WEATHER CONDITIONS
 THE FOLLOWING WEATHER WAS RECORDED TODAY.
  NO SIGNIFICANT WEATHER WAS OBSERVED.


RELATIVE HUMIDITY (PERCENT)
 HIGHEST    96           300 AM
 LOWEST     52          1200 PM
 AVERAGE    74

..........................................................


THE LAKE YELLOWSTONE WY CLIMATE NORMALS FOR TOMORROW
                         NORMAL    RECORD    YEAR
 MAXIMUM TEMPERATURE (F)   40        52      2015
 MINIMUM TEMPERATURE (F)   13       -13      2008


SUNRISE AND SUNSET
MARCH 29 2017.........SUNRISE   708 AM MDT   SUNSET   746 PM MDT
MARCH 30 2017.........SUNRISE   706 AM MDT   SUNSET   747 PM MDT


-  INDICATES NEGATIVE NUMBERS.
R  INDICATES RECORD WAS SET OR TIED.
MM INDICATES DATA IS MISSING.
T  INDICATES TRACE AMOUNT.




$$
