000
CDUS45 KLKN 260928
CLIP68


CLIMATE REPORT
NATIONAL WEATHER SERVICE ELKO NV
126 AM PST MON JAN 26 2015


...................................

...THE EUREKA AIRPORT NV CLIMATE SUMMARY FOR JANUARY 25 2015...

CLIMATE NORMAL PERIOD 1981 TO 2010
CLIMATE RECORD PERIOD 1963 TO 2015


WEATHER ITEM   OBSERVED TIME   RECORD YEAR NORMAL DEPARTURE LAST
                VALUE   (LST)  VALUE       VALUE  FROM      YEAR
                                                  NORMAL
..................................................................
TEMPERATURE (F)
 YESTERDAY
  MAXIMUM         57R   223 PM  54    2012  38     19       49
  MINIMUM         21    601 AM -27    1989  11     10       11
  AVERAGE         39                        25     14       30

PRECIPITATION (IN)
  YESTERDAY        0.00          0.28 1999   0.03  -0.03     0.00
  MONTH TO DATE    0.23                      0.59  -0.36     0.05
  SINCE OCT 1      1.35                      2.72  -1.37     2.45
  SINCE JAN 1      0.23                      0.59  -0.36     0.05

DEGREE DAYS
 HEATING
  YESTERDAY       26                        40    -14       35
  MONTH TO DATE  798                      1039   -241      817
  SINCE DEC 1   1810                      2286   -476     2157
  SINCE JUL 1   3150                      4045   -895     3768

 COOLING
  YESTERDAY        0                         0      0        0
  MONTH TO DATE    0                         0      0        0
  SINCE DEC 1      0                         0      0        0
  SINCE JAN 1      0                         0      0        0
..................................................................


WIND (MPH)
  HIGHEST WIND SPEED    12   HIGHEST WIND DIRECTION     S (200)
  HIGHEST GUST SPEED    14   HIGHEST GUST DIRECTION     N (10)
  AVERAGE WIND SPEED     3.9




RELATIVE HUMIDITY (PERCENT)
 HIGHEST    92           700 AM
 LOWEST     43           200 PM
 AVERAGE    68

..........................................................


THE EUREKA AIRPORT NV CLIMATE NORMALS FOR TODAY
                         NORMAL    RECORD    YEAR
 MAXIMUM TEMPERATURE (F)   38        54      2003
 MINIMUM TEMPERATURE (F)   11       -17      1989


SUNRISE AND SUNSET
JANUARY 26 2015.......SUNRISE   656 AM PST   SUNSET   457 PM PST
JANUARY 27 2015.......SUNRISE   656 AM PST   SUNSET   458 PM PST


-  INDICATES NEGATIVE NUMBERS.
R  INDICATES RECORD WAS SET OR TIED.
MM INDICATES DATA IS MISSING.
T  INDICATES TRACE AMOUNT.




$$
