000
CDUS45 KLKN 250945
CLIP68


CLIMATE REPORT
NATIONAL WEATHER SERVICE ELKO NV
243 AM PDT SAT MAR 25 2017


...................................

...THE EUREKA AIRPORT NV CLIMATE SUMMARY FOR MARCH 24 2017...

CLIMATE NORMAL PERIOD 1981 TO 2010
CLIMATE RECORD PERIOD 1963 TO 2017


WEATHER ITEM   OBSERVED TIME   RECORD YEAR NORMAL DEPARTURE LAST
                VALUE   (LST)  VALUE       VALUE  FROM      YEAR
                                                  NORMAL
..................................................................
TEMPERATURE (F)
 YESTERDAY
  MAXIMUM         57    400 PM  68    2004  53      4       58
  MINIMUM         28    402 AM   0    1995  24      4       24
  AVERAGE         43                        39      4       41

PRECIPITATION (IN)
  YESTERDAY        0.11          0.28 2011   0.03   0.08     0.00
  MONTH TO DATE    0.83                      0.70   0.13     0.35
  SINCE OCT 1      5.83                      4.43   1.40     6.59
  SINCE JAN 1      3.74                      2.30   1.44     2.32

DEGREE DAYS
 HEATING
  YESTERDAY       22                        26     -4       24
  MONTH TO DATE  503                       693   -190      541
  SINCE MAR 1    503                       693   -190      541
  SINCE JUL 1   5363                      5978   -615     5644

 COOLING
  YESTERDAY        0                         0      0        0
  MONTH TO DATE    0                         0      0        0
  SINCE MAR 1      0                         0      0        0
  SINCE JAN 1      0                         0      0        0
..................................................................


WIND (MPH)
  HIGHEST WIND SPEED    26   HIGHEST WIND DIRECTION     S (160)
  HIGHEST GUST SPEED    34   HIGHEST GUST DIRECTION    SE (150)
  AVERAGE WIND SPEED     8.4




RELATIVE HUMIDITY (PERCENT)
 HIGHEST    85           100 AM
 LOWEST     28           400 PM
 AVERAGE    57

..........................................................


THE EUREKA AIRPORT NV CLIMATE NORMALS FOR TODAY
                         NORMAL    RECORD    YEAR
 MAXIMUM TEMPERATURE (F)   53        69      2014
 MINIMUM TEMPERATURE (F)   25         0      1995


SUNRISE AND SUNSET
MARCH 25 2017.........SUNRISE   639 AM PDT   SUNSET   701 PM PDT
MARCH 26 2017.........SUNRISE   637 AM PDT   SUNSET   702 PM PDT


-  INDICATES NEGATIVE NUMBERS.
R  INDICATES RECORD WAS SET OR TIED.
MM INDICATES DATA IS MISSING.
T  INDICATES TRACE AMOUNT.




$$
