000
CDUS45 KLKN 180937
CLIP68


CLIMATE REPORT
NATIONAL WEATHER SERVICE ELKO NV
137 AM PST THU DEC 18 2014


...................................

...THE EUREKA AIRPORT NV CLIMATE SUMMARY FOR DECEMBER 17 2014...

CLIMATE NORMAL PERIOD 1981 TO 2010
CLIMATE RECORD PERIOD 1963 TO 2014


WEATHER ITEM   OBSERVED TIME   RECORD YEAR NORMAL DEPARTURE LAST
                VALUE   (LST)  VALUE       VALUE  FROM      YEAR
                                                  NORMAL
..................................................................
TEMPERATURE (F)
 YESTERDAY
  MAXIMUM         40    328 PM  56    1980  38      2       43
                                      1979
  MINIMUM         17    445 AM -19    1984  11      6       12
  AVERAGE         29                        24      5       28

PRECIPITATION (IN)
  YESTERDAY        0.00          0.26 1992   0.02  -0.02     0.00
  MONTH TO DATE    0.30                      0.32  -0.02     0.37
  SINCE OCT 1      0.63                      1.84  -1.21     1.70
  SINCE JAN 1      8.57                      8.71  -0.14     7.84

DEGREE DAYS
 HEATING
  YESTERDAY       36                        41     -5       37
  MONTH TO DATE  483                       664   -181      806
  SINCE DEC 1    483                       664   -181      806
  SINCE JUL 1   1823                      2423   -600     2417

 COOLING
  YESTERDAY        0                         0      0        0
  MONTH TO DATE    0                         0      0        0
  SINCE DEC 1      0                         0      0        0
  SINCE JAN 1    436                       288    148      585
..................................................................


WIND (MPH)
  HIGHEST WIND SPEED     9   HIGHEST WIND DIRECTION     S (190)
  HIGHEST GUST SPEED    10   HIGHEST GUST DIRECTION     S (190)
  AVERAGE WIND SPEED     3.4




RELATIVE HUMIDITY (PERCENT)
 HIGHEST    92           500 AM
 LOWEST     54           200 PM
 AVERAGE    73

..........................................................


THE EUREKA AIRPORT NV CLIMATE NORMALS FOR TODAY
                         NORMAL    RECORD    YEAR
 MAXIMUM TEMPERATURE (F)   37        60      1979
 MINIMUM TEMPERATURE (F)   10       -18      1984


SUNRISE AND SUNSET
DECEMBER 18 2014......SUNRISE   659 AM PST   SUNSET   422 PM PST
DECEMBER 19 2014......SUNRISE   700 AM PST   SUNSET   423 PM PST


-  INDICATES NEGATIVE NUMBERS.
R  INDICATES RECORD WAS SET OR TIED.
MM INDICATES DATA IS MISSING.
T  INDICATES TRACE AMOUNT.




$$
