000
CDUS45 KLKN 070937
CLIP68


CLIMATE REPORT
NATIONAL WEATHER SERVICE ELKO NV
132 AM PST WED DEC 7 2016


...................................

...THE EUREKA AIRPORT NV CLIMATE SUMMARY FOR DECEMBER 6 2016...

CLIMATE NORMAL PERIOD 1981 TO 2010
CLIMATE RECORD PERIOD 1963 TO 2016


WEATHER ITEM   OBSERVED TIME   RECORD YEAR NORMAL DEPARTURE LAST
                VALUE   (LST)  VALUE       VALUE  FROM      YEAR
                                                  NORMAL
..................................................................
TEMPERATURE (F)
 YESTERDAY
  MAXIMUM         35   1215 PM  57    1981  40     -5       51
  MINIMUM          4    543 AM  -8    2013  13     -9       27
  AVERAGE         20                        27     -7       39

PRECIPITATION (IN)
  YESTERDAY        0.00          0.16 1996   0.01  -0.01     0.00
                                      1966
  MONTH TO DATE    0.01                      0.10  -0.09     0.00
  SINCE OCT 1      1.12                      1.62  -0.50     2.58
  SINCE JAN 1     10.03                      8.49   1.54     9.66

DEGREE DAYS
 HEATING
  YESTERDAY       45                        38      7       26
  MONTH TO DATE  248                       225     23      208
  SINCE DEC 1    248                       225     23      208
  SINCE JUL 1   1661                      1984   -323     1694

 COOLING
  YESTERDAY        0                         0      0        0
  MONTH TO DATE    0                         0      0        0
  SINCE DEC 1      0                         0      0        0
  SINCE JAN 1    424                       288    136      516
..................................................................


WIND (MPH)
  HIGHEST WIND SPEED    23   HIGHEST WIND DIRECTION    NW (320)
  HIGHEST GUST SPEED    30   HIGHEST GUST DIRECTION    NW (300)
  AVERAGE WIND SPEED     6.1




RELATIVE HUMIDITY (PERCENT)
 HIGHEST    84           800 PM
 LOWEST     38           100 PM
 AVERAGE    61

..........................................................


THE EUREKA AIRPORT NV CLIMATE NORMALS FOR TODAY
                         NORMAL    RECORD    YEAR
 MAXIMUM TEMPERATURE (F)   40        60      1981
 MINIMUM TEMPERATURE (F)   13        -6      2013


SUNRISE AND SUNSET
DECEMBER  7 2016......SUNRISE   651 AM PST   SUNSET   420 PM PST
DECEMBER  8 2016......SUNRISE   652 AM PST   SUNSET   420 PM PST


-  INDICATES NEGATIVE NUMBERS.
R  INDICATES RECORD WAS SET OR TIED.
MM INDICATES DATA IS MISSING.
T  INDICATES TRACE AMOUNT.




$$
