000
CDUS45 KLKN 180029
CLIP68


CLIMATE REPORT
NATIONAL WEATHER SERVICE ELKO NV
527 PM PDT TUE OCT 17  2017


...................................

...THE EUREKA AIRPORT NV CLIMATE SUMMARY FOR OCTOBER 17 2017...
VALID TODAY AS OF 0500 PM LOCAL TIME.

CLIMATE NORMAL PERIOD 1981 TO 2010
CLIMATE RECORD PERIOD 1963 TO 2017


WEATHER ITEM   OBSERVED TIME   RECORD YEAR NORMAL DEPARTURE LAST
                VALUE   (LST)  VALUE       VALUE  FROM      YEAR
                                                  NORMAL
..................................................................
TEMPERATURE (F)
 TODAY
  MAXIMUM         77    258 PM  81    2003  63     14       56
  MINIMUM         30    438 AM   9    1999  28      2       26
                                      1996
  AVERAGE         54                        46      8       41

PRECIPITATION (IN)
  TODAY            0.00          0.57 1969   0.03  -0.03     0.05
  MONTH TO DATE    0.28                      0.36  -0.08     0.09
  SINCE OCT 1      0.28                      0.36  -0.08     0.09
  SINCE JAN 1      9.32                      7.23   2.09     9.00

DEGREE DAYS
 HEATING
  TODAY           11                        19     -8       24
  MONTH TO DATE  363                       275     88      238
  SINCE SEP 1    625                       492    133      427
  SINCE JUL 1    629                       539     90      451

 COOLING
  TODAY            0                         0      0        0
  MONTH TO DATE    0                         0      0        0
  SINCE SEP 1     61                        11     50        9
  SINCE JAN 1    570                       288    282      424
..................................................................


WIND (MPH)
  HIGHEST WIND SPEED    17   HIGHEST WIND DIRECTION     N (360)
  HIGHEST GUST SPEED    21   HIGHEST GUST DIRECTION     N (360)




RELATIVE HUMIDITY (PERCENT)
 HIGHEST    36           500 AM
 LOWEST      5           200 PM
 AVERAGE    21

..........................................................


THE EUREKA AIRPORT NV CLIMATE NORMALS FOR TOMORROW
                         NORMAL    RECORD    YEAR
 MAXIMUM TEMPERATURE (F)   63        80      2003
 MINIMUM TEMPERATURE (F)   28         3      1984


SUNRISE AND SUNSET
OCTOBER 17 2017.......SUNRISE   656 AM PDT   SUNSET   601 PM PDT
OCTOBER 18 2017.......SUNRISE   657 AM PDT   SUNSET   600 PM PDT


-  INDICATES NEGATIVE NUMBERS.
R  INDICATES RECORD WAS SET OR TIED.
MM INDICATES DATA IS MISSING.
T  INDICATES TRACE AMOUNT.




$$
