000
CDUS45 KLKN 220031
CLIP68


CLIMATE REPORT
NATIONAL WEATHER SERVICE ELKO NV
431 PM PST FRI NOV 21 2014


...................................

...THE EUREKA AIRPORT NV CLIMATE SUMMARY FOR NOVEMBER 21 2014...
VALID TODAY AS OF 0400 PM LOCAL TIME.

CLIMATE NORMAL PERIOD 1981 TO 2010
CLIMATE RECORD PERIOD 1963 TO 2014


WEATHER ITEM   OBSERVED TIME   RECORD YEAR NORMAL DEPARTURE LAST
                VALUE   (LST)  VALUE       VALUE  FROM      YEAR
                                                  NORMAL
..................................................................
TEMPERATURE (F)
 TODAY
  MAXIMUM         53    226 PM  66    2002  47      6       35
  MINIMUM         19    309 AM  -2    1979  18      1       20
  AVERAGE         36                        32      4       28

PRECIPITATION (IN)
  TODAY            0.00          0.43 2013   0.03  -0.03     0.43
  MONTH TO DATE    0.26                      0.58  -0.32     0.64
  SINCE OCT 1      0.26                      1.32  -1.06     1.33
  SINCE JAN 1      8.20                      8.19   0.01     7.47

DEGREE DAYS
 HEATING
  TODAY           29                        33     -4       37
  MONTH TO DATE  581                       601    -20      520
  SINCE SEP 1   1078                      1401   -323     1328
  SINCE JUL 1   1103                      1448   -345     1329

 COOLING
  TODAY            0                         0      0        0
  MONTH TO DATE    0                         0      0        0
  SINCE SEP 1     37                        11     26       44
  SINCE JAN 1    436                       288    148      585
..................................................................


WIND (MPH)
  HIGHEST WIND SPEED    14   HIGHEST WIND DIRECTION     W (270)
  HIGHEST GUST SPEED    17   HIGHEST GUST DIRECTION     W (280)




RELATIVE HUMIDITY (PERCENT)
 HIGHEST    77           300 AM
 LOWEST     26           200 PM
 AVERAGE    52

..........................................................


THE EUREKA AIRPORT NV CLIMATE NORMALS FOR TOMORROW
                         NORMAL    RECORD    YEAR
 MAXIMUM TEMPERATURE (F)   46        61      2002
 MINIMUM TEMPERATURE (F)   18        -7      1967


SUNRISE AND SUNSET
NOVEMBER 21 2014......SUNRISE   635 AM PST   SUNSET   425 PM PST
NOVEMBER 22 2014......SUNRISE   636 AM PST   SUNSET   424 PM PST


-  INDICATES NEGATIVE NUMBERS.
R  INDICATES RECORD WAS SET OR TIED.
MM INDICATES DATA IS MISSING.
T  INDICATES TRACE AMOUNT.




$$
