000
CDUS43 KPAH 240630
CLIPAH

CLIMATE REPORT
NATIONAL WEATHER SERVICE PADUCAH KY
1226 AM CST TUE JAN 24 2017

...................................

...THE PADUCAH KY CLIMATE SUMMARY FOR JANUARY 23 2017...

CLIMATE NORMAL PERIOD 1981 TO 2010
CLIMATE RECORD PERIOD 1937 TO 2017

WEATHER ITEM   OBSERVED TIME   RECORD YEAR NORMAL DEPARTURE LAST
                VALUE   (LST)  VALUE       VALUE  FROM      YEAR
                                                  NORMAL
..................................................................
TEMPERATURE (F)
 YESTERDAY
  MAXIMUM         49   1214 AM  73    1967  44      5       35
  MINIMUM         41    739 AM -10    1963  26     15       14
  AVERAGE         45                        35     10       25

PRECIPITATION (IN)
  YESTERDAY        0.00          0.92 2002   0.11  -0.11     0.00
  MONTH TO DATE    2.48                      2.71  -0.23     2.48
  SINCE DEC 1      8.49                      7.30   1.19     9.90
  SINCE JAN 1      2.48                      2.71  -0.23     2.48

SNOWFALL (IN)
  YESTERDAY        0.0           1.0  1977   0.1   -0.1      0.0
  MONTH TO DATE    0.2                       2.1   -1.9      8.4
  SINCE DEC 1      0.2                       4.3   -4.1      8.4
  SINCE JUL 1      0.2                       4.4   -4.2      8.4
  SNOW DEPTH       0

DEGREE DAYS
 HEATING
  YESTERDAY       20                        30    -10       40
  MONTH TO DATE  507                       707   -200      750
  SINCE DEC 1   1333                      1561   -228     1249
  SINCE JUL 1   1834                      2338   -504     1793

 COOLING
  YESTERDAY        0                         0      0        0
  MONTH TO DATE    0                         0      0        0
  SINCE DEC 1      0                         0      0        6
  SINCE JAN 1      0                         0      0        0
..................................................................

WIND (MPH)
  HIGHEST WIND SPEED    25   HIGHEST WIND DIRECTION     N (340)
  HIGHEST GUST SPEED    33   HIGHEST GUST DIRECTION     N (350)
  AVERAGE WIND SPEED    12.4

SKY COVER
  POSSIBLE SUNSHINE  MM
  AVERAGE SKY COVER 0.9

WEATHER CONDITIONS
 THE FOLLOWING WEATHER WAS RECORDED YESTERDAY.
  NO SIGNIFICANT WEATHER WAS OBSERVED.

RELATIVE HUMIDITY (PERCENT)
 HIGHEST    80          1200 AM
 LOWEST     65          1200 PM
 AVERAGE    73
..........................................................

THE PADUCAH KY CLIMATE NORMALS FOR TODAY
                         NORMAL    RECORD    YEAR
 MAXIMUM TEMPERATURE (F)   44        73      1972
                                             1950
 MINIMUM TEMPERATURE (F)   26       -11      1963

SUNRISE AND SUNSET
JANUARY 24 2017.......SUNRISE   703 AM CST   SUNSET   512 PM CST
JANUARY 25 2017.......SUNRISE   703 AM CST   SUNSET   513 PM CST

-  INDICATES NEGATIVE NUMBERS.
R  INDICATES RECORD WAS SET OR TIED.
MM INDICATES DATA IS MISSING.
T  INDICATES TRACE AMOUNT.

&&
.........................................................

***** AGRICULTURAL DATA *****

SOIL TEMPERATURES AT A DEPTH OF FOUR INCHES

UNDER GRASS...  MAX: 49    MIN: 48

$$
