000
CDUS43 KPAH 310632
CLIPAH


CLIMATE REPORT
NATIONAL WEATHER SERVICE PADUCAH KY
1229 AM CST SAT JAN 31 2015


...................................

...THE PADUCAH KY CLIMATE SUMMARY FOR JANUARY 30 2015...

CLIMATE NORMAL PERIOD 1981 TO 2010
CLIMATE RECORD PERIOD 1937 TO 2015


WEATHER ITEM   OBSERVED TIME   RECORD YEAR NORMAL DEPARTURE LAST
                VALUE   (LST)  VALUE       VALUE  FROM      YEAR
                                                  NORMAL
..................................................................
TEMPERATURE (F)
 YESTERDAY
  MAXIMUM         45    342 PM  64    2002  45      0       40
                                      1988
  MINIMUM         26   1056 PM  -3    1966  26      0       19
  AVERAGE         36                        36      0       30

PRECIPITATION (IN)
  YESTERDAY        0.00          2.57 1939   0.13  -0.13     0.00
  MONTH TO DATE    2.56                      3.55  -0.99     1.95
  SINCE DEC 1      5.45                      8.14  -2.69    10.09
  SINCE JAN 1      2.56                      3.55  -0.99     1.95

SNOWFALL (IN)
  YESTERDAY        0.0           3.5  1981   0.1   -0.1      0.0
  MONTH TO DATE    0.5                       2.9   -2.4      1.1
  SINCE DEC 1      0.7                       5.1   -4.4      6.3
  SINCE JUL 1      3.5                       5.2   -1.7      6.3
  SNOW DEPTH       0

DEGREE DAYS
 HEATING
  YESTERDAY       29                        30     -1       35
  MONTH TO DATE  920                       917      3     1049
  SINCE DEC 1   1666                      1771   -105     1907
  SINCE JUL 1   2603                      2548     55     2709

 COOLING
  YESTERDAY        0                         0      0        0
  MONTH TO DATE    0                         0      0        0
  SINCE DEC 1      0                         0      0        0
  SINCE JAN 1      0                         0      0        0
..................................................................


WIND (MPH)
  HIGHEST WIND SPEED    20   HIGHEST WIND DIRECTION     N (360)
  HIGHEST GUST SPEED    26   HIGHEST GUST DIRECTION     N (360)
  AVERAGE WIND SPEED     6.7


SKY COVER
  POSSIBLE SUNSHINE  MM
  AVERAGE SKY COVER 0.4


WEATHER CONDITIONS
 THE FOLLOWING WEATHER WAS RECORDED YESTERDAY.
  NO SIGNIFICANT WEATHER WAS OBSERVED.


RELATIVE HUMIDITY (PERCENT)
 HIGHEST    81          1100 PM
 LOWEST     37           300 PM
 AVERAGE    59

..........................................................


THE PADUCAH KY CLIMATE NORMALS FOR TODAY
                         NORMAL    RECORD    YEAR
 MAXIMUM TEMPERATURE (F)   45        67      2002
                                             1989
 MINIMUM TEMPERATURE (F)   26        -5      1965


SUNRISE AND SUNSET
JANUARY 31 2015.......SUNRISE   659 AM CST   SUNSET   519 PM CST
FEBRUARY  1 2015......SUNRISE   658 AM CST   SUNSET   520 PM CST


-  INDICATES NEGATIVE NUMBERS.
R  INDICATES RECORD WAS SET OR TIED.
MM INDICATES DATA IS MISSING.
T  INDICATES TRACE AMOUNT.

&&
.........................................................
***** AGRICULTURAL DATA *****

SOIL TEMPERATURES AT A DEPTH OF FOUR INCHES

UNDER BARE GROUND...  MAX: MM  MIN: MM
UNDER GRASS.........  MAX: 40  MIN: 39

$$
