000
CDUS43 KPAH 020632
CLIPAH


CLIMATE REPORT
NATIONAL WEATHER SERVICE PADUCAH KY
128 AM CDT MON MAY 2 2016


...................................

...THE PADUCAH KY CLIMATE SUMMARY FOR MAY 1 2016...

CLIMATE NORMAL PERIOD 1981 TO 2010
CLIMATE RECORD PERIOD 1937 TO 2016


WEATHER ITEM   OBSERVED TIME   RECORD YEAR NORMAL DEPARTURE LAST
                VALUE   (LST)  VALUE       VALUE  FROM      YEAR
                                                  NORMAL
..................................................................
TEMPERATURE (F)
 YESTERDAY
  MAXIMUM         81    250 PM  90    1951  74      7       71
  MINIMUM         61    113 AM  34    1963  52      9       38
  AVERAGE         71                        63      8       55

PRECIPITATION (IN)
  YESTERDAY        0.00          3.06 2010   0.17  -0.17     0.00
  MONTH TO DATE    0.00                      0.17  -0.17     0.00
  SINCE MAR 1     12.47                      8.86   3.61    14.62
  SINCE JAN 1     17.93                     16.45   1.48    21.91

SNOWFALL (IN)
  YESTERDAY        0.0                       0.0    0.0      0.0
  MONTH TO DATE    0.0                       0.0    0.0      0.0
  SINCE MAR 1      T                         0.6   -0.6     12.1
  SINCE JUL 1     12.1                       9.1    3.0     28.6
  SNOW DEPTH       0

DEGREE DAYS
 HEATING
  YESTERDAY        0                         4     -4       10
  MONTH TO DATE    0                         4     -4       10
  SINCE MAR 1    539                       772   -233      766
  SINCE JUL 1   3201                      4068   -867     4435

 COOLING
  YESTERDAY        6                         2      4        0
  MONTH TO DATE    6                         2      4        0
  SINCE MAR 1     42                        44     -2       42
  SINCE JAN 1     42                        44     -2       42
..................................................................


WIND (MPH)
  HIGHEST WIND SPEED    15   HIGHEST WIND DIRECTION     N (340)
  HIGHEST GUST SPEED    23   HIGHEST GUST DIRECTION     W (280)
  AVERAGE WIND SPEED     6.7


SKY COVER
  POSSIBLE SUNSHINE  MM
  AVERAGE SKY COVER 0.6


WEATHER CONDITIONS
 THE FOLLOWING WEATHER WAS RECORDED YESTERDAY.
  FOG


RELATIVE HUMIDITY (PERCENT)
 HIGHEST    93          1200 AM
 LOWEST     58           200 PM
 AVERAGE    76

..........................................................


THE PADUCAH KY CLIMATE NORMALS FOR TODAY
                         NORMAL    RECORD    YEAR
 MAXIMUM TEMPERATURE (F)   74        90      2012
                                             1952
 MINIMUM TEMPERATURE (F)   52        35      1961
                                             1960


SUNRISE AND SUNSET
MAY  2 2016...........SUNRISE   559 AM CDT   SUNSET   746 PM CDT
MAY  3 2016...........SUNRISE   558 AM CDT   SUNSET   746 PM CDT


-  INDICATES NEGATIVE NUMBERS.
R  INDICATES RECORD WAS SET OR TIED.
MM INDICATES DATA IS MISSING.
T  INDICATES TRACE AMOUNT.

&&
..........................................................
***** AGRICULTURAL DATA *****

SOIL TEMPERATURES AT A DEPTH OF FOUR INCHES

UNDER GRASS...  MAX: 66  MIN: 64

$$
