000
CDUS43 KPAH 012134
CLIPAH


CLIMATE REPORT
NATIONAL WEATHER SERVICE PADUCAH KY
434 PM CDT SAT OCT 1 2016


...................................

...THE PADUCAH KY CLIMATE SUMMARY FOR OCTOBER 1 2016...
VALID TODAY AS OF 0400 PM LOCAL TIME.

CLIMATE NORMAL PERIOD 1981 TO 2010
CLIMATE RECORD PERIOD 1937 TO 2016


WEATHER ITEM   OBSERVED TIME   RECORD YEAR NORMAL DEPARTURE LAST
                VALUE   (LST)  VALUE       VALUE  FROM      YEAR
                                                  NORMAL
..................................................................
TEMPERATURE (F)
 TODAY
  MAXIMUM         70    259 PM  93    1953  76     -6       72
  MINIMUM         59    532 AM  35    1984  51      8       55
  AVERAGE         65                        64      1       64

PRECIPITATION (IN)
  TODAY            0.00          1.79 1988   0.13  -0.13     0.00
  MONTH TO DATE    0.00                      0.13  -0.13     0.00
  SINCE SEP 1      0.83                      3.88  -3.05     0.98
  SINCE JAN 1     43.50                     36.36   7.14    41.41

SNOWFALL (IN)
  TODAY            0.0                                       0.0
  MONTH TO DATE    0.0                                       0.0
  SINCE JUL 1      0.0                                       0.0
  SNOW DEPTH       0

..................................................................


WIND (MPH)
  HIGHEST WIND SPEED    13   HIGHEST WIND DIRECTION    SW (240)
  HIGHEST GUST SPEED    15   HIGHEST GUST DIRECTION    SW (240)




RELATIVE HUMIDITY (PERCENT)
 HIGHEST    97
 LOWEST     66

..........................................................


THE PADUCAH KY CLIMATE NORMALS FOR TOMORROW
                         NORMAL    RECORD    YEAR
 MAXIMUM TEMPERATURE (F)   76        93      1953
 MINIMUM TEMPERATURE (F)   51        34      1985
                                             1958


SUNRISE AND SUNSET
OCTOBER  1 2016.......SUNRISE   651 AM CDT   SUNSET   638 PM CDT
OCTOBER  2 2016.......SUNRISE   652 AM CDT   SUNSET   636 PM CDT


-  INDICATES NEGATIVE NUMBERS.
R  INDICATES RECORD WAS SET OR TIED.
MM INDICATES DATA IS MISSING.
T  INDICATES TRACE AMOUNT.




$$
