000
CDUS44 KLZK 300906
CLIPBF


CLIMATE REPORT
NATIONAL WEATHER SERVICE LITTLE ROCK AR
405 AM CDT TUE JUN 30 2015


...................................

...THE PINE BLUFF CLIMATE SUMMARY FOR JUNE 29 2015...

CLIMATE NORMAL PERIOD 1981 TO 2010
CLIMATE RECORD PERIOD 1883 TO 2015


WEATHER ITEM   OBSERVED TIME   RECORD YEAR NORMAL DEPARTURE LAST
                VALUE   (LST)  VALUE       VALUE  FROM      YEAR
                                                  NORMAL
..................................................................
TEMPERATURE (F)
 YESTERDAY
  MAXIMUM         91    253 PM 106    1894  91      0       90
  MINIMUM         69    539 AM  54    1923  71     -2       72
  AVERAGE         80                        81     -1       81

PRECIPITATION (IN)
  YESTERDAY        T             1.76 1939   0.11  -0.11     0.01
  MONTH TO DATE    2.09                      3.48  -1.39     3.35
  SINCE JUN 1      2.09                      3.48  -1.39     3.35
  SINCE JAN 1     29.74                     26.68   3.06    25.62

SNOWFALL (IN)
  YESTERDAY        0.0          MM      MM   0.0    0.0      0.0
  MONTH TO DATE    0.0                       0.0    0.0      0.0
  SINCE JUN 1      0.0                       0.0    0.0      0.0
  SINCE JUL 1      9.2                       3.1    6.1      3.7
  SNOW DEPTH       0

DEGREE DAYS
 HEATING
  YESTERDAY        0                         0      0        0
  MONTH TO DATE    0                         0      0        0
  SINCE JUN 1      0                         0      0        0
  SINCE JUL 1   3249                      2881    368     3453

 COOLING
  YESTERDAY       15                        16     -1       16
  MONTH TO DATE  438                       405     33      399
  SINCE JUN 1    438                       405     33      399
  SINCE JAN 1    767                       712     55      662
..................................................................


WIND (MPH)
  HIGHEST WIND SPEED    16   HIGHEST WIND DIRECTION     W (250)
  HIGHEST GUST SPEED    23   HIGHEST GUST DIRECTION     W (260)
  AVERAGE WIND SPEED     7.1


SKY COVER
  POSSIBLE SUNSHINE  MM
  AVERAGE SKY COVER 0.1


WEATHER CONDITIONS
 THE FOLLOWING WEATHER WAS RECORDED YESTERDAY.
  NO SIGNIFICANT WEATHER WAS OBSERVED.


RELATIVE HUMIDITY (PERCENT)
 HIGHEST    84          1200 AM
 LOWEST     52           100 PM
 AVERAGE    68

..........................................................


THE PINE BLUFF CLIMATE NORMALS FOR TODAY
                         NORMAL    RECORD    YEAR
 MAXIMUM TEMPERATURE (F)   91       104      1894
 MINIMUM TEMPERATURE (F)   71        54      1923


SUNRISE AND SUNSET
JUNE 30 2015..........SUNRISE   559 AM CDT   SUNSET   823 PM CDT
JULY  1 2015..........SUNRISE   600 AM CDT   SUNSET   823 PM CDT


-  INDICATES NEGATIVE NUMBERS.
R  INDICATES RECORD WAS SET OR TIED.
MM INDICATES DATA IS MISSING.
T  INDICATES TRACE AMOUNT.




$$
