000
CDUS44 KLZK 110642
CLIPBF


CLIMATE REPORT
NATIONAL WEATHER SERVICE LITTLE ROCK AR
1242 AM CST SUN DEC 11 2016


...................................

...THE PINE BLUFF CLIMATE SUMMARY FOR DECEMBER 10 2016...

CLIMATE NORMAL PERIOD 1981 TO 2010
CLIMATE RECORD PERIOD 1883 TO 2016


WEATHER ITEM   OBSERVED TIME   RECORD YEAR NORMAL DEPARTURE LAST
                VALUE   (LST)  VALUE       VALUE  FROM      YEAR
                                                  NORMAL
..................................................................
TEMPERATURE (F)
 YESTERDAY
  MAXIMUM         46    326 PM  78    1918  54     -8       71
  MINIMUM         24    412 AM  11    1917  36    -12       41
  AVERAGE         35                        45    -10       56

PRECIPITATION (IN)
  YESTERDAY        0.00          2.08 1963   0.20  -0.20     0.00
  MONTH TO DATE    1.30                      1.92  -0.62     0.01
  SINCE DEC 1      1.30                      1.92  -0.62     0.01
  SINCE JAN 1     51.10                     47.63   3.47    45.98

SNOWFALL (IN)
  YESTERDAY       MM             1.5  1932   0.0   MM        0.0
  MONTH TO DATE    0.0                       0.0    0.0      0.0
  SINCE DEC 1      0.0                       0.0    0.0      0.0
  SINCE JUL 1      0.0                       0.0    0.0      0.0
  SNOW DEPTH       0

DEGREE DAYS
 HEATING
  YESTERDAY       30                        20     10        9
  MONTH TO DATE  229                       189     40      159
  SINCE DEC 1    229                       189     40      159
  SINCE JUL 1    526                       693   -167      498

 COOLING
  YESTERDAY        0                         0      0        0
  MONTH TO DATE    0                         0      0        0
  SINCE DEC 1      0                         0      0        0
  SINCE JAN 1   2328                      2131    197     2287
..................................................................


WIND (MPH)
  HIGHEST WIND SPEED    12   HIGHEST WIND DIRECTION    SE (140)
  HIGHEST GUST SPEED    18   HIGHEST GUST DIRECTION    SE (120)
  AVERAGE WIND SPEED     5.7


SKY COVER
  POSSIBLE SUNSHINE  MM
  AVERAGE SKY COVER 0.6


WEATHER CONDITIONS
 THE FOLLOWING WEATHER WAS RECORDED YESTERDAY.
  LIGHT SNOW


RELATIVE HUMIDITY (PERCENT)
 HIGHEST    92           100 AM
 LOWEST     49           200 PM
 AVERAGE    71

..........................................................


THE PINE BLUFF CLIMATE NORMALS FOR TODAY
                         NORMAL    RECORD    YEAR
 MAXIMUM TEMPERATURE (F)   54        78      2015
 MINIMUM TEMPERATURE (F)   36        11      1917


SUNRISE AND SUNSET
DECEMBER 11 2016......SUNRISE   704 AM CST   SUNSET   459 PM CST
DECEMBER 12 2016......SUNRISE   705 AM CST   SUNSET   459 PM CST


-  INDICATES NEGATIVE NUMBERS.
R  INDICATES RECORD WAS SET OR TIED.
MM INDICATES DATA IS MISSING.
T  INDICATES TRACE AMOUNT.




$$
