000
CDUS44 KLZK 220638
CLIPBF


CLIMATE REPORT
NATIONAL WEATHER SERVICE LITTLE ROCK AR
1237 AM CST SUN JAN 22 2017


...................................

...THE PINE BLUFF CLIMATE SUMMARY FOR JANUARY 21 2017...

CLIMATE NORMAL PERIOD 1981 TO 2010
CLIMATE RECORD PERIOD 1883 TO 2017


WEATHER ITEM   OBSERVED TIME   RECORD YEAR NORMAL DEPARTURE LAST
                VALUE   (LST)  VALUE       VALUE  FROM      YEAR
                                                  NORMAL
..................................................................
TEMPERATURE (F)
 YESTERDAY
  MAXIMUM         71    226 PM  78    1911  52     19       35
  MINIMUM         51    756 AM   5    1985  33     18       32
  AVERAGE         61                        42     19       34

PRECIPITATION (IN)
  YESTERDAY        0.54          2.04 1937   0.12   0.42     0.63
  MONTH TO DATE    2.59                      2.52   0.07     1.86
  SINCE DEC 1      7.17                      7.96  -0.79     7.20
  SINCE JAN 1      2.59                      2.52   0.07     1.86

SNOWFALL (IN)
  YESTERDAY        0.0           2.0  1954   0.1   -0.1      0.1
  MONTH TO DATE    1.5                       1.1    0.4      0.1
  SINCE DEC 1      1.5                       1.3    0.2      0.1
  SINCE JUL 1      1.5                       1.3    0.2      0.1
  SNOW DEPTH       0

DEGREE DAYS
 HEATING
  YESTERDAY        4                        23    -19       31
  MONTH TO DATE  358                       483   -125      511
  SINCE DEC 1    969                      1132   -163      914
  SINCE JUL 1   1266                      1636   -370     1253

 COOLING
  YESTERDAY        0                         0      0        0
  MONTH TO DATE    5                         0      5        0
  SINCE DEC 1     10                         1      9       10
  SINCE JAN 1      5                         0      5        0
..................................................................


WIND (MPH)
  HIGHEST WIND SPEED    15   HIGHEST WIND DIRECTION    NE (30)
  HIGHEST GUST SPEED    20   HIGHEST GUST DIRECTION    NE (30)
  AVERAGE WIND SPEED     6.8


SKY COVER
  POSSIBLE SUNSHINE  MM
  AVERAGE SKY COVER 0.3


WEATHER CONDITIONS
 THE FOLLOWING WEATHER WAS RECORDED YESTERDAY.
  THUNDERSTORM
  HEAVY RAIN
  LIGHT RAIN
  FOG


RELATIVE HUMIDITY (PERCENT)
 HIGHEST    96           700 AM
 LOWEST     68          1200 PM
 AVERAGE    82

..........................................................


THE PINE BLUFF CLIMATE NORMALS FOR TODAY
                         NORMAL    RECORD    YEAR
 MAXIMUM TEMPERATURE (F)   52        79      1921
 MINIMUM TEMPERATURE (F)   33         3      1918


SUNRISE AND SUNSET
JANUARY 22 2017.......SUNRISE   711 AM CST   SUNSET   528 PM CST
JANUARY 23 2017.......SUNRISE   710 AM CST   SUNSET   529 PM CST


-  INDICATES NEGATIVE NUMBERS.
R  INDICATES RECORD WAS SET OR TIED.
MM INDICATES DATA IS MISSING.
T  INDICATES TRACE AMOUNT.




$$
