000
CDUS44 KLZK 011007
CLIPBF


CLIMATE REPORT
NATIONAL WEATHER SERVICE LITTLE ROCK AR
407 AM CST SUN FEB 1 2015


...................................

...THE PINE BLUFF CLIMATE SUMMARY FOR JANUARY 31 2015...

CLIMATE NORMAL PERIOD 1981 TO 2010
CLIMATE RECORD PERIOD 1883 TO 2015


WEATHER ITEM   OBSERVED TIME   RECORD YEAR NORMAL DEPARTURE LAST
                VALUE   (LST)  VALUE       VALUE  FROM      YEAR
                                                  NORMAL
..................................................................
TEMPERATURE (F)
 YESTERDAY
  MAXIMUM         49    311 PM  80    2002  53     -4       58
                                      1911
  MINIMUM         35   1237 AM   8    1949  34      1       39
  AVERAGE         42                        43     -1       49

PRECIPITATION (IN)
  YESTERDAY        0.00          3.11 1957   0.14  -0.14      T
  MONTH TO DATE    3.61                      3.76  -0.15     1.69
  SINCE DEC 1      4.81                      9.20  -4.39     9.42
  SINCE JAN 1      3.61                      3.76  -0.15     1.69

SNOWFALL (IN)
  YESTERDAY        0.0           3.0  1951   0.1   -0.1      0.0
  MONTH TO DATE    T                         2.3   -2.3      0.3
  SINCE DEC 1      T                         2.5   -2.5      0.5
  SINCE JUL 1      0.1                       2.5   -2.4      0.5
  SNOW DEPTH       0

DEGREE DAYS
 HEATING
  YESTERDAY       23                        22      1       16
  MONTH TO DATE  761                       705     56      825
  SINCE DEC 1   1360                      1354      6     1501
  SINCE JUL 1   1964                      1858    106     2101

 COOLING
  YESTERDAY        0                         0      0        0
  MONTH TO DATE    0                         1     -1        0
  SINCE DEC 1      0                         2     -2        3
  SINCE JAN 1      0                         1     -1        0
..................................................................


WIND (MPH)
  HIGHEST WIND SPEED    12   HIGHEST WIND DIRECTION    SE (120)
  HIGHEST GUST SPEED    14   HIGHEST GUST DIRECTION     E (100)
  AVERAGE WIND SPEED     6.1


SKY COVER
  POSSIBLE SUNSHINE  MM
  AVERAGE SKY COVER 0.4


WEATHER CONDITIONS
 THE FOLLOWING WEATHER WAS RECORDED YESTERDAY.
  NO SIGNIFICANT WEATHER WAS OBSERVED.


RELATIVE HUMIDITY (PERCENT)
 HIGHEST    76           300 AM
 LOWEST     46           300 PM
 AVERAGE    61

..........................................................


THE PINE BLUFF CLIMATE NORMALS FOR TODAY
                         NORMAL    RECORD    YEAR
 MAXIMUM TEMPERATURE (F)   53        81      1989
 MINIMUM TEMPERATURE (F)   34         8      1949


SUNRISE AND SUNSET
FEBRUARY  1 2015......SUNRISE   705 AM CST   SUNSET   538 PM CST
FEBRUARY  2 2015......SUNRISE   704 AM CST   SUNSET   539 PM CST


-  INDICATES NEGATIVE NUMBERS.
R  INDICATES RECORD WAS SET OR TIED.
MM INDICATES DATA IS MISSING.
T  INDICATES TRACE AMOUNT.




$$
