000
CDUS44 KLZK 310645
CLIPBF


CLIMATE REPORT
NATIONAL WEATHER SERVICE LITTLE ROCK AR
144 AM CDT TUE MAY 31 2016


...................................

...THE PINE BLUFF CLIMATE SUMMARY FOR MAY 30 2016...

CLIMATE NORMAL PERIOD 1981 TO 2010
CLIMATE RECORD PERIOD 1883 TO 2016


WEATHER ITEM   OBSERVED TIME   RECORD YEAR NORMAL DEPARTURE LAST
                VALUE   (LST)  VALUE       VALUE  FROM      YEAR
                                                  NORMAL
..................................................................
TEMPERATURE (F)
 YESTERDAY
  MAXIMUM         86        MM  98    1921  86      0       83
  MINIMUM         64        MM  42    1984  65     -1       68
  AVERAGE         75                        75      0       76

PRECIPITATION (IN)
  YESTERDAY        1.02          1.94 2014   0.16   0.86     0.40
  MONTH TO DATE    4.44                      4.89  -0.45     4.28
  SINCE MAR 1     24.95                     15.22   9.73    19.99
  SINCE JAN 1     31.00                     23.04   7.96    26.92

SNOWFALL (IN)
  YESTERDAY        0.0          MM      MM   0.0    0.0      0.0
  MONTH TO DATE    0.0                       0.0    0.0      0.0
  SINCE MAR 1      0.0                       0.0    0.0      2.0
  SINCE JUL 1      3.6                       3.1    0.5      9.2
  SNOW DEPTH       0

DEGREE DAYS
 HEATING
  YESTERDAY        0                         0      0        0
  MONTH TO DATE   28                        15     13       13
  SINCE MAR 1    327                       491   -164      515
  SINCE JUL 1   2234                      2879   -645     3249

 COOLING
  YESTERDAY       10                        10      0       11
  MONTH TO DATE  150                       210    -60      238
  SINCE MAR 1    233                       294    -61      323
  SINCE JAN 1    237                       297    -60      323
..................................................................


WIND (MPH)
  HIGHEST WIND SPEED     7   HIGHEST WIND DIRECTION     S (160)
  HIGHEST GUST SPEED    MM   HIGHEST GUST DIRECTION    MM
  AVERAGE WIND SPEED     3.4


SKY COVER
  POSSIBLE SUNSHINE  MM
  AVERAGE SKY COVER 0.2


WEATHER CONDITIONS
 THE FOLLOWING WEATHER WAS RECORDED YESTERDAY.
  THUNDERSTORM
  HEAVY RAIN


RELATIVE HUMIDITY (PERCENT)
 HIGHEST    93          1200 AM
 LOWEST     59           100 PM
 AVERAGE    76

..........................................................


THE PINE BLUFF CLIMATE NORMALS FOR TODAY
                         NORMAL    RECORD    YEAR
 MAXIMUM TEMPERATURE (F)   86        99      1886
 MINIMUM TEMPERATURE (F)   66        40      1984
                                             2002


SUNRISE AND SUNSET
MAY 31 2016...........SUNRISE   557 AM CDT   SUNSET   814 PM CDT
JUNE  1 2016..........SUNRISE   557 AM CDT   SUNSET   815 PM CDT


-  INDICATES NEGATIVE NUMBERS.
R  INDICATES RECORD WAS SET OR TIED.
MM INDICATES DATA IS MISSING.
T  INDICATES TRACE AMOUNT.




$$
