000
CDUS44 KLZK 011014
CLIPBF


CLIMATE REPORT
NATIONAL WEATHER SERVICE LITTLE ROCK AR
414 AM CST SUN MAR 1 2015


...................................

...THE PINE BLUFF CLIMATE SUMMARY FOR FEBRUARY 28 2015...

CLIMATE NORMAL PERIOD 1981 TO 2010
CLIMATE RECORD PERIOD 1883 TO 2015


WEATHER ITEM   OBSERVED TIME   RECORD YEAR NORMAL DEPARTURE LAST
                VALUE   (LST)  VALUE       VALUE  FROM      YEAR
                                                  NORMAL
..................................................................
TEMPERATURE (F)
 YESTERDAY
  MAXIMUM         37    558 PM  91    1918  60    -23       49
  MINIMUM         26    135 AM  21    2002  40    -14       31
  AVERAGE         32                        50    -18       40

PRECIPITATION (IN)
  YESTERDAY        T             2.33 1900   0.17  -0.17     0.02
  MONTH TO DATE    3.32                      4.06  -0.74     3.74
  SINCE DEC 1      8.13                     13.26  -5.13    13.16
  SINCE JAN 1      6.93                      7.82  -0.89     5.43

SNOWFALL (IN)
  YESTERDAY        0.0           3.0  1916   0.0    0.0      0.0
  MONTH TO DATE    7.1                       0.6    6.5      3.2
  SINCE DEC 1      7.1                       3.1    4.0      3.7
  SINCE JUL 1      7.2                       3.1    4.1      3.7
  SNOW DEPTH       0

DEGREE DAYS
 HEATING
  YESTERDAY       33                        16     17       25
  MONTH TO DATE  770                       528    242      668
  SINCE DEC 1   2130                      1884    246     2169
  SINCE JUL 1   2734                      2388    346     2769

 COOLING
  YESTERDAY        0                         0      0        0
  MONTH TO DATE    0                         2     -2        0
  SINCE DEC 1      0                         4     -4        3
  SINCE JAN 1      0                         3     -3        0
..................................................................


WIND (MPH)
  HIGHEST WIND SPEED    13   HIGHEST WIND DIRECTION    NE (30)
  HIGHEST GUST SPEED    17   HIGHEST GUST DIRECTION    NE (50)
  AVERAGE WIND SPEED     9.2


SKY COVER
  POSSIBLE SUNSHINE  MM
  AVERAGE SKY COVER 0.9


WEATHER CONDITIONS
 THE FOLLOWING WEATHER WAS RECORDED YESTERDAY.
  LIGHT RAIN


RELATIVE HUMIDITY (PERCENT)
 HIGHEST    75           100 AM
 LOWEST     61          1200 PM
 AVERAGE    68

..........................................................


THE PINE BLUFF CLIMATE NORMALS FOR TODAY
                         NORMAL    RECORD    YEAR
 MAXIMUM TEMPERATURE (F)   60        82      2006
 MINIMUM TEMPERATURE (F)   40        21      1980
                                             2002


SUNRISE AND SUNSET
MARCH  1 2015.........SUNRISE   637 AM CST   SUNSET   604 PM CST
MARCH  2 2015.........SUNRISE   636 AM CST   SUNSET   605 PM CST


-  INDICATES NEGATIVE NUMBERS.
R  INDICATES RECORD WAS SET OR TIED.
MM INDICATES DATA IS MISSING.
T  INDICATES TRACE AMOUNT.




$$
