000
CDUS44 KLZK 160905
CLIPBF


CLIMATE REPORT
NATIONAL WEATHER SERVICE LITTLE ROCK AR
405 AM CDT TUE SEP 16 2014


...................................

...THE PINE BLUFF CLIMATE SUMMARY FOR SEPTEMBER 15 2014...

CLIMATE NORMAL PERIOD 1981 TO 2010
CLIMATE RECORD PERIOD 1883 TO 2014


WEATHER ITEM   OBSERVED TIME   RECORD YEAR NORMAL DEPARTURE LAST
                VALUE   (LST)  VALUE       VALUE  FROM      YEAR
                                                  NORMAL
..................................................................
TEMPERATURE (F)
 YESTERDAY
  MAXIMUM         81    146 PM 101    1927  86     -5       91
                                      1921
                                      1895
  MINIMUM         62    623 AM  40    1902  63     -1       50
                                      1999
  AVERAGE         72                        74     -2       71

PRECIPITATION (IN)
  YESTERDAY        T             2.99 2009   0.09  -0.09     0.00
  MONTH TO DATE    0.77                      1.19  -0.42     0.18
  SINCE SEP 1      0.77                      1.19  -0.42     0.18
  SINCE JAN 1     30.68                     34.38  -3.70    33.81

SNOWFALL (IN)
  YESTERDAY        0.0          MM      MM   0.0    0.0      0.0
  MONTH TO DATE    0.0                       0.0    0.0      0.0
  SINCE SEP 1      0.0                       0.0    0.0      0.0
  SINCE JUL 1      0.0                       0.0    0.0      0.0
  SNOW DEPTH       0

DEGREE DAYS
 HEATING
  YESTERDAY        0                         0      0        0
  MONTH TO DATE    3                         0      3        0
  SINCE SEP 1      3                         0      3        0
  SINCE JUL 1      4                         0      4        0

 COOLING
  YESTERDAY        7                        10     -3        6
  MONTH TO DATE  176                       179     -3      234
  SINCE SEP 1    176                       179     -3      234
  SINCE JAN 1   1677                      1937   -260     1898
..................................................................


WIND (MPH)
  HIGHEST WIND SPEED     7   HIGHEST WIND DIRECTION    NW (310)
  HIGHEST GUST SPEED     9   HIGHEST GUST DIRECTION     W (290)
  AVERAGE WIND SPEED     1.4


SKY COVER
  POSSIBLE SUNSHINE  MM
  AVERAGE SKY COVER 0.1


WEATHER CONDITIONS
 THE FOLLOWING WEATHER WAS RECORDED YESTERDAY.
  LIGHT RAIN


RELATIVE HUMIDITY (PERCENT)
 HIGHEST    97          1000 PM
 LOWEST     58          1200 PM
 AVERAGE    78

..........................................................


THE PINE BLUFF CLIMATE NORMALS FOR TODAY
                         NORMAL    RECORD    YEAR
 MAXIMUM TEMPERATURE (F)   86       104      1896
 MINIMUM TEMPERATURE (F)   63        41      1902


SUNRISE AND SUNSET
SEPTEMBER 16 2014.....SUNRISE   652 AM CDT   SUNSET   713 PM CDT
SEPTEMBER 17 2014.....SUNRISE   652 AM CDT   SUNSET   711 PM CDT


-  INDICATES NEGATIVE NUMBERS.
R  INDICATES RECORD WAS SET OR TIED.
MM INDICATES DATA IS MISSING.
T  INDICATES TRACE AMOUNT.




$$
