000
CDUS42 KMFL 242021
CLIPBI


CLIMATE REPORT
NATIONAL WEATHER SERVICE MIAMI, FL
419 PM EDT WED AUG 24 2016


...................................

...THE WEST PALM BEACH CLIMATE SUMMARY FOR AUGUST 24 2016...
VALID TODAY AS OF 0400 PM LOCAL TIME.

CLIMATE NORMAL PERIOD 1981 TO 2010
CLIMATE RECORD PERIOD 1888 TO 2016


WEATHER ITEM   OBSERVED TIME   RECORD YEAR NORMAL DEPARTURE LAST
                VALUE   (LST)  VALUE       VALUE  FROM      YEAR
                                                  NORMAL
..................................................................
TEMPERATURE (F)
 TODAY
  MAXIMUM         93    153 PM  98    1924  90      3       92
  MINIMUM         83   1001 AM  65    1957  76      7       78
  AVERAGE         88                        83      5       85

PRECIPITATION (IN)
  TODAY            0.02          3.00 1980   0.29  -0.27      T
  MONTH TO DATE    2.90                      6.03  -3.13     3.45
  SINCE JUN 1      9.01                     20.09 -11.08    13.51
  SINCE JAN 1     30.40                     38.80  -8.40    27.26

SNOWFALL (IN)
  TODAY            0.0
  MONTH TO DATE    0.0
  SINCE JUN 1      0.0
  SINCE JUL 1      0.0
  SNOW DEPTH       0

DEGREE DAYS
 HEATING
  TODAY            0                         0      0        0
  MONTH TO DATE    0                         0      0        0
  SINCE JUN 1      0                         0      0        0
  SINCE JUL 1      0                         0      0        0

 COOLING
  TODAY           23                        18      5       20
  MONTH TO DATE  498                       432     66      445
  SINCE JUN 1   1712                      1471    241     1560
  SINCE JAN 1   2993                      2580    413     3094
..................................................................


WIND (MPH)
  HIGHEST WIND SPEED    20   HIGHEST WIND DIRECTION     N (10)
  HIGHEST GUST SPEED    23   HIGHEST GUST DIRECTION     N (10)
  AVERAGE WIND SPEED     9.6


SKY COVER
  AVERAGE SKY COVER 0.5


WEATHER CONDITIONS
 THE FOLLOWING WEATHER WAS RECORDED TODAY.
  THUNDERSTORM
  RAIN
  LIGHT RAIN


RELATIVE HUMIDITY (PERCENT)
 HIGHEST    80
 LOWEST     56
 AVERAGE    68

..........................................................


THE WEST PALM BEACH CLIMATE NORMALS FOR TOMORROW
                         NORMAL    RECORD    YEAR
 MAXIMUM TEMPERATURE (F)   90        99      1924
 MINIMUM TEMPERATURE (F)   76        67      1919


SUNRISE AND SUNSET
AUGUST 24 2016........SUNRISE   657 AM EDT   SUNSET   748 PM EDT
AUGUST 25 2016........SUNRISE   657 AM EDT   SUNSET   747 PM EDT


-  INDICATES NEGATIVE NUMBERS.
R  INDICATES RECORD WAS SET OR TIED.
MM INDICATES DATA IS MISSING.
T  INDICATES TRACE AMOUNT.




$$
