000
CDUS42 KMFL 160922
CLIPBI


CLIMATE REPORT
NATIONAL WEATHER SERVICE MIAMI, FL
422 AM EST MON JAN 16 2017


...................................

...THE WEST PALM BEACH CLIMATE SUMMARY FOR JANUARY 15 2017...

CLIMATE NORMAL PERIOD 1981 TO 2010
CLIMATE RECORD PERIOD 1888 TO 2017


WEATHER ITEM   OBSERVED TIME   RECORD YEAR NORMAL DEPARTURE LAST
                VALUE   (LST)  VALUE       VALUE  FROM      YEAR
                                                  NORMAL
..................................................................
TEMPERATURE (F)
 YESTERDAY
  MAXIMUM         78    231 PM  84    1967  74      4       79
                                      1957
  MINIMUM         71   1121 PM  32    1948  57     14       65
  AVERAGE         75                        65     10       72

PRECIPITATION (IN)
  YESTERDAY        0.00          6.78 1991   0.10  -0.10     0.80
  MONTH TO DATE    0.24                      1.62  -1.38     2.51
  SINCE NOV 1      4.71                      9.75  -5.04    12.91
  SINCE JAN 1      0.24                      1.62  -1.38     2.51

SNOWFALL (IN)
  YESTERDAY        0.0
  MONTH TO DATE    0.0
  SINCE DEC 1      0.0
  SINCE JUL 1      0.0
  SNOW DEPTH       0

DEGREE DAYS
 HEATING
  YESTERDAY        0                         3     -3        0
  MONTH TO DATE   15                        45    -30        7
  SINCE DEC 1     21                       104    -83        7
  SINCE JUL 1     22                       116    -94        7

 COOLING
  YESTERDAY       10                         3      7        7
  MONTH TO DATE  103                        52     51       61
  SINCE DEC 1    396                       207    189      417
  SINCE JAN 1    103                        52     51       61
..................................................................


WIND (MPH)
  HIGHEST WIND SPEED    17   HIGHEST WIND DIRECTION     E (90)
  HIGHEST GUST SPEED    23   HIGHEST GUST DIRECTION     E (80)
  AVERAGE WIND SPEED    11.4


SKY COVER
  AVERAGE SKY COVER 0.6


WEATHER CONDITIONS
 THE FOLLOWING WEATHER WAS RECORDED YESTERDAY.
  NO SIGNIFICANT WEATHER WAS OBSERVED.


RELATIVE HUMIDITY (PERCENT)
 HIGHEST    68
 LOWEST     43
 AVERAGE    56

..........................................................


THE WEST PALM BEACH CLIMATE NORMALS FOR TODAY
                         NORMAL    RECORD    YEAR
 MAXIMUM TEMPERATURE (F)   74        84      1954
                                             1946
 MINIMUM TEMPERATURE (F)   57        34      1921


SUNRISE AND SUNSET
JANUARY 16 2017.......SUNRISE   710 AM EST   SUNSET   551 PM EST
JANUARY 17 2017.......SUNRISE   710 AM EST   SUNSET   551 PM EST


-  INDICATES NEGATIVE NUMBERS.
R  INDICATES RECORD WAS SET OR TIED.
MM INDICATES DATA IS MISSING.
T  INDICATES TRACE AMOUNT.




$$
