000
CDUS42 KMFL 212117
CLIPBI


CLIMATE REPORT
NATIONAL WEATHER SERVICE MIAMI, FL
416 PM EST TUE NOV 21 2017


...................................

...THE WEST PALM BEACH CLIMATE SUMMARY FOR NOVEMBER 21 2017...
VALID TODAY AS OF 0400 PM LOCAL TIME.

CLIMATE NORMAL PERIOD 1981 TO 2010
CLIMATE RECORD PERIOD 1888 TO 2017


WEATHER ITEM   OBSERVED TIME   RECORD YEAR NORMAL DEPARTURE LAST
                VALUE   (LST)  VALUE       VALUE  FROM      YEAR
                                                  NORMAL
..................................................................
TEMPERATURE (F)
 TODAY
  MAXIMUM         83    147 PM  90    1900  79      4       76
  MINIMUM         71    837 AM  38    1914  65      6       51
  AVERAGE         77                        72      5       64

PRECIPITATION (IN)
  TODAY            0.00          2.74 1993   0.13  -0.13     0.00
  MONTH TO DATE    1.96                      3.56  -1.60     0.97
  SINCE NOV 1      1.96                      3.56  -1.60     0.97
  SINCE JAN 1     57.65                     57.76  -0.11    47.58

SNOWFALL (IN)
  TODAY            0.0
  MONTH TO DATE    0.0
  SINCE SEP 1      0.0
  SINCE JUL 1      0.0
  SNOW DEPTH       0

DEGREE DAYS
 HEATING
  TODAY            0                         0      0        1
  MONTH TO DATE    0                         0      0        1
  SINCE SEP 1      4                         1      3        1
  SINCE JUL 1      4                         1      3        1

 COOLING
  TODAY           12                         7      5        0
  MONTH TO DATE  228                       183     45      174
  SINCE SEP 1   1225                      1098    127     1204
  SINCE JAN 1   4286                      3804    482     4325
..................................................................


WIND (MPH)
  HIGHEST WIND SPEED    18   HIGHEST WIND DIRECTION     E (110)
  HIGHEST GUST SPEED    25   HIGHEST GUST DIRECTION     E (110)
  AVERAGE WIND SPEED    11.4


SKY COVER
  AVERAGE SKY COVER 0.6


WEATHER CONDITIONS
 THE FOLLOWING WEATHER WAS RECORDED TODAY.
  HEAVY RAIN
  RAIN
  LIGHT RAIN
  FOG


RELATIVE HUMIDITY (PERCENT)
 HIGHEST    87
 LOWEST     58
 AVERAGE    73

..........................................................


THE WEST PALM BEACH CLIMATE NORMALS FOR TOMORROW
                         NORMAL    RECORD    YEAR
 MAXIMUM TEMPERATURE (F)   79        89      1920
 MINIMUM TEMPERATURE (F)   64        40      2006


SUNRISE AND SUNSET
NOVEMBER 21 2017......SUNRISE   644 AM EST   SUNSET   528 PM EST
NOVEMBER 22 2017......SUNRISE   645 AM EST   SUNSET   528 PM EST


-  INDICATES NEGATIVE NUMBERS.
R  INDICATES RECORD WAS SET OR TIED.
MM INDICATES DATA IS MISSING.
T  INDICATES TRACE AMOUNT.




$$
