000
CDUS42 KMFL 192020
CLIPBI


CLIMATE REPORT
NATIONAL WEATHER SERVICE MIAMI, FL
420 PM EDT FRI SEP 19 2014


...................................

...THE WEST PALM BEACH CLIMATE SUMMARY FOR SEPTEMBER 19 2014...
VALID TODAY AS OF 0400 PM LOCAL TIME.

CLIMATE NORMAL PERIOD 1981 TO 2010
CLIMATE RECORD PERIOD 1894 TO 2014


WEATHER ITEM   OBSERVED TIME   RECORD YEAR NORMAL DEPARTURE LAST
                VALUE   (LST)  VALUE       VALUE  FROM      YEAR
                                                  NORMAL
..................................................................
TEMPERATURE (F)
 TODAY
  MAXIMUM         87   1144 AM  94    1951  88     -1       88
  MINIMUM         74    128 PM  68    1910  75     -1       73
  AVERAGE         81                        82     -1       81

PRECIPITATION (IN)
  TODAY            0.45          5.90 1909   0.30   0.15      T
  MONTH TO DATE    6.16                      5.43   0.73     6.93
  SINCE JUN 1     31.58                     27.44   4.14    29.60
  SINCE JAN 1     49.30                     46.15   3.15    54.55

SNOWFALL (IN)
  TODAY            0.0
  MONTH TO DATE    0.0
  SINCE SEP 1      0.0
  SINCE JUL 1      0.0
  SNOW DEPTH       0

DEGREE DAYS
 HEATING
  TODAY            0                         0      0
  MONTH TO DATE    0                         0      0
  SINCE SEP 1      0                         0      0
  SINCE JUL 1      0                         0      0

 COOLING
  TODAY           16                        17     -1
  MONTH TO DATE  329                       323      6
  SINCE SEP 1    329                       323      6
  SINCE JAN 1   3337                      3029    308
..................................................................


WIND (MPH)
  HIGHEST WIND SPEED    12   HIGHEST WIND DIRECTION    SE (130)
  HIGHEST GUST SPEED    MM   HIGHEST GUST DIRECTION    MM
  AVERAGE WIND SPEED     2.7


SKY COVER
  AVERAGE SKY COVER 0.7


WEATHER CONDITIONS
 THE FOLLOWING WEATHER WAS RECORDED TODAY.
  THUNDERSTORM
  HEAVY RAIN
  RAIN
  LIGHT RAIN
  FOG


RELATIVE HUMIDITY (PERCENT)
 HIGHEST    94
 LOWEST     70
 AVERAGE    82

..........................................................


THE WEST PALM BEACH CLIMATE NORMALS FOR TOMORROW
                         NORMAL    RECORD    YEAR
 MAXIMUM TEMPERATURE (F)   88        94      1927
 MINIMUM TEMPERATURE (F)   75        65      1911


SUNRISE AND SUNSET
SEPTEMBER 19 2014.....SUNRISE   708 AM EDT   SUNSET   720 PM EDT
SEPTEMBER 20 2014.....SUNRISE   708 AM EDT   SUNSET   719 PM EDT


-  INDICATES NEGATIVE NUMBERS.
R  INDICATES RECORD WAS SET OR TIED.
MM INDICATES DATA IS MISSING.
T  INDICATES TRACE AMOUNT.




$$
