000
CDUS42 KMFL 262015
CLIPBI


CLIMATE REPORT
NATIONAL WEATHER SERVICE MIAMI, FL
415 PM EDT THU MAR 26 2015


...................................

...THE WEST PALM BEACH CLIMATE SUMMARY FOR MARCH 26 2015...
VALID TODAY AS OF 0400 PM LOCAL TIME.

CLIMATE NORMAL PERIOD 1981 TO 2010
CLIMATE RECORD PERIOD 1888 TO 2015


WEATHER ITEM   OBSERVED TIME   RECORD YEAR NORMAL DEPARTURE LAST
                VALUE   (LST)  VALUE       VALUE  FROM      YEAR
                                                  NORMAL
..................................................................
TEMPERATURE (F)
 TODAY
  MAXIMUM         85    228 PM  95    1928  80      5       67
  MINIMUM         72    651 AM  47    2006  63      9       53
  AVERAGE         79                        71      8       60

PRECIPITATION (IN)
  TODAY            0.05          1.80 1962   0.14  -0.09     0.00
  MONTH TO DATE    0.31                      3.85  -3.54     1.71
  SINCE NOV 1      7.11                     17.93 -10.82    20.31
  SINCE JAN 1      3.41                      9.80  -6.39    13.19

SNOWFALL (IN)
  TODAY            0.0
  MONTH TO DATE    0.0
  SINCE MAR 1      0.0
  SINCE JUL 1      0.0
  SNOW DEPTH       0

DEGREE DAYS
 HEATING
  TODAY            0                         0      0        5
  MONTH TO DATE    0                        22    -22        7
  SINCE MAR 1      0                        22    -22        7
  SINCE JUL 1    124                       227   -103      122

 COOLING
  TODAY           14                         7      7        0
  MONTH TO DATE  334                       158    176      169
  SINCE MAR 1    334                       158    176      169
  SINCE JAN 1    612                       393    219      515
..................................................................


WIND (MPH)
  HIGHEST WIND SPEED    24   HIGHEST WIND DIRECTION    SE (140)
  HIGHEST GUST SPEED    32   HIGHEST GUST DIRECTION    SE (150)
  AVERAGE WIND SPEED     7.7


SKY COVER
  AVERAGE SKY COVER 0.6


WEATHER CONDITIONS
 THE FOLLOWING WEATHER WAS RECORDED TODAY.
  FOG


RELATIVE HUMIDITY (PERCENT)
 HIGHEST    87
 LOWEST     65
 AVERAGE    76

..........................................................


THE WEST PALM BEACH CLIMATE NORMALS FOR TOMORROW
                         NORMAL    RECORD    YEAR
 MAXIMUM TEMPERATURE (F)   80        94      1928
 MINIMUM TEMPERATURE (F)   63        44      1971


SUNRISE AND SUNSET
MARCH 26 2015.........SUNRISE   718 AM EDT   SUNSET   735 PM EDT
MARCH 27 2015.........SUNRISE   717 AM EDT   SUNSET   735 PM EDT


-  INDICATES NEGATIVE NUMBERS.
R  INDICATES RECORD WAS SET OR TIED.
MM INDICATES DATA IS MISSING.
T  INDICATES TRACE AMOUNT.




$$
