000
CDUS42 KMFL 292016
CLIPBI


CLIMATE REPORT
NATIONAL WEATHER SERVICE MIAMI, FL
416 PM EDT FRI MAY 29 2015


...................................

...THE WEST PALM BEACH CLIMATE SUMMARY FOR MAY 29 2015...
VALID TODAY AS OF 0400 PM LOCAL TIME.

CLIMATE NORMAL PERIOD 1981 TO 2010
CLIMATE RECORD PERIOD 1888 TO 2015


WEATHER ITEM   OBSERVED TIME   RECORD YEAR NORMAL DEPARTURE LAST
                VALUE   (LST)  VALUE       VALUE  FROM      YEAR
                                                  NORMAL
..................................................................
TEMPERATURE (F)
 TODAY
  MAXIMUM         86    220 PM  96    2000  87     -1       87
                                      1971
  MINIMUM         73    635 AM  59    1901  73      0       77
  AVERAGE         80                        80      0       82

PRECIPITATION (IN)
  TODAY            0.04          3.58 1890   0.22  -0.18     0.03
  MONTH TO DATE    1.55                      4.06  -2.51     2.69
  SINCE NOV 1     17.44                     26.39  -8.95    24.73
  SINCE JAN 1     13.74                     18.26  -4.52    17.61

SNOWFALL (IN)
  TODAY            0.0
  MONTH TO DATE    0.0
  SINCE MAR 1      0.0
  SINCE JUL 1      0.0
  SNOW DEPTH       0

DEGREE DAYS
 HEATING
  TODAY            0                         0      0        0
  MONTH TO DATE    0                         0      0        0
  SINCE MAR 1      2                        28    -26        7
  SINCE JUL 1    126                       233   -107      122

 COOLING
  TODAY           15                        15      0       17
  MONTH TO DATE  436                       382     54      430
  SINCE MAR 1   1223                       842    381      973
  SINCE JAN 1   1501                      1077    424     1319
..................................................................


WIND (MPH)
  HIGHEST WIND SPEED    21   HIGHEST WIND DIRECTION     E (90)
  HIGHEST GUST SPEED    25   HIGHEST GUST DIRECTION     E (70)
  AVERAGE WIND SPEED    11.8


SKY COVER
  AVERAGE SKY COVER 0.6


WEATHER CONDITIONS
 THE FOLLOWING WEATHER WAS RECORDED TODAY.
  RAIN
  LIGHT RAIN


RELATIVE HUMIDITY (PERCENT)
 HIGHEST    82
 LOWEST     54
 AVERAGE    68

..........................................................


THE WEST PALM BEACH CLIMATE NORMALS FOR TOMORROW
                         NORMAL    RECORD    YEAR
 MAXIMUM TEMPERATURE (F)   87        96      1945
                                             1921
 MINIMUM TEMPERATURE (F)   73        59      1920


SUNRISE AND SUNSET
MAY 29 2015...........SUNRISE   628 AM EDT   SUNSET   808 PM EDT
MAY 30 2015...........SUNRISE   628 AM EDT   SUNSET   809 PM EDT


-  INDICATES NEGATIVE NUMBERS.
R  INDICATES RECORD WAS SET OR TIED.
MM INDICATES DATA IS MISSING.
T  INDICATES TRACE AMOUNT.




$$
