000
CDUS42 KMFL 250942
CLIPBI


CLIMATE REPORT
NATIONAL WEATHER SERVICE MIAMI, FL
441 AM EST SUN FEB 25 2018


...................................

...THE WEST PALM BEACH CLIMATE SUMMARY FOR FEBRUARY 24 2018...

CLIMATE NORMAL PERIOD 1981 TO 2010
CLIMATE RECORD PERIOD 1888 TO 2018


WEATHER ITEM   OBSERVED TIME   RECORD YEAR NORMAL DEPARTURE LAST
                VALUE   (LST)  VALUE       VALUE  FROM      YEAR
                                                  NORMAL
..................................................................
TEMPERATURE (F)
 YESTERDAY
  MAXIMUM         83    200 PM  88    2013  77      6       83
                                      2012
                                      1975
  MINIMUM         73    629 AM  32    1989  60     13       62
  AVERAGE         78                        69      9       73

PRECIPITATION (IN)
  YESTERDAY        T             2.05 1945   0.11  -0.11     0.00
  MONTH TO DATE    0.09                      2.35  -2.26     1.73
  SINCE NOV 1      7.95                     13.61  -5.66     7.20
  SINCE JAN 1      4.51                      5.48  -0.97     2.73

SNOWFALL (IN)
  YESTERDAY        0.0
  MONTH TO DATE    0.0
  SINCE DEC 1      0.0
  SINCE JUL 1      0.0
  SNOW DEPTH       0

DEGREE DAYS
 HEATING
  YESTERDAY        0                         1     -1        0
  MONTH TO DATE    0                        44    -44        2
  SINCE DEC 1    136                       189    -53       51
  SINCE JUL 1    140                       201    -61       52

 COOLING
  YESTERDAY       13                         5      8        8
  MONTH TO DATE  250                       108    142      131
  SINCE DEC 1    538                       371    167      595
  SINCE JAN 1    361                       216    145      302
..................................................................


WIND (MPH)
  HIGHEST WIND SPEED    21   HIGHEST WIND DIRECTION    SE (130)
  HIGHEST GUST SPEED    24   HIGHEST GUST DIRECTION    SE (140)
  AVERAGE WIND SPEED    14.3


SKY COVER
  AVERAGE SKY COVER 0.6


WEATHER CONDITIONS
 THE FOLLOWING WEATHER WAS RECORDED YESTERDAY.
  NO SIGNIFICANT WEATHER WAS OBSERVED.


RELATIVE HUMIDITY (PERCENT)
 HIGHEST    87
 LOWEST     58
 AVERAGE    73

..........................................................


THE WEST PALM BEACH CLIMATE NORMALS FOR TODAY
                         NORMAL    RECORD    YEAR
 MAXIMUM TEMPERATURE (F)   77        90      1928
 MINIMUM TEMPERATURE (F)   60        36      1989


SUNRISE AND SUNSET
FEBRUARY 25 2018......SUNRISE   648 AM EST   SUNSET   619 PM EST
FEBRUARY 26 2018......SUNRISE   647 AM EST   SUNSET   620 PM EST


-  INDICATES NEGATIVE NUMBERS.
R  INDICATES RECORD WAS SET OR TIED.
MM INDICATES DATA IS MISSING.
T  INDICATES TRACE AMOUNT.




$$
