000
CDUS46 KPDT 240858
CLIPDT

CLIMATE REPORT
NATIONAL WEATHER SERVICE PENDLETON OR
136 AM PDT FRI OCT 24 2014


...................................

...THE PENDLETON OR CLIMATE SUMMARY FOR OCTOBER 23 2014...

CLIMATE NORMAL PERIOD 1981 TO 2010
CLIMATE RECORD PERIOD 1890 TO 2014


WEATHER ITEM   OBSERVED TIME   RECORD YEAR NORMAL DEPARTURE LAST
                VALUE   (LST)  VALUE       VALUE  FROM      YEAR
                                                  NORMAL
..................................................................
TEMPERATURE (F)
 YESTERDAY
  MAXIMUM         60   1029 AM  82    1933  60      0       66
  MINIMUM         46   1042 PM  19    1916  38      8       36
  AVERAGE         53                        49      4       51

PRECIPITATION (IN)
  YESTERDAY        0.05          0.55 1919   0.04   0.01     0.00
  MONTH TO DATE    0.45                      0.67  -0.22     0.08
  SINCE OCT 1      0.45                      0.67  -0.22     0.08
  SINCE JAN 1      8.99                      9.33  -0.34     7.57

SNOWFALL (IN)
  YESTERDAY        0.0           0.0  2002   0.0    0.0      0.0
                                      2001
                                      1999
  MONTH TO DATE    0.0                       0.0    0.0      0.0
  SINCE JAN 1     15.2                       7.7    7.5      0.2
  SINCE JUL 1      0.0                       0.0    0.0       T
  SNOW DEPTH       0

DEGREE DAYS
 HEATING
  YESTERDAY       12                        16     -4       14
  MONTH TO DATE  138                       270   -132      342
  SINCE SEP 1    201                       382   -181      448
  SINCE JUL 1    204                       404   -200      448

 COOLING
  YESTERDAY        0                         0      0        0
  MONTH TO DATE   12                         0     12        0
  SINCE SEP 1     78                        64     14      121
  SINCE JAN 1    839                       634    205      831
..................................................................


WIND (MPH)
  HIGHEST WIND SPEED    22   HIGHEST WIND DIRECTION     W (290)
  HIGHEST GUST SPEED    24   HIGHEST GUST DIRECTION     W (290)
  AVERAGE WIND SPEED     6.0


SKY COVER
  POSSIBLE SUNSHINE  MM
  AVERAGE SKY COVER 0.8


WEATHER CONDITIONS
 THE FOLLOWING WEATHER WAS RECORDED YESTERDAY.
  HEAVY RAIN
  LIGHT RAIN
  FOG


RELATIVE HUMIDITY (PERCENT)
 HIGHEST   100           300 PM
 LOWEST     72          1200 AM
 AVERAGE    86

..........................................................


THE PENDLETON OR CLIMATE NORMALS FOR TODAY
                         NORMAL    RECORD    YEAR
 MAXIMUM TEMPERATURE (F)   60        82      1933
 MINIMUM TEMPERATURE (F)   38        19      1919


SUNRISE AND SUNSET
OCTOBER 24 2014.......SUNRISE   724 AM PDT   SUNSET   554 PM PDT
OCTOBER 25 2014.......SUNRISE   726 AM PDT   SUNSET   553 PM PDT


-  INDICATES NEGATIVE NUMBERS.
R  INDICATES RECORD WAS SET OR TIED.
MM INDICATES DATA IS MISSING.
T  INDICATES TRACE AMOUNT.




$$
