000
CDUS46 KPDT 010034
CLIPDT

CLIMATE REPORT
NATIONAL WEATHER SERVICE PENDLETON OR
534 PM PDT FRI OCT 31 2014


...................................

...THE PENDLETON OR CLIMATE SUMMARY FOR OCTOBER 31 2014...
VALID TODAY AS OF 0500 PM LOCAL TIME.

CLIMATE NORMAL PERIOD 1981 TO 2010
CLIMATE RECORD PERIOD 1890 TO 2014


WEATHER ITEM   OBSERVED TIME   RECORD YEAR NORMAL DEPARTURE LAST
                VALUE   (LST)  VALUE       VALUE  FROM      YEAR
                                                  NORMAL
..................................................................
TEMPERATURE (F)
 TODAY
  MAXIMUM         56   1044 AM  78    1901  57     -1       63
  MINIMUM         48    716 AM  14    2002  37     11       41
  AVERAGE         52                        47      5       52

PRECIPITATION (IN)
  TODAY            0.01          0.90 1900   0.05  -0.04      T
  MONTH TO DATE    0.52                      1.01  -0.49     0.32
  SINCE OCT 1      0.52                      1.01  -0.49     0.32
  SINCE JAN 1      9.06                      9.67  -0.61     7.81

SNOWFALL (IN)
  TODAY            0.0           3.2  1973   0.0    0.0      0.0
  MONTH TO DATE    0.0                       0.1   -0.1       T
  SINCE JAN 1     15.2                       7.8    7.4      0.2
  SINCE JUL 1      0.0                       0.1   -0.1       T
  SNOW DEPTH       0

DEGREE DAYS
 HEATING
  TODAY           13                        18     -5       13
  MONTH TO DATE  228                       407   -179      491
  SINCE SEP 1    291                       520   -229      597
  SINCE JUL 1    294                       542   -248      597

 COOLING
  TODAY            0                         0      0        0
  MONTH TO DATE   12                         2     10        0
  SINCE SEP 1     78                        66     12      121
  SINCE JAN 1    839                       636    203      831
..................................................................


WIND (MPH)
  HIGHEST WIND SPEED    29   HIGHEST WIND DIRECTION     W (280)
  HIGHEST GUST SPEED    34   HIGHEST GUST DIRECTION     W (280)
  AVERAGE WIND SPEED     7.9


SKY COVER
  POSSIBLE SUNSHINE  MM
  AVERAGE SKY COVER 0.5


WEATHER CONDITIONS
 THE FOLLOWING WEATHER WAS RECORDED TODAY.
  LIGHT RAIN
  FOG
  HAZE


RELATIVE HUMIDITY (PERCENT)
 HIGHEST   100           200 AM
 LOWEST     66           200 PM
 AVERAGE    83

..........................................................


THE PENDLETON OR CLIMATE NORMALS FOR TOMORROW
                         NORMAL    RECORD    YEAR
 MAXIMUM TEMPERATURE (F)   56        76      1901
 MINIMUM TEMPERATURE (F)   37        12      1935


SUNRISE AND SUNSET
OCTOBER 31 2014.......SUNRISE   734 AM PDT   SUNSET   543 PM PDT
NOVEMBER  1 2014......SUNRISE   735 AM PDT   SUNSET   542 PM PDT


-  INDICATES NEGATIVE NUMBERS.
R  INDICATES RECORD WAS SET OR TIED.
MM INDICATES DATA IS MISSING.
T  INDICATES TRACE AMOUNT.




$$
