000
CDUS46 KPDT 280834 RRB
CLIPDT

CLIMATE REPORT
NATIONAL WEATHER SERVICE PENDLETON OR
125 AM PDT WED JUN 28 2017


...................................

...THE PENDLETON OR CLIMATE SUMMARY FOR JUNE 27 2017...

CLIMATE NORMAL PERIOD 1981 TO 2010
CLIMATE RECORD PERIOD 1890 TO 2017


WEATHER ITEM   OBSERVED TIME   RECORD YEAR NORMAL DEPARTURE LAST
                VALUE   (LST)  VALUE       VALUE  FROM      YEAR
                                                  NORMAL
..................................................................
TEMPERATURE (F)
 YESTERDAY
  MAXIMUM         83    442 PM 109    2015  82      1       94
  MINIMUM         59   1113 PM  42    1934  54      5       57
                                      1920
  AVERAGE         71                        68      3       76

PRECIPITATION (IN)
  YESTERDAY        0.00          0.43 1996   0.02  -0.02     0.00
  MONTH TO DATE    2.15                      0.93   1.22     0.93
  SINCE OCT 1     16.82                     11.34   5.48    10.79
  SINCE JAN 1     11.30                      7.34   3.96     6.52

SNOWFALL (IN)
  YESTERDAY        0.0           0.0  2002   0.0    0.0      0.0
                                      2001
                                      2000
  MONTH TO DATE    0.0                       0.0    0.0      0.0
  SINCE JAN 1     25.9                       7.7   18.2       T
  SINCE JUL 1     44.4                      15.2   29.2      4.1
  SNOW DEPTH       0

DEGREE DAYS
 HEATING
  YESTERDAY        0                         1     -1        0
  MONTH TO DATE   75                        80     -5       69
  SINCE JUN 1     75                        80     -5       69
  SINCE JUL 1   5670                      5273    397     4637

 COOLING
  YESTERDAY        6                         4      2       11
  MONTH TO DATE   85                        65     20      102
  SINCE JUN 1     85                        65     20      102
  SINCE JAN 1    113                        88     25      120
..................................................................


WIND (MPH)
  HIGHEST WIND SPEED    17   HIGHEST WIND DIRECTION     W (250)
  HIGHEST GUST SPEED    23   HIGHEST GUST DIRECTION    NW (300)
  AVERAGE WIND SPEED     9.2


SKY COVER
  POSSIBLE SUNSHINE  MM
  AVERAGE SKY COVER 0.1


WEATHER CONDITIONS
 THE FOLLOWING WEATHER WAS RECORDED YESTERDAY.
  NO SIGNIFICANT WEATHER WAS OBSERVED.


RELATIVE HUMIDITY (PERCENT)
 HIGHEST    72           200 AM
 LOWEST     18           400 PM
 AVERAGE    45

..........................................................


THE PENDLETON OR CLIMATE NORMALS FOR TODAY
                         NORMAL    RECORD    YEAR
 MAXIMUM TEMPERATURE (F)   83       109      2015
 MINIMUM TEMPERATURE (F)   54        40      1908
                                             1893


SUNRISE AND SUNSET
JUNE 28 2017..........SUNRISE   508 AM PDT   SUNSET   849 PM PDT
JUNE 29 2017..........SUNRISE   509 AM PDT   SUNSET   849 PM PDT


-  INDICATES NEGATIVE NUMBERS.
R  INDICATES RECORD WAS SET OR TIED.
MM INDICATES DATA IS MISSING.
T  INDICATES TRACE AMOUNT.




$$
