000
CDUS46 KPDT 230839
CLIPDT

CLIMATE REPORT
NATIONAL WEATHER SERVICE PENDLETON OR
139 AM PDT TUE MAY 23 2017


...................................

...THE PENDLETON OR CLIMATE SUMMARY FOR MAY 22 2017...

CLIMATE NORMAL PERIOD 1981 TO 2010
CLIMATE RECORD PERIOD 1890 TO 2017


WEATHER ITEM   OBSERVED TIME   RECORD YEAR NORMAL DEPARTURE LAST
                VALUE   (LST)  VALUE       VALUE  FROM      YEAR
                                                  NORMAL
..................................................................
TEMPERATURE (F)
 YESTERDAY
  MAXIMUM         83    215 PM  94    1951  72     11       68
                                      1904
  MINIMUM         50    426 AM  32    1920  47      3       51
                                      1918
  AVERAGE         67                        59      8       60

PRECIPITATION (IN)
  YESTERDAY        0.00          0.96 1898   0.05  -0.05      T
  MONTH TO DATE    0.93                      0.92   0.01     1.19
  SINCE OCT 1     14.66                      9.98   4.68     9.86
  SINCE JAN 1      9.14                      5.98   3.16     5.59

SNOWFALL (IN)
  YESTERDAY        0.0           0.0  2002   0.0    0.0      0.0
                                      2001
                                      2000
  MONTH TO DATE    T                         0.0    0.0      0.0
  SINCE JAN 1     25.9                       7.7   18.2       T
  SINCE JUL 1     44.4                      15.2   29.2      4.1
  SNOW DEPTH       0

DEGREE DAYS
 HEATING
  YESTERDAY        0                         6     -6        5
  MONTH TO DATE  215                       196     19      115
  SINCE MAR 1   1262                      1244     18      935
  SINCE JUL 1   5564                      5143    421     4527

 COOLING
  YESTERDAY        2                         1      1        0
  MONTH TO DATE    7                        13     -6       18
  SINCE MAR 1      7                        14     -7       18
  SINCE JAN 1      7                        14     -7       18
..................................................................


WIND (MPH)
  HIGHEST WIND SPEED    14   HIGHEST WIND DIRECTION    SE (150)
  HIGHEST GUST SPEED    15   HIGHEST GUST DIRECTION    NW (310)
  AVERAGE WIND SPEED     6.2


SKY COVER
  POSSIBLE SUNSHINE  MM
  AVERAGE SKY COVER 0.0


WEATHER CONDITIONS
 THE FOLLOWING WEATHER WAS RECORDED YESTERDAY.
  NO SIGNIFICANT WEATHER WAS OBSERVED.


RELATIVE HUMIDITY (PERCENT)
 HIGHEST    89           300 AM
 LOWEST     30          1100 AM
 AVERAGE    60

..........................................................


THE PENDLETON OR CLIMATE NORMALS FOR TODAY
                         NORMAL    RECORD    YEAR
 MAXIMUM TEMPERATURE (F)   72        95      2001
                                             1934
 MINIMUM TEMPERATURE (F)   47        23      1903


SUNRISE AND SUNSET
MAY 23 2017...........SUNRISE   516 AM PDT   SUNSET   829 PM PDT
MAY 24 2017...........SUNRISE   515 AM PDT   SUNSET   830 PM PDT


-  INDICATES NEGATIVE NUMBERS.
R  INDICATES RECORD WAS SET OR TIED.
MM INDICATES DATA IS MISSING.
T  INDICATES TRACE AMOUNT.


$$
