000
CDUS46 KPDT 070827
CLIPDT

CLIMATE REPORT
NATIONAL WEATHER SERVICE PENDLETON OR
126 AM PDT TUE JUL 7 2015


...................................

...THE PENDLETON OR CLIMATE SUMMARY FOR JULY 6 2015...

CLIMATE NORMAL PERIOD 1981 TO 2010
CLIMATE RECORD PERIOD 1890 TO 2015


WEATHER ITEM   OBSERVED TIME   RECORD YEAR NORMAL DEPARTURE LAST
                VALUE   (LST)  VALUE       VALUE  FROM      YEAR
                                                  NORMAL
..................................................................
TEMPERATURE (F)
 YESTERDAY
  MAXIMUM        100    412 PM 108    1968  86     14       94
  MINIMUM         63    412 AM  42    1898  56      7       62
  AVERAGE         82                        71     11       78

PRECIPITATION (IN)
  YESTERDAY        0.00          0.88 1981   0.01  -0.01     0.00
  MONTH TO DATE    0.00                      0.08  -0.08     0.00
  SINCE OCT 1      9.70                     11.47  -1.77     9.28
  SINCE JAN 1      5.00                      7.47  -2.47     7.49

SNOWFALL (IN)
  YESTERDAY        0.0           0.0  2002   0.0    0.0      0.0
                                      2001
                                      2000
  MONTH TO DATE    0.0                       0.0    0.0      0.0
  SINCE JAN 1      0.4                       7.7   -7.3     15.2
  SINCE JUL 1      0.0                       0.0    0.0      0.0
  SNOW DEPTH       0

DEGREE DAYS
 HEATING
  YESTERDAY        0                         1     -1        0
  MONTH TO DATE    0                         6     -6        0
  SINCE JUN 1     10                        89    -79       43
  SINCE JUL 1      0                         6     -6        0

 COOLING
  YESTERDAY       17                         6     11       13
  MONTH TO DATE  109                        33     76       69
  SINCE JUN 1    362                       112    250      129
  SINCE JAN 1    389                       135    254      151
..................................................................


WIND (MPH)
  HIGHEST WIND SPEED    23   HIGHEST WIND DIRECTION     W (270)
  HIGHEST GUST SPEED    29   HIGHEST GUST DIRECTION     W (270)
  AVERAGE WIND SPEED     8.9


SKY COVER
  POSSIBLE SUNSHINE  MM
  AVERAGE SKY COVER 0.0


WEATHER CONDITIONS
 THE FOLLOWING WEATHER WAS RECORDED YESTERDAY.
  NO SIGNIFICANT WEATHER WAS OBSERVED.


RELATIVE HUMIDITY (PERCENT)
 HIGHEST    40           400 AM
 LOWEST     11           300 PM
 AVERAGE    26

..........................................................


THE PENDLETON OR CLIMATE NORMALS FOR TODAY
                         NORMAL    RECORD    YEAR
 MAXIMUM TEMPERATURE (F)   86       104      1908
 MINIMUM TEMPERATURE (F)   56        38      1893


SUNRISE AND SUNSET
JULY  7 2015..........SUNRISE   514 AM PDT   SUNSET   847 PM PDT
JULY  8 2015..........SUNRISE   514 AM PDT   SUNSET   846 PM PDT


-  INDICATES NEGATIVE NUMBERS.
R  INDICATES RECORD WAS SET OR TIED.
MM INDICATES DATA IS MISSING.
T  INDICATES TRACE AMOUNT.




$$
