000
CDUS46 KPDT 200032
CLIPDT

CLIMATE REPORT
NATIONAL WEATHER SERVICE PENDLETON OR
531 PM PDT SAT AUG 19 2017


...................................

...THE PENDLETON OR CLIMATE SUMMARY FOR AUGUST 19 2017...
VALID TODAY AS OF 0500 PM LOCAL TIME.

CLIMATE NORMAL PERIOD 1981 TO 2010
CLIMATE RECORD PERIOD 1890 TO 2017


WEATHER ITEM   OBSERVED TIME   RECORD YEAR NORMAL DEPARTURE LAST
                VALUE   (LST)  VALUE       VALUE  FROM      YEAR
                                                  NORMAL
..................................................................
TEMPERATURE (F)
 TODAY
  MAXIMUM         82    354 PM 109    1897  86     -4       88
  MINIMUM         59    520 AM  37    1916  57      2       57
  AVERAGE         71                        71      0       73

PRECIPITATION (IN)
  TODAY            0.00          0.56 1924   0.02  -0.02     0.00
  MONTH TO DATE    0.07                      0.22  -0.15     0.07
  SINCE OCT 1     16.89                     11.93   4.96    11.66
  SINCE JAN 1     11.37                      7.93   3.44     7.39

SNOWFALL (IN)
  TODAY            0.0           0.0  2002   0.0    0.0      0.0
                                      2001
                                      1999
  MONTH TO DATE    0.0                       0.0    0.0      0.0
  SINCE JAN 1     25.9                       7.7   18.2       T
  SINCE JUL 1      0.0                       0.0    0.0      0.0
  SNOW DEPTH       0

DEGREE DAYS
 HEATING
  TODAY            0                         0      0        0
  MONTH TO DATE    1                         0      1        1
  SINCE JUN 1     76                        94    -18       70
  SINCE JUL 1      1                        11    -10        1

 COOLING
  TODAY            6                         7     -1        8
  MONTH TO DATE  234                       157     77      149
  SINCE JUN 1    656                       482    174      492
  SINCE JAN 1    684                       505    179      510
..................................................................


WIND (MPH)
  HIGHEST WIND SPEED    20   HIGHEST WIND DIRECTION     W (260)
  HIGHEST GUST SPEED    24   HIGHEST GUST DIRECTION     W (260)
  AVERAGE WIND SPEED     8.9


SKY COVER
  POSSIBLE SUNSHINE  MM
  AVERAGE SKY COVER 0.0


WEATHER CONDITIONS
 THE FOLLOWING WEATHER WAS RECORDED TODAY.
  NO SIGNIFICANT WEATHER WAS OBSERVED.


RELATIVE HUMIDITY (PERCENT)
 HIGHEST    72           600 AM
 LOWEST     26           400 PM
 AVERAGE    49

..........................................................


THE PENDLETON OR CLIMATE NORMALS FOR TOMORROW
                         NORMAL    RECORD    YEAR
 MAXIMUM TEMPERATURE (F)   86       106      1897
 MINIMUM TEMPERATURE (F)   56        38      1916
                                             1913


SUNRISE AND SUNSET
AUGUST 19 2017........SUNRISE   601 AM PDT   SUNSET   756 PM PDT
AUGUST 20 2017........SUNRISE   602 AM PDT   SUNSET   754 PM PDT


-  INDICATES NEGATIVE NUMBERS.
R  INDICATES RECORD WAS SET OR TIED.
MM INDICATES DATA IS MISSING.
T  INDICATES TRACE AMOUNT.




$$
