000
CDUS46 KPDT 231227
CLIPDT

CLIMATE REPORT
NATIONAL WEATHER SERVICE PENDLETON OR
426 AM PST MON JAN 23 2017


...................................

...THE PENDLETON OR CLIMATE SUMMARY FOR JANUARY 22 2017...

CLIMATE NORMAL PERIOD 1981 TO 2010
CLIMATE RECORD PERIOD 1890 TO 2017


WEATHER ITEM   OBSERVED TIME   RECORD YEAR NORMAL DEPARTURE LAST
                VALUE   (LST)  VALUE       VALUE  FROM      YEAR
                                                  NORMAL
..................................................................
TEMPERATURE (F)
 YESTERDAY
  MAXIMUM         47    100 PM  67    1897  43      4       59
  MINIMUM         31   1122 PM -26    1930  30      1       37
  AVERAGE         39                        36      3       48

PRECIPITATION (IN)
  YESTERDAY        T             0.43 1919   0.05  -0.05      T
  MONTH TO DATE    1.33                      1.06   0.27     1.05
  SINCE OCT 1      6.85                      5.06   1.79     5.32
  SINCE JAN 1      1.33                      1.06   0.27     1.05

SNOWFALL (IN)
  YESTERDAY        0.0           3.9  1957   0.1   -0.1      0.0
  MONTH TO DATE   13.3                       2.8   10.5       T
  SINCE JAN 1     13.3                       2.8   10.5       T
  SINCE JUL 1     31.8                      10.3   21.5      4.1
  SNOW DEPTH       0

DEGREE DAYS
 HEATING
  YESTERDAY       26                        29     -3       17
  MONTH TO DATE 1006                       666    340      683
  SINCE DEC 1   2143                      1650    493     1543
  SINCE JUL 1   3167                      2903    264     2743

 COOLING
  YESTERDAY        0                         0      0        0
  MONTH TO DATE    0                         0      0        0
  SINCE DEC 1      0                         0      0        0
  SINCE JAN 1      0                         0      0        0
..................................................................


WIND (MPH)
  HIGHEST WIND SPEED    25   HIGHEST WIND DIRECTION     W (260)
  HIGHEST GUST SPEED    31   HIGHEST GUST DIRECTION    SE (140)
  AVERAGE WIND SPEED    10.7


SKY COVER
  POSSIBLE SUNSHINE  MM
  AVERAGE SKY COVER 0.5


WEATHER CONDITIONS
 THE FOLLOWING WEATHER WAS RECORDED YESTERDAY.
  LIGHT RAIN
  FOG


RELATIVE HUMIDITY (PERCENT)
 HIGHEST    92           300 PM
 LOWEST     53          1200 PM
 AVERAGE    73

..........................................................


THE PENDLETON OR CLIMATE NORMALS FOR TODAY
                         NORMAL    RECORD    YEAR
 MAXIMUM TEMPERATURE (F)   43        63      1935
                                             1916
 MINIMUM TEMPERATURE (F)   30       -20      1930


SUNRISE AND SUNSET
JANUARY 23 2017.......SUNRISE   726 AM PST   SUNSET   449 PM PST
JANUARY 24 2017.......SUNRISE   725 AM PST   SUNSET   451 PM PST


-  INDICATES NEGATIVE NUMBERS.
R  INDICATES RECORD WAS SET OR TIED.
MM INDICATES DATA IS MISSING.
T  INDICATES TRACE AMOUNT.

$$
