000
CDUS46 KPDT 270828
CLIPDT

CLIMATE REPORT
NATIONAL WEATHER SERVICE PENDLETON OR
126 AM PDT WED AUG 27 2014


...................................

...THE PENDLETON OR CLIMATE SUMMARY FOR AUGUST 26 2014...

CLIMATE NORMAL PERIOD 1981 TO 2010
CLIMATE RECORD PERIOD 1890 TO 2014


WEATHER ITEM   OBSERVED TIME   RECORD YEAR NORMAL DEPARTURE LAST
                VALUE   (LST)  VALUE       VALUE  FROM      YEAR
                                                  NORMAL
..................................................................
TEMPERATURE (F)
 YESTERDAY
  MAXIMUM         90    327 PM 105    1934  84      6       81
  MINIMUM         56    539 AM  36    1910  55      1       49
                                      1908
                                      1897
  AVERAGE         73                        70      3       65

PRECIPITATION (IN)
  YESTERDAY        0.00          0.58 1941   0.01  -0.01     0.00
  MONTH TO DATE    0.59                      0.30   0.29     0.32
  SINCE OCT 1     10.09                     12.01  -1.92     9.73
  SINCE JAN 1      8.30                      8.01   0.29     5.29

SNOWFALL (IN)
  YESTERDAY        0.0           0.0  2002   0.0    0.0      0.0
                                      2001
                                      1999
  MONTH TO DATE    0.0                       0.0    0.0       T
  SINCE JAN 1     15.2                       7.7    7.5      0.2
  SINCE JUL 1      0.0                       0.0    0.0       T
  SNOW DEPTH       0

DEGREE DAYS
 HEATING
  YESTERDAY        0                         1     -1        0
  MONTH TO DATE    0                         3     -3        0
  SINCE JUN 1     45                        97    -52       80
  SINCE JUL 1      2                        14    -12        0

 COOLING
  YESTERDAY        8                         5      3        0
  MONTH TO DATE  247                       199     48      219
  SINCE JUN 1    708                       524    184      642
  SINCE JAN 1    730                       547    183      673
..................................................................


WIND (MPH)
  HIGHEST WIND SPEED    14   HIGHEST WIND DIRECTION    NW (310)
  HIGHEST GUST SPEED    18   HIGHEST GUST DIRECTION     W (290)
  AVERAGE WIND SPEED     7.0


SKY COVER
  POSSIBLE SUNSHINE  MM
  AVERAGE SKY COVER 0.0


WEATHER CONDITIONS
THE FOLLOWING WEATHER WAS RECORDED YESTERDAY.
  HAZE


RELATIVE HUMIDITY (PERCENT)
 HIGHEST    67           600 AM
 LOWEST     17           300 PM
 AVERAGE    42

..........................................................


THE PENDLETON OR CLIMATE NORMALS FOR TODAY
                         NORMAL    RECORD    YEAR
 MAXIMUM TEMPERATURE (F)   84       103      1916
 MINIMUM TEMPERATURE (F)   55        40      1911
                                             1909
                                             1897


SUNRISE AND SUNSET
AUGUST 27 2014........SUNRISE   610 AM PDT   SUNSET   742 PM PDT
AUGUST 28 2014........SUNRISE   612 AM PDT   SUNSET   741 PM PDT


-  INDICATES NEGATIVE NUMBERS.
R  INDICATES RECORD WAS SET OR TIED.
MM INDICATES DATA IS MISSING.
T  INDICATES TRACE AMOUNT.




$$
