000
CDUS46 KPQR 251142
CLIPDX


CLIMATE REPORT
NATIONAL WEATHER SERVICE PORTLAND OREGON
341 AM PST SUN JAN 25 2015


...................................

...THE PORTLAND OR CLIMATE SUMMARY FOR JANUARY 24 2015...

CLIMATE NORMAL PERIOD 1981 TO 2010
CLIMATE RECORD PERIOD 1940 TO 2015


WEATHER ITEM   OBSERVED TIME   RECORD YEAR NORMAL DEPARTURE LAST
                VALUE   (LST)  VALUE       VALUE  FROM      YEAR
                                                  NORMAL
..................................................................
TEMPERATURE (F)
 YESTERDAY
  MAXIMUM         60    216 PM  61    1984  48     12       47
  MINIMUM         43    439 AM   3    1943  36      7       35
  AVERAGE         52                        42     10       41

PRECIPITATION (IN)
  YESTERDAY        0.01          1.20 1964   0.15  -0.14     0.00
  MONTH TO DATE    3.24                      3.88  -0.64     2.00
  SINCE OCT 1     18.22                     18.00   0.22     7.82
  SINCE JAN 1      3.24                      3.88  -0.64     2.00

DEGREE DAYS
 HEATING
  YESTERDAY       13                        23    -10       24
  MONTH TO DATE  525                       574    -49      561
  SINCE DEC 1   1165                      1337   -172     1441
  SINCE JUL 1   1898                      2306   -408     2452

 COOLING
  YESTERDAY        0                         0      0        0
  MONTH TO DATE    0                         0      0        0
  SINCE DEC 1      0                         0      0        0
  SINCE JAN 1      0                         0      0        0
..................................................................


WIND (MPH)
  HIGHEST WIND SPEED     8   HIGHEST WIND DIRECTION     W (290)
  HIGHEST GUST SPEED    10   HIGHEST GUST DIRECTION    NW (300)
  AVERAGE WIND SPEED     2.9


SKY COVER
  POSSIBLE SUNSHINE  MM
  AVERAGE SKY COVER 0.8


WEATHER CONDITIONS
 THE FOLLOWING WEATHER WAS RECORDED YESTERDAY.
  LIGHT RAIN
  FOG
  FOG W/VISIBILITY <= 1/4 MILE


RELATIVE HUMIDITY (PERCENT)
 HIGHEST   100          1200 AM
 LOWEST     78           100 PM
 AVERAGE    89

..........................................................


THE PORTLAND OR CLIMATE NORMALS FOR TODAY
                         NORMAL    RECORD    YEAR
 MAXIMUM TEMPERATURE (F)   48        59      1993
 MINIMUM TEMPERATURE (F)   36        11      1949


SUNRISE AND SUNSET
JANUARY 25 2015.......SUNRISE   739 AM PST   SUNSET   507 PM PST
JANUARY 26 2015.......SUNRISE   738 AM PST   SUNSET   508 PM PST


-  INDICATES NEGATIVE NUMBERS.
R  INDICATES RECORD WAS SET OR TIED.
MM INDICATES DATA IS MISSING.
T  INDICATES TRACE AMOUNT.




$$
