816
CDUS46 KPQR 230021
CLIPDX


CLIMATE REPORT
NATIONAL WEATHER SERVICE PORTLAND OREGON
420 PM PST MON JAN 22 2018


...................................

...THE PORTLAND OR CLIMATE SUMMARY FOR JANUARY 22 2018...
VALID TODAY AS OF 0400 PM LOCAL TIME.

CLIMATE NORMAL PERIOD 1981 TO 2010
CLIMATE RECORD PERIOD 1940 TO 2018


WEATHER ITEM   OBSERVED TIME   RECORD YEAR NORMAL DEPARTURE LAST
                VALUE   (LST)  VALUE       VALUE  FROM      YEAR
                                                  NORMAL
..................................................................
TEMPERATURE (F)
 TODAY
  MAXIMUM         50    217 PM  61    1970  48      2       46
  MINIMUM         40    125 AM   9    1949  36      4       36
  AVERAGE         45                        42      3       41

PRECIPITATION (IN)
  TODAY            0.11          2.03 1970   0.15  -0.04     0.15
  MONTH TO DATE    2.89                      3.59  -0.70     4.10
  SINCE OCT 1     16.99                     17.71  -0.72    23.85
  SINCE JAN 1      2.89                      3.59  -0.70     4.10

SNOWFALL (IN)
  TODAY            0.0           0.5  1952
  MONTH TO DATE    0.0
  SINCE DEC 1      1.0
  SINCE JUL 1      1.0

DEGREE DAYS
 HEATING
  TODAY           20                        23     -3       24
  MONTH TO DATE  428                       528   -100      735
  SINCE DEC 1   1204                      1291    -87     1589
  SINCE JUL 1   2129                      2260   -131     2299

 COOLING
  TODAY            0                         0      0        0
  MONTH TO DATE    0                         0      0        0
  SINCE DEC 1      0                         0      0        0
  SINCE JAN 1      0                         0      0        0
..................................................................


WIND (MPH)
  HIGHEST WIND SPEED    20   HIGHEST WIND DIRECTION    NW (300)
  HIGHEST GUST SPEED    24   HIGHEST GUST DIRECTION     W (280)
  AVERAGE WIND SPEED     7.0



WEATHER CONDITIONS
 THE FOLLOWING WEATHER WAS RECORDED TODAY.
  HEAVY RAIN
  LIGHT RAIN
  FOG


RELATIVE HUMIDITY (PERCENT)
 HIGHEST    92           600 AM
 LOWEST     80          1200 PM
 AVERAGE    86

..........................................................


THE PORTLAND OR CLIMATE NORMALS FOR TOMORROW
                         NORMAL    RECORD    YEAR
 MAXIMUM TEMPERATURE (F)   48        60      1953
 MINIMUM TEMPERATURE (F)   36        10      1943


SUNRISE AND SUNSET
JANUARY 22 2018.......SUNRISE   742 AM PST   SUNSET   503 PM PST
JANUARY 23 2018.......SUNRISE   741 AM PST   SUNSET   504 PM PST


-  INDICATES NEGATIVE NUMBERS.
R  INDICATES RECORD WAS SET OR TIED.
MM INDICATES DATA IS MISSING.
T  INDICATES TRACE AMOUNT.




$$
