000
CDUS46 KPQR 161141
CLIPDX


CLIMATE REPORT
NATIONAL WEATHER SERVICE PORTLAND OREGON
440 AM PDT WED APR 16 2014


...................................

...THE PORTLAND OR CLIMATE SUMMARY FOR APRIL 15 2014...

CLIMATE NORMAL PERIOD 1981 TO 2010
CLIMATE RECORD PERIOD 1940 TO 2014


WEATHER ITEM   OBSERVED TIME   RECORD YEAR NORMAL DEPARTURE LAST
                VALUE   (LST)  VALUE       VALUE  FROM      YEAR
                                                  NORMAL
..................................................................
TEMPERATURE (F)
 YESTERDAY
  MAXIMUM         61    421 PM  82    1990  61      0       56
  MINIMUM         48    408 AM  31    1967  43      5       38
  AVERAGE         55                        52      3       47

PRECIPITATION (IN)
  YESTERDAY        T             0.80 2011   0.09  -0.09     0.08
  MONTH TO DATE    0.75                      1.45  -0.70     1.59
  SINCE OCT 1     21.91                     27.79  -5.88    29.73
  SINCE JAN 1     16.09                     13.67   2.42     7.80

DEGREE DAYS
 HEATING
  YESTERDAY       10                        13     -3       18
  MONTH TO DATE  157                       208    -51      208
  SINCE MAR 1    641                       730    -89      706
  SINCE JUL 1   3939                      3788    151     3603

 COOLING
  YESTERDAY        0                         0      0        0
  MONTH TO DATE    0                         0      0        0
  SINCE MAR 1      0                         0      0        0
  SINCE JAN 1      0                         0      0        0
..................................................................


WIND (MPH)
  HIGHEST WIND SPEED    13   HIGHEST WIND DIRECTION     S (180)
  HIGHEST GUST SPEED    15   HIGHEST GUST DIRECTION     S (200)
  AVERAGE WIND SPEED     5.8


SKY COVER
  POSSIBLE SUNSHINE  MM
  AVERAGE SKY COVER 1.0


WEATHER CONDITIONS
 THE FOLLOWING WEATHER WAS RECORDED YESTERDAY.
  LIGHT RAIN


RELATIVE HUMIDITY (PERCENT)
 HIGHEST    71           400 AM
 LOWEST     44           400 PM
 AVERAGE    58

..........................................................


THE PORTLAND OR CLIMATE NORMALS FOR TODAY
                         NORMAL    RECORD    YEAR
 MAXIMUM TEMPERATURE (F)   61        81      1947
 MINIMUM TEMPERATURE (F)   43        32      1964


SUNRISE AND SUNSET
APRIL 16 2014.........SUNRISE   623 AM PDT   SUNSET   758 PM PDT
APRIL 17 2014.........SUNRISE   621 AM PDT   SUNSET   800 PM PDT


-  INDICATES NEGATIVE NUMBERS.
R  INDICATES RECORD WAS SET OR TIED.
MM INDICATES DATA IS MISSING.
T  INDICATES TRACE AMOUNT.




$$
