000
CDUS46 KPQR 271143
CLIPDX


CLIMATE REPORT
NATIONAL WEATHER SERVICE PORTLAND OREGON
343 AM PST MON FEB 27 2017


...................................

...THE PORTLAND OR CLIMATE SUMMARY FOR FEBRUARY 26 2017...

CLIMATE NORMAL PERIOD 1981 TO 2010
CLIMATE RECORD PERIOD 1940 TO 2017


WEATHER ITEM   OBSERVED TIME   RECORD YEAR NORMAL DEPARTURE LAST
                VALUE   (LST)  VALUE       VALUE  FROM      YEAR
                                                  NORMAL
..................................................................
TEMPERATURE (F)
 YESTERDAY
  MAXIMUM         43    251 PM  68    1968  53    -10       60
  MINIMUM         35   1110 PM  18    2011  37     -2       43
  AVERAGE         39                        45     -6       52

PRECIPITATION (IN)
  YESTERDAY        0.14          0.73 2000   0.13   0.01     0.38
  MONTH TO DATE   10.31                      3.40   6.91     3.57
  SINCE OCT 1     34.19                     22.40  11.79    34.22
  SINCE JAN 1     14.44                      8.28   6.16    10.80

SNOWFALL (IN)
  YESTERDAY        0.0           0.8  1955
  MONTH TO DATE    T
  SINCE DEC 1     11.2
  SINCE JUL 1     11.2

DEGREE DAYS
 HEATING
  YESTERDAY       26                        20      6       13
  MONTH TO DATE  626                       554     72      408
  SINCE DEC 1   2449                      2049    400     1755
  SINCE JUL 1   3159                      3018    141     2563

 COOLING
  YESTERDAY        0                         0      0        0
  MONTH TO DATE    0                         0      0        0
  SINCE DEC 1      0                         0      0        0
  SINCE JAN 1      0                         0      0        0
..................................................................


WIND (MPH)
  HIGHEST WIND SPEED    17   HIGHEST WIND DIRECTION     S (180)
  HIGHEST GUST SPEED    23   HIGHEST GUST DIRECTION     S (180)
  AVERAGE WIND SPEED     8.8


SKY COVER
  POSSIBLE SUNSHINE  MM
  AVERAGE SKY COVER 1.0


WEATHER CONDITIONS
 THE FOLLOWING WEATHER WAS RECORDED YESTERDAY.
  LIGHT RAIN
  SNOW
  FOG


RELATIVE HUMIDITY (PERCENT)
 HIGHEST    92           600 AM
 LOWEST     76          1200 AM
 AVERAGE    84

..........................................................


THE PORTLAND OR CLIMATE NORMALS FOR TODAY
                         NORMAL    RECORD    YEAR
 MAXIMUM TEMPERATURE (F)   54        67      1968
 MINIMUM TEMPERATURE (F)   37        19      1960


SUNRISE AND SUNSET
FEBRUARY 27 2017......SUNRISE   652 AM PST   SUNSET   555 PM PST
FEBRUARY 28 2017......SUNRISE   650 AM PST   SUNSET   556 PM PST


-  INDICATES NEGATIVE NUMBERS.
R  INDICATES RECORD WAS SET OR TIED.
MM INDICATES DATA IS MISSING.
T  INDICATES TRACE AMOUNT.




$$
