000
CDUS46 KPQR 251142
CLIPDX


CLIMATE REPORT
NATIONAL WEATHER SERVICE PORTLAND OREGON
442 AM PDT THU MAY 25 2017


...................................

...THE PORTLAND OR CLIMATE SUMMARY FOR MAY 24 2017...

CLIMATE NORMAL PERIOD 1981 TO 2010
CLIMATE RECORD PERIOD 1940 TO 2017


WEATHER ITEM   OBSERVED TIME   RECORD YEAR NORMAL DEPARTURE LAST
                VALUE   (LST)  VALUE       VALUE  FROM      YEAR
                                                  NORMAL
..................................................................
TEMPERATURE (F)
 YESTERDAY
  MAXIMUM         66    342 PM  93    1992  70     -4       73
  MINIMUM         49    427 AM  37    1955  50     -1       55
  AVERAGE         58                        60     -2       64

PRECIPITATION (IN)
  YESTERDAY        0.00          0.96 2008   0.09  -0.09     0.00
  MONTH TO DATE    1.92                      1.88   0.04     1.66
  SINCE OCT 1     47.93                     30.95  16.98    43.10
  SINCE JAN 1     28.18                     16.83  11.35    19.68

SNOWFALL (IN)
  YESTERDAY        0.0          MM      MM
  MONTH TO DATE    0.0
  SINCE MAR 1      T
  SINCE JUL 1     11.2

DEGREE DAYS
 HEATING
  YESTERDAY        7                         6      1        1
  MONTH TO DATE  183                       187     -4       82
  SINCE MAR 1   1134                      1092     42      758
  SINCE JUL 1   4339                      4150    189     3361

 COOLING
  YESTERDAY        0                         1     -1        0
  MONTH TO DATE   25                         5     20       25
  SINCE MAR 1     25                         6     19       43
  SINCE JAN 1     25                         6     19       43
..................................................................


WIND (MPH)
  HIGHEST WIND SPEED    21   HIGHEST WIND DIRECTION    NW (300)
  HIGHEST GUST SPEED    25   HIGHEST GUST DIRECTION    NW (300)
  AVERAGE WIND SPEED     8.4


SKY COVER
  POSSIBLE SUNSHINE  MM
  AVERAGE SKY COVER 0.5


WEATHER CONDITIONS
 THE FOLLOWING WEATHER WAS RECORDED YESTERDAY.
  NO SIGNIFICANT WEATHER WAS OBSERVED.


RELATIVE HUMIDITY (PERCENT)
 HIGHEST    77          1100 PM
 LOWEST     44           300 PM
 AVERAGE    61

..........................................................


THE PORTLAND OR CLIMATE NORMALS FOR TODAY
                         NORMAL    RECORD    YEAR
 MAXIMUM TEMPERATURE (F)   70        90      1947
 MINIMUM TEMPERATURE (F)   51        38      1975
                                             1964


SUNRISE AND SUNSET
MAY 25 2017...........SUNRISE   529 AM PDT   SUNSET   846 PM PDT
MAY 26 2017...........SUNRISE   529 AM PDT   SUNSET   847 PM PDT


-  INDICATES NEGATIVE NUMBERS.
R  INDICATES RECORD WAS SET OR TIED.
MM INDICATES DATA IS MISSING.
T  INDICATES TRACE AMOUNT.




$$
