000
CDUS41 KPBZ 272213
CLIPHD


CLIMATE REPORT
NATIONAL WEATHER SERVICE PITTSBURGH PA
512 PM EST TUE JAN 27 2015


...................................

...THE NEW PHILADELPHIA OH CLIMATE SUMMARY FOR JANUARY 27 2015...
VALID TODAY AS OF 0500 PM LOCAL TIME.

CLIMATE NORMAL PERIOD 1981 TO 2010
CLIMATE RECORD PERIOD 1946 TO 2015


WEATHER ITEM   OBSERVED TIME   RECORD YEAR NORMAL DEPARTURE LAST
                VALUE   (LST)  VALUE       VALUE  FROM      YEAR
                                                  NORMAL
..................................................................
TEMPERATURE (F)
 TODAY
  MAXIMUM         23    308 PM  61    1974  38    -15       41
  MINIMUM         19    937 AM  -3    1966  21     -2       -2
  AVERAGE         21                        29     -8       20

PRECIPITATION (IN)
  TODAY            T            MM      MM   0.08  -0.08      T
  MONTH TO DATE    1.62                      2.25  -0.63     1.82
  SINCE JUN 1     26.35                     25.55   0.80    26.46
  SINCE JAN 1      1.62                      2.25  -0.63     1.82

DEGREE DAYS
 HEATING
  TODAY           44                        36      8       45
  MONTH TO DATE 1032                       972     60     1065
  SINCE DEC 1   1917                      1975    -58     2030
  SINCE JUL 1   3151                      3133     18     3266

 COOLING
  TODAY            0                         0      0        0
  MONTH TO DATE    0                         0      0        0
  SINCE DEC 1      0                         0      0        0
  SINCE JAN 1      0                         0      0        0
..................................................................


WIND (MPH)
  HIGHEST WIND SPEED    14   HIGHEST WIND DIRECTION    NW (310)
  HIGHEST GUST SPEED    18   HIGHEST GUST DIRECTION    NW (300)
  AVERAGE WIND SPEED     8.2


SKY COVER
  POSSIBLE SUNSHINE  MM
  AVERAGE SKY COVER 0.9


WEATHER CONDITIONS
 THE FOLLOWING WEATHER WAS RECORDED TODAY.
  LIGHT SNOW
  HAZE


RELATIVE HUMIDITY (PERCENT)
 HIGHEST    77           100 AM
 LOWEST     65           200 PM
 AVERAGE    71

..........................................................


THE NEW PHILADELPHIA OH CLIMATE NORMALS FOR TOMORROW
                         NORMAL    RECORD    YEAR
 MAXIMUM TEMPERATURE (F)   38        62      1999
 MINIMUM TEMPERATURE (F)   21       -18      2014


SUNRISE AND SUNSET
JANUARY 27 2015.......SUNRISE   740 AM EST   SUNSET   537 PM EST
JANUARY 28 2015.......SUNRISE   739 AM EST   SUNSET   539 PM EST


-  INDICATES NEGATIVE NUMBERS.
R  INDICATES RECORD WAS SET OR TIED.
MM INDICATES DATA IS MISSING.
T  INDICATES TRACE AMOUNT.




$$
