000
CDUS41 KPBZ 292140
CLIPHD


CLIMATE REPORT
NATIONAL WEATHER SERVICE PITTSBURGH PA
540 PM EDT TUE JUL 29 2014


...................................

...THE NEW PHILADELPHIA OH CLIMATE SUMMARY FOR JULY 29 2014...
VALID TODAY AS OF 0500 PM LOCAL TIME.

CLIMATE NORMAL PERIOD 1981 TO 2010
CLIMATE RECORD PERIOD 1946 TO 2014


WEATHER ITEM   OBSERVED TIME   RECORD YEAR NORMAL DEPARTURE LAST
                VALUE   (LST)  VALUE       VALUE  FROM      YEAR
                                                  NORMAL
..................................................................
TEMPERATURE (F)
 TODAY
  MAXIMUM         69    308 PM  94    1993  84    -15       73
  MINIMUM         50    551 AM  49    1968  62    -12       53
  AVERAGE         60                        72    -12       63

PRECIPITATION (IN)
  TODAY            0.00         MM      MM   0.15  -0.15     0.01
  MONTH TO DATE    4.62                      3.73   0.89     4.51
  SINCE JUN 1      9.49                      7.46   2.03    12.07
  SINCE JAN 1     24.67                     23.06   1.61    22.11

DEGREE DAYS
 HEATING
  TODAY            5                         0      5        2
  MONTH TO DATE   17                         0     17        4
  SINCE JUN 1     27                        35     -8       26
  SINCE JUL 1     17                         0     17        4

 COOLING
  TODAY            0                         8     -8        0
  MONTH TO DATE  149                       223    -74      233
  SINCE JUN 1    326                       366    -40      378
  SINCE JAN 1    392                       409    -17      476
..................................................................


WIND (MPH)
  HIGHEST WIND SPEED     9   HIGHEST WIND DIRECTION     W (290)
  HIGHEST GUST SPEED    14   HIGHEST GUST DIRECTION    NW (310)
  AVERAGE WIND SPEED     3.6


SKY COVER
  POSSIBLE SUNSHINE  MM
  AVERAGE SKY COVER 0.5


WEATHER CONDITIONS
 THE FOLLOWING WEATHER WAS RECORDED TODAY.
  FOG


RELATIVE HUMIDITY (PERCENT)
 HIGHEST    96           500 AM
 LOWEST     53           300 PM
 AVERAGE    75

..........................................................


THE NEW PHILADELPHIA OH CLIMATE NORMALS FOR TOMORROW
                         NORMAL    RECORD    YEAR
 MAXIMUM TEMPERATURE (F)   84        94      1988
 MINIMUM TEMPERATURE (F)   62        47      1981


SUNRISE AND SUNSET
JULY 29 2014..........SUNRISE   620 AM EDT   SUNSET   844 PM EDT
JULY 30 2014..........SUNRISE   621 AM EDT   SUNSET   843 PM EDT


-  INDICATES NEGATIVE NUMBERS.
R  INDICATES RECORD WAS SET OR TIED.
MM INDICATES DATA IS MISSING.
T  INDICATES TRACE AMOUNT.




$$
