000
CDUS41 KPBZ 210813
CLIPHD


CLIMATE REPORT
NATIONAL WEATHER SERVICE PITTSBURGH PA
300 AM EST SAT JAN 21 2017


...................................

...THE NEW PHILADELPHIA OH CLIMATE SUMMARY FOR JANUARY 20 2017...

CLIMATE NORMAL PERIOD 1981 TO 2010
CLIMATE RECORD PERIOD 1946 TO 2017


WEATHER ITEM   OBSERVED TIME   RECORD YEAR NORMAL DEPARTURE LAST
                VALUE   (LST)  VALUE       VALUE  FROM      YEAR
                                                  NORMAL
..................................................................
TEMPERATURE (F)
 YESTERDAY
  MAXIMUM         59R   405 PM  54    1988  37     22       19
  MINIMUM         36           -22    1994  21     15        5
  AVERAGE         48                        29     19       12

PRECIPITATION (IN)
  YESTERDAY        0.46         MM      MM   0.06   0.40     0.01
  MONTH TO DATE    3.03                      1.75   1.28     0.97
  SINCE JUN 1     23.61                     25.05  -1.44    19.05
  SINCE JAN 1      3.03                      1.75   1.28     0.97

DEGREE DAYS
 HEATING
  YESTERDAY       17                        36    -19       53
  MONTH TO DATE  635                       720    -85      785
  SINCE DEC 1   1666                      1723    -57     1422
  SINCE JUL 1   2533                      2881   -348     2318

 COOLING
  YESTERDAY        0                         0      0        0
  MONTH TO DATE    0                         0      0        0
  SINCE DEC 1      0                         0      0        0
  SINCE JAN 1      0                         0      0        0
..................................................................


WIND (MPH)
  HIGHEST WIND SPEED    14   HIGHEST WIND DIRECTION    SW (220)
  HIGHEST GUST SPEED    20   HIGHEST GUST DIRECTION    SW (220)
  AVERAGE WIND SPEED     3.6


SKY COVER
  POSSIBLE SUNSHINE  MM
  AVERAGE SKY COVER 0.8


WEATHER CONDITIONS
 THE FOLLOWING WEATHER WAS RECORDED YESTERDAY.
  HEAVY RAIN
  RAIN
  LIGHT RAIN
  FOG


RELATIVE HUMIDITY (PERCENT)
 HIGHEST   100           700 AM
 LOWEST     72           400 PM
 AVERAGE    86

..........................................................


THE NEW PHILADELPHIA OH CLIMATE NORMALS FOR TODAY
                         NORMAL    RECORD    YEAR
 MAXIMUM TEMPERATURE (F)   37        65      1974
 MINIMUM TEMPERATURE (F)   21       -19      1985


SUNRISE AND SUNSET
JANUARY 21 2017.......SUNRISE   744 AM EST   SUNSET   531 PM EST
JANUARY 22 2017.......SUNRISE   743 AM EST   SUNSET   532 PM EST


-  INDICATES NEGATIVE NUMBERS.
R  INDICATES RECORD WAS SET OR TIED.
MM INDICATES DATA IS MISSING.
T  INDICATES TRACE AMOUNT.




$$
