000
CDUS41 KPBZ 312140
CLIPHD


CLIMATE REPORT
NATIONAL WEATHER SERVICE PITTSBURGH PA
540 PM EDT FRI OCT 31 2014


...................................

...THE NEW PHILADELPHIA OH CLIMATE SUMMARY FOR OCTOBER 31 2014...
VALID TODAY AS OF 0500 PM LOCAL TIME.

CLIMATE NORMAL PERIOD 1981 TO 2010
CLIMATE RECORD PERIOD 1946 TO 2014


WEATHER ITEM   OBSERVED TIME   RECORD YEAR NORMAL DEPARTURE LAST
                VALUE   (LST)  VALUE       VALUE  FROM      YEAR
                                                  NORMAL
..................................................................
TEMPERATURE (F)
 TODAY
  MAXIMUM         48    154 PM  77    1971  59    -11       69
  MINIMUM         44    914 AM  18    1988  37      7       58
  AVERAGE         46                        48     -2       64

PRECIPITATION (IN)
  TODAY            0.01         MM      MM   0.08  -0.07     0.35
  MONTH TO DATE    2.19                      2.75  -0.56     2.97
  SINCE JUN 1     19.97                     17.36   2.61    17.97
  SINCE JAN 1     35.15                     32.96   2.19    28.01

DEGREE DAYS
 HEATING
  TODAY           19                        17      2        1
  MONTH TO DATE  315                       392    -77      334
  SINCE SEP 1    415                       489    -74      436
  SINCE JUL 1    447                       499    -52      450

 COOLING
  TODAY            0                         0      0        0
  MONTH TO DATE    9                         9      0       31
  SINCE SEP 1     81                        75      6      110
  SINCE JAN 1    630                       697    -67      755
..................................................................


WIND (MPH)
  HIGHEST WIND SPEED     9   HIGHEST WIND DIRECTION    SE (140)
  HIGHEST GUST SPEED    12   HIGHEST GUST DIRECTION    SE (140)
  AVERAGE WIND SPEED     1.6


SKY COVER
  POSSIBLE SUNSHINE  MM
  AVERAGE SKY COVER 1.0


WEATHER CONDITIONS
 THE FOLLOWING WEATHER WAS RECORDED TODAY.
  LIGHT RAIN


RELATIVE HUMIDITY (PERCENT)
 HIGHEST    83          1200 AM
 LOWEST     66           200 PM
 AVERAGE    75

..........................................................


THE NEW PHILADELPHIA OH CLIMATE NORMALS FOR TOMORROW
                         NORMAL    RECORD    YEAR
 MAXIMUM TEMPERATURE (F)   59        78      1974
 MINIMUM TEMPERATURE (F)   37        18      1988


SUNRISE AND SUNSET
OCTOBER 31 2014.......SUNRISE   754 AM EDT   SUNSET   624 PM EDT
NOVEMBER  1 2014......SUNRISE   756 AM EDT   SUNSET   622 PM EDT


-  INDICATES NEGATIVE NUMBERS.
R  INDICATES RECORD WAS SET OR TIED.
MM INDICATES DATA IS MISSING.
T  INDICATES TRACE AMOUNT.




$$
