000
CDUS41 KPBZ 192125
CLIPHD


CLIMATE REPORT
NATIONAL WEATHER SERVICE PITTSBURGH PA
523 PM EDT FRI SEP 19 2014


...................................

...THE NEW PHILADELPHIA OH CLIMATE SUMMARY FOR SEPTEMBER 19 2014...
VALID TODAY AS OF 0500 PM LOCAL TIME.

CLIMATE NORMAL PERIOD 1981 TO 2010
CLIMATE RECORD PERIOD 1946 TO 2014


WEATHER ITEM   OBSERVED TIME   RECORD YEAR NORMAL DEPARTURE LAST
                VALUE   (LST)  VALUE       VALUE  FROM      YEAR
                                                  NORMAL
..................................................................
TEMPERATURE (F)
 TODAY
  MAXIMUM         75    344 PM  89    1965  75      0       75
  MINIMUM         42    600 AM  38    2012  51     -9       62
                                      1990
  AVERAGE         59                        63     -4       69

PRECIPITATION (IN)
  TODAY            0.00         MM      MM   0.10  -0.10     0.00
  MONTH TO DATE    0.63                      2.28  -1.65     0.56
  SINCE JUN 1     17.57                     13.63   3.94    14.26
  SINCE JAN 1     32.75                     29.23   3.52    24.30

DEGREE DAYS
 HEATING
  TODAY            6                         4      2        0
  MONTH TO DATE   60                        35     25       48
  SINCE SEP 1     60                        35     25       48
  SINCE JUL 1     92                        45     47       62

 COOLING
  TODAY            0                         2     -2        4
  MONTH TO DATE   62                        55      7       70
  SINCE SEP 1     62                        55      7       70
  SINCE JAN 1    611                       677    -66      715
..................................................................


WIND (MPH)
  HIGHEST WIND SPEED    10   HIGHEST WIND DIRECTION    NE (60)
  HIGHEST GUST SPEED    14   HIGHEST GUST DIRECTION     E (80)
  AVERAGE WIND SPEED     2.4


SKY COVER
  POSSIBLE SUNSHINE  MM
  AVERAGE SKY COVER 0.1


WEATHER CONDITIONS
 THE FOLLOWING WEATHER WAS RECORDED TODAY.
  FOG


RELATIVE HUMIDITY (PERCENT)
 HIGHEST   100          1200 AM
 LOWEST     44           200 PM
 AVERAGE    72

..........................................................


THE NEW PHILADELPHIA OH CLIMATE NORMALS FOR TOMORROW
                         NORMAL    RECORD    YEAR
 MAXIMUM TEMPERATURE (F)   74        89      1985
 MINIMUM TEMPERATURE (F)   51        37      1979


SUNRISE AND SUNSET
SEPTEMBER 19 2014.....SUNRISE   710 AM EDT   SUNSET   728 PM EDT
SEPTEMBER 20 2014.....SUNRISE   711 AM EDT   SUNSET   726 PM EDT


-  INDICATES NEGATIVE NUMBERS.
R  INDICATES RECORD WAS SET OR TIED.
MM INDICATES DATA IS MISSING.
T  INDICATES TRACE AMOUNT.




$$
