000
CDUS41 KPHI 210630
CLIPHL


CLIMATE REPORT
NATIONAL WEATHER SERVICE MOUNT HOLLY NJ
229 AM EDT SUN SEP 21 2014


...................................

...THE PHILADELPHIA PA CLIMATE SUMMARY FOR SEPTEMBER 20 2014...

CLIMATE NORMAL PERIOD 1981 TO 2010
CLIMATE RECORD PERIOD 1872 TO 2014


WEATHER ITEM   OBSERVED TIME   RECORD YEAR NORMAL DEPARTURE LAST
                VALUE   (LST)  VALUE       VALUE  FROM      YEAR
                                                  NORMAL
..................................................................
TEMPERATURE (F)
 YESTERDAY
  MAXIMUM         79    307 PM  90    1983  77      2       79
                                      1895
  MINIMUM         56    143 AM  45    1979  59     -3       57
                                      1956
  AVERAGE         68                        68      0       68

PRECIPITATION (IN)
  YESTERDAY        0.00          3.04 1938   0.13  -0.13     0.00
  MONTH TO DATE    0.76                      2.46  -1.70     2.14
  SINCE SEP 1      0.76                      2.46  -1.70     2.14
  SINCE JAN 1     36.57                     30.48   6.09    44.38

SNOWFALL (IN)
  YESTERDAY        0.0           0.0  1870   0.0    0.0      0.0
  MONTH TO DATE    0.0                       0.0    0.0      0.0
  SINCE SEP 1      0.0                       0.0    0.0      0.0
  SINCE JUL 1      0.0                       0.0    0.0      0.0
  SNOW DEPTH       0

DEGREE DAYS
 HEATING
  YESTERDAY        0                         1     -1        0
  MONTH TO DATE    6                         9     -3       20
  SINCE SEP 1      6                         9     -3       20
  SINCE JUL 1      6                        10     -4       20

 COOLING
  YESTERDAY        3                         4     -1        3
  MONTH TO DATE  153                       133     20      125
  SINCE SEP 1    153                       133     20      125
  SINCE JAN 1   1251                      1250      1     1341
..................................................................


WIND (MPH)
  HIGHEST WIND SPEED    15   HIGHEST WIND DIRECTION    SE (130)
  HIGHEST GUST SPEED    20   HIGHEST GUST DIRECTION    SE (130)
  AVERAGE WIND SPEED     6.2


SKY COVER
  POSSIBLE SUNSHINE  MM
  AVERAGE SKY COVER 0.5


WEATHER CONDITIONS
 THE FOLLOWING WEATHER WAS RECORDED YESTERDAY.
  HAZE


RELATIVE HUMIDITY (PERCENT)
 HIGHEST    90           700 AM
 LOWEST     52           200 PM
 AVERAGE    71

..........................................................


THE PHILADELPHIA PA CLIMATE NORMALS FOR TODAY
                         NORMAL    RECORD    YEAR
 MAXIMUM TEMPERATURE (F)   76        97      1895
 MINIMUM TEMPERATURE (F)   58        38      1956


SUNRISE AND SUNSET
SEPTEMBER 21 2014.....SUNRISE   648 AM EDT   SUNSET   700 PM EDT
SEPTEMBER 22 2014.....SUNRISE   649 AM EDT   SUNSET   658 PM EDT


-  INDICATES NEGATIVE NUMBERS.
R  INDICATES RECORD WAS SET OR TIED.
MM INDICATES DATA IS MISSING.
T  INDICATES TRACE AMOUNT.




$$
