000
CDUS41 KPHI 200601
CLIPHL


CLIMATE REPORT
NATIONAL WEATHER SERVICE MOUNT HOLLY NJ
1259 AM EST TUE FEB 20 2018


...................................

...THE PHILADELPHIA PA CLIMATE SUMMARY FOR FEBRUARY 19 2018...

CLIMATE NORMAL PERIOD 1981 TO 2010
CLIMATE RECORD PERIOD 1872 TO 2018


WEATHER ITEM   OBSERVED TIME   RECORD YEAR NORMAL DEPARTURE LAST
                VALUE   (LST)  VALUE       VALUE  FROM      YEAR
                                                  NORMAL
..................................................................
TEMPERATURE (F)
 YESTERDAY
  MAXIMUM         49    741 PM  70    2017  45      4       70
  MINIMUM         33    648 AM   3    1903  28      5       49
  AVERAGE         41                        36      5       60

PRECIPITATION (IN)
  YESTERDAY        T             1.65 1927   0.09  -0.09     0.00
  MONTH TO DATE    5.00                      1.79   3.21     0.79
  SINCE DEC 1      9.16                      8.38   0.78     6.42
  SINCE JAN 1      7.85                      4.82   3.03     3.70

SNOWFALL (IN)
  YESTERDAY        0.0          13.9  1979   0.3   -0.3      0.0
  MONTH TO DATE    1.4                       6.5   -5.1      2.0
  SINCE DEC 1     14.6                      16.4   -1.8      8.0
  SINCE JUL 1     14.6                      16.7   -2.1      8.0
  SNOW DEPTH       0

DEGREE DAYS
 HEATING
  YESTERDAY       24                        28     -4        5
  MONTH TO DATE  501                       573    -72      453
  SINCE DEC 1   2385                      2420    -35     2072
  SINCE JUL 1   3020                      3236   -216     2703

 COOLING
  YESTERDAY        0                         0      0        0
  MONTH TO DATE    0                         0      0        0
  SINCE DEC 1      0                         0      0        0
  SINCE JAN 1      0                         0      0        0
..................................................................


WIND (MPH)
  HIGHEST WIND SPEED    15   HIGHEST WIND DIRECTION    SW (210)
  HIGHEST GUST SPEED    20   HIGHEST GUST DIRECTION     S (190)
  AVERAGE WIND SPEED     5.3


SKY COVER
  POSSIBLE SUNSHINE  MM
  AVERAGE SKY COVER 0.8


WEATHER CONDITIONS
 THE FOLLOWING WEATHER WAS RECORDED YESTERDAY.
  LIGHT RAIN
  FOG
  FOG W/VISIBILITY <= 1/4 MILE


RELATIVE HUMIDITY (PERCENT)
 HIGHEST   100          1000 PM
 LOWEST     65          1000 AM
 AVERAGE    83

..........................................................


THE PHILADELPHIA PA CLIMATE NORMALS FOR TODAY
                         NORMAL    RECORD    YEAR
 MAXIMUM TEMPERATURE (F)   45        70      1939
                                             1930
 MINIMUM TEMPERATURE (F)   29         1      1979


SUNRISE AND SUNSET
FEBRUARY 20 2018......SUNRISE   647 AM EST   SUNSET   543 PM EST
FEBRUARY 21 2018......SUNRISE   646 AM EST   SUNSET   544 PM EST


-  INDICATES NEGATIVE NUMBERS.
R  INDICATES RECORD WAS SET OR TIED.
MM INDICATES DATA IS MISSING.
T  INDICATES TRACE AMOUNT.




$$
