000
CDUS41 KPHI 102135
CLIPHL


CLIMATE REPORT
NATIONAL WEATHER SERVICE MOUNT HOLLY NJ
534 PM EDT THU JUL 10 2014


...................................

...THE PHILADELPHIA PA CLIMATE SUMMARY FOR JULY 10 2014...
VALID TODAY AS OF 0500 PM LOCAL TIME.

CLIMATE NORMAL PERIOD 1981 TO 2010
CLIMATE RECORD PERIOD 1872 TO 2014


WEATHER ITEM   OBSERVED TIME   RECORD YEAR NORMAL DEPARTURE LAST
                VALUE   (LST)  VALUE       VALUE  FROM      YEAR
                                                  NORMAL
..................................................................
TEMPERATURE (F)
 TODAY
  MAXIMUM         87    349 PM 104    1936  87      0       89
  MINIMUM         74    518 AM  53    1963  69      5       77
  AVERAGE         81                        78      3       83

PRECIPITATION (IN)
  TODAY            0.00          2.99 1931   0.14  -0.14     0.05
  MONTH TO DATE    0.51                      1.33  -0.82     0.40
  SINCE JUN 1      5.97                      4.76   1.21    10.96
  SINCE JAN 1     28.47                     21.50   6.97    23.49

SNOWFALL (IN)
  TODAY            0.0           0.0  1870   0.0    0.0      0.0
  MONTH TO DATE    0.0                       0.0    0.0      0.0
  SINCE JUN 1      0.0                       0.0    0.0      0.0
  SINCE JUL 1      0.0                       0.0    0.0      0.0
  SNOW DEPTH       0

DEGREE DAYS
 HEATING
  TODAY            0                         0      0        0
  MONTH TO DATE    0                         0      0        0
  SINCE JUN 1      0                        11    -11        0
  SINCE JUL 1      0                         0      0        0

 COOLING
  TODAY           16                        13      3       18
  MONTH TO DATE  153                       127     26      171
  SINCE JUN 1    445                       385     60      465
  SINCE JAN 1    528                       476     52      589
..................................................................


WIND (MPH)
  HIGHEST WIND SPEED    13   HIGHEST WIND DIRECTION     E (80)
  HIGHEST GUST SPEED    22   HIGHEST GUST DIRECTION     N (20)
  AVERAGE WIND SPEED     8.1


SKY COVER
  POSSIBLE SUNSHINE  MM
  AVERAGE SKY COVER 0.8


WEATHER CONDITIONS
 THE FOLLOWING WEATHER WAS RECORDED TODAY.
  NO SIGNIFICANT WEATHER WAS OBSERVED.


RELATIVE HUMIDITY (PERCENT)
 HIGHEST    79           200 AM
 LOWEST     40           300 PM
 AVERAGE    60

..........................................................


THE PHILADELPHIA PA CLIMATE NORMALS FOR TOMORROW
                         NORMAL    RECORD    YEAR
 MAXIMUM TEMPERATURE (F)   87       100      1988
 MINIMUM TEMPERATURE (F)   69        55      1963


SUNRISE AND SUNSET
JULY 10 2014..........SUNRISE   542 AM EDT   SUNSET   831 PM EDT
JULY 11 2014..........SUNRISE   542 AM EDT   SUNSET   830 PM EDT


-  INDICATES NEGATIVE NUMBERS.
R  INDICATES RECORD WAS SET OR TIED.
MM INDICATES DATA IS MISSING.
T  INDICATES TRACE AMOUNT.




$$
