466
CDUS41 KPHI 292127
CLIPHL


CLIMATE REPORT
NATIONAL WEATHER SERVICE MOUNT HOLLY NJ
526 PM EDT WED MAR 29 2017


...................................

...THE PHILADELPHIA PA CLIMATE SUMMARY FOR MARCH 29 2017...
VALID TODAY AS OF 0500 PM LOCAL TIME.

CLIMATE NORMAL PERIOD 1981 TO 2010
CLIMATE RECORD PERIOD 1872 TO 2017


WEATHER ITEM   OBSERVED TIME   RECORD YEAR NORMAL DEPARTURE LAST
                VALUE   (LST)  VALUE       VALUE  FROM      YEAR
                                                  NORMAL
..................................................................
TEMPERATURE (F)
 TODAY
  MAXIMUM         62    347 PM  87    1945  57      5       59
  MINIMUM         46    809 AM  14    1923  38      8       44
  AVERAGE         54                        48      6       52

PRECIPITATION (IN)
  TODAY            0.00          1.72 2014   0.13  -0.13     0.00
  MONTH TO DATE    2.62                      3.53  -0.91     2.01
  SINCE MAR 1      2.62                      3.53  -0.91     2.01
  SINCE JAN 1      6.83                      9.21  -2.38     9.00

SNOWFALL (IN)
  TODAY            0.0           1.9  1942   0.0    0.0      0.0
  MONTH TO DATE    7.0                       2.8    4.2      1.0
  SINCE MAR 1      7.0                       2.8    4.2      1.0
  SINCE JUL 1     15.0                      21.8   -6.8     27.2
  SNOW DEPTH       0

DEGREE DAYS
 HEATING
  TODAY           11                        17     -6       13
  MONTH TO DATE  663                       633     30      412
  SINCE MAR 1    663                       633     30      412
  SINCE JUL 1   3489                      4115   -626     3098

 COOLING
  TODAY            0                         0      0        0
  MONTH TO DATE    0                         0      0        5
  SINCE MAR 1      0                         0      0        5
  SINCE JAN 1      0                         0      0        5
..................................................................


WIND (MPH)
  HIGHEST WIND SPEED    22   HIGHEST WIND DIRECTION    NW (330)
  HIGHEST GUST SPEED    27   HIGHEST GUST DIRECTION    NW (330)
  AVERAGE WIND SPEED    12.3


SKY COVER
  POSSIBLE SUNSHINE  MM
  AVERAGE SKY COVER 0.4


WEATHER CONDITIONS
 THE FOLLOWING WEATHER WAS RECORDED TODAY.
  NO SIGNIFICANT WEATHER WAS OBSERVED.


RELATIVE HUMIDITY (PERCENT)
 HIGHEST    93           100 AM
 LOWEST     32           400 PM
 AVERAGE    63

..........................................................


THE PHILADELPHIA PA CLIMATE NORMALS FOR TOMORROW
                         NORMAL    RECORD    YEAR
 MAXIMUM TEMPERATURE (F)   58        86      1998
 MINIMUM TEMPERATURE (F)   39        18      1887


SUNRISE AND SUNSET
MARCH 29 2017.........SUNRISE   649 AM EDT   SUNSET   722 PM EDT
MARCH 30 2017.........SUNRISE   648 AM EDT   SUNSET   723 PM EDT


-  INDICATES NEGATIVE NUMBERS.
R  INDICATES RECORD WAS SET OR TIED.
MM INDICATES DATA IS MISSING.
T  INDICATES TRACE AMOUNT.




$$
