623
CDUS41 KPHI 280633
CLIPHL


CLIMATE REPORT
NATIONAL WEATHER SERVICE MOUNT HOLLY NJ
232 AM EDT SUN AUG 28 2016


...................................

...THE PHILADELPHIA PA CLIMATE SUMMARY FOR AUGUST 27 2016...

CLIMATE NORMAL PERIOD 1981 TO 2010
CLIMATE RECORD PERIOD 1872 TO 2016


WEATHER ITEM   OBSERVED TIME   RECORD YEAR NORMAL DEPARTURE LAST
                VALUE   (LST)  VALUE       VALUE  FROM      YEAR
                                                  NORMAL
..................................................................
TEMPERATURE (F)
 YESTERDAY
  MAXIMUM         93    305 PM  98    1948  84      9       81
  MINIMUM         72   1159 PM  51    1963  66      6       64
                                      1944
                                      1885
  AVERAGE         83                        75      8       73

PRECIPITATION (IN)
  YESTERDAY        0.00          4.77 1971   0.11  -0.11     0.00
  MONTH TO DATE    1.70                      3.11  -1.41     0.98
  SINCE JUN 1      7.45                     10.89  -3.44    13.02
  SINCE JAN 1     24.85                     27.63  -2.78    30.19

SNOWFALL (IN)
  YESTERDAY        0.0           0.0    MM   0.0    0.0      0.0
  MONTH TO DATE    0.0                       0.0    0.0      0.0
  SINCE JUN 1      0.0                       0.0    0.0      0.0
  SINCE JUL 1      0.0                       0.0    0.0      0.0
  SNOW DEPTH       0

DEGREE DAYS
 HEATING
  YESTERDAY        0                         0      0        0
  MONTH TO DATE    0                         0      0        0
  SINCE JUN 1      0                        11    -11       12
  SINCE JUL 1      0                         0      0        0

 COOLING
  YESTERDAY       18                        10      8        8
  MONTH TO DATE  439                       322    117      390
  SINCE JUN 1   1232                       988    244     1153
  SINCE JAN 1   1346                      1079    267     1352
..................................................................


WIND (MPH)
  HIGHEST WIND SPEED    14   HIGHEST WIND DIRECTION     E (100)
  HIGHEST GUST SPEED    24   HIGHEST GUST DIRECTION     E (70)
  AVERAGE WIND SPEED     7.1


SKY COVER
  POSSIBLE SUNSHINE  MM
  AVERAGE SKY COVER 0.4


WEATHER CONDITIONS
 THE FOLLOWING WEATHER WAS RECORDED YESTERDAY.
  NO SIGNIFICANT WEATHER WAS OBSERVED.


RELATIVE HUMIDITY (PERCENT)
 HIGHEST    79          1100 PM
 LOWEST     30           300 PM
 AVERAGE    55

..........................................................


THE PHILADELPHIA PA CLIMATE NORMALS FOR TODAY
                         NORMAL    RECORD    YEAR
 MAXIMUM TEMPERATURE (F)   84        99      1973
                                             1948
 MINIMUM TEMPERATURE (F)   66        49      1986


SUNRISE AND SUNSET
AUGUST 28 2016........SUNRISE   626 AM EDT   SUNSET   738 PM EDT
AUGUST 29 2016........SUNRISE   627 AM EDT   SUNSET   736 PM EDT


-  INDICATES NEGATIVE NUMBERS.
R  INDICATES RECORD WAS SET OR TIED.
MM INDICATES DATA IS MISSING.
T  INDICATES TRACE AMOUNT.




$$
