000
CDUS41 KPHI 300629
CLIPHL


CLIMATE REPORT
NATIONAL WEATHER SERVICE MOUNT HOLLY NJ
129 AM EST FRI JAN 30 2015


...................................

...THE PHILADELPHIA PA CLIMATE SUMMARY FOR JANUARY 29 2015...

CLIMATE NORMAL PERIOD 1981 TO 2010
CLIMATE RECORD PERIOD 1872 TO 2015


WEATHER ITEM   OBSERVED TIME   RECORD YEAR NORMAL DEPARTURE LAST
                VALUE   (LST)  VALUE       VALUE  FROM      YEAR
                                                  NORMAL
..................................................................
TEMPERATURE (F)
 YESTERDAY
  MAXIMUM         34   1159 PM  72    2002  41     -7       21
  MINIMUM         21    706 AM  -5    1963  26     -5       12
  AVERAGE         28                        33     -5       17

PRECIPITATION (IN)
  YESTERDAY        T             1.23 1925   0.11  -0.11     0.07
  MONTH TO DATE    4.52                      2.83   1.69     3.55
  SINCE DEC 1      7.79                      6.39   1.40     8.75
  SINCE JAN 1      4.52                      2.83   1.69     3.55

SNOWFALL (IN)
  YESTERDAY        T             5.0  1904   0.3   -0.3      1.0
  MONTH TO DATE    4.2                       5.9   -1.7     25.9
  SINCE DEC 1      4.3                       9.3   -5.0     37.1
  SINCE JUL 1      4.3                       9.6   -5.3     37.1
  SNOW DEPTH       0

DEGREE DAYS
 HEATING
  YESTERDAY       37                        32      5       48
  MONTH TO DATE  971                       926     45     1053
  SINCE DEC 1   1705                      1780    -75     1860
  SINCE JUL 1   2483                      2596   -113     2666

 COOLING
  YESTERDAY        0                         0      0        0
  MONTH TO DATE    0                         0      0        0
  SINCE DEC 1      0                         0      0        0
  SINCE JAN 1      0                         0      0        0
..................................................................


WIND (MPH)
  HIGHEST WIND SPEED    12   HIGHEST WIND DIRECTION     S (180)
  HIGHEST GUST SPEED    15   HIGHEST GUST DIRECTION     S (180)
  AVERAGE WIND SPEED     6.0


SKY COVER
  POSSIBLE SUNSHINE  MM
  AVERAGE SKY COVER 0.6


WEATHER CONDITIONS
 THE FOLLOWING WEATHER WAS RECORDED YESTERDAY.
  LIGHT SNOW


RELATIVE HUMIDITY (PERCENT)
 HIGHEST    51           700 PM
 LOWEST     30          1200 PM
 AVERAGE    41

..........................................................


THE PHILADELPHIA PA CLIMATE NORMALS FOR TODAY
                         NORMAL    RECORD    YEAR
 MAXIMUM TEMPERATURE (F)   41        70      1947
 MINIMUM TEMPERATURE (F)   26         8      1948


SUNRISE AND SUNSET
JANUARY 30 2015.......SUNRISE   711 AM EST   SUNSET   518 PM EST
JANUARY 31 2015.......SUNRISE   710 AM EST   SUNSET   519 PM EST


-  INDICATES NEGATIVE NUMBERS.
R  INDICATES RECORD WAS SET OR TIED.
MM INDICATES DATA IS MISSING.
T  INDICATES TRACE AMOUNT.




$$
