000
CDUS41 KPHI 010628
CLIPHL


CLIMATE REPORT
NATIONAL WEATHER SERVICE MOUNT HOLLY NJ
228 AM EDT WED OCT 1 2014


...................................

...THE PHILADELPHIA PA CLIMATE SUMMARY FOR SEPTEMBER 30 2014...

CLIMATE NORMAL PERIOD 1981 TO 2010
CLIMATE RECORD PERIOD 1872 TO 2014


WEATHER ITEM   OBSERVED TIME   RECORD YEAR NORMAL DEPARTURE LAST
                VALUE   (LST)  VALUE       VALUE  FROM      YEAR
                                                  NORMAL
..................................................................
TEMPERATURE (F)
 YESTERDAY
  MAXIMUM         79    330 PM  88    1881  72      7       74
  MINIMUM         63   1129 PM  38    1942  54      9       53
  AVERAGE         71                        63      8       64

PRECIPITATION (IN)
  YESTERDAY        0.00          2.41 2010   0.13  -0.13     0.00
  MONTH TO DATE    1.69                      3.78  -2.09     3.26
  SINCE SEP 1      1.69                      3.78  -2.09     3.26
  SINCE JAN 1     37.50                     31.80   5.70    45.50

SNOWFALL (IN)
  YESTERDAY        0.0           0.0  1870   0.0    0.0      0.0
  MONTH TO DATE    0.0                       0.0    0.0      0.0
  SINCE SEP 1      0.0                       0.0    0.0      0.0
  SINCE JUL 1      0.0                       0.0    0.0      0.0
  SNOW DEPTH       0

DEGREE DAYS
 HEATING
  YESTERDAY        0                         4     -4        1
  MONTH TO DATE   14                        35    -21       36
  SINCE SEP 1     14                        37    -23       36
  SINCE JUL 1     14                        38    -24       36

 COOLING
  YESTERDAY        6                         2      4        0
  MONTH TO DATE  188                       161     27      130
  SINCE SEP 1    188                       161     27      130
  SINCE JAN 1   1286                      1278      8     1346
..................................................................


WIND (MPH)
  HIGHEST WIND SPEED    16   HIGHEST WIND DIRECTION     E (80)
  HIGHEST GUST SPEED    20   HIGHEST GUST DIRECTION     E (80)
  AVERAGE WIND SPEED     5.2


SKY COVER
  POSSIBLE SUNSHINE  MM
  AVERAGE SKY COVER 0.8


WEATHER CONDITIONS
 THE FOLLOWING WEATHER WAS RECORDED YESTERDAY.
  FOG


RELATIVE HUMIDITY (PERCENT)
 HIGHEST    93           700 AM
 LOWEST     42           400 PM
 AVERAGE    68

..........................................................


THE PHILADELPHIA PA CLIMATE NORMALS FOR TODAY
                         NORMAL    RECORD    YEAR
 MAXIMUM TEMPERATURE (F)   72        89      1927
 MINIMUM TEMPERATURE (F)   54        34      1947


SUNRISE AND SUNSET
OCTOBER  1 2014.......SUNRISE   657 AM EDT   SUNSET   643 PM EDT
OCTOBER  2 2014.......SUNRISE   658 AM EDT   SUNSET   642 PM EDT


-  INDICATES NEGATIVE NUMBERS.
R  INDICATES RECORD WAS SET OR TIED.
MM INDICATES DATA IS MISSING.
T  INDICATES TRACE AMOUNT.




$$
