000
CDUS41 KPHI 040631
CLIPHL


CLIMATE REPORT
NATIONAL WEATHER SERVICE MOUNT HOLLY NJ
131 AM EST SUN DEC 4 2016


...................................

...THE PHILADELPHIA PA CLIMATE SUMMARY FOR DECEMBER 3 2016...

CLIMATE NORMAL PERIOD 1981 TO 2010
CLIMATE RECORD PERIOD 1872 TO 2016


WEATHER ITEM   OBSERVED TIME   RECORD YEAR NORMAL DEPARTURE LAST
                VALUE   (LST)  VALUE       VALUE  FROM      YEAR
                                                  NORMAL
..................................................................
TEMPERATURE (F)
 YESTERDAY
  MAXIMUM         52    158 PM  68    1950  49      3       56
  MINIMUM         42    157 AM   9    1976  34      8       40
  AVERAGE         47                        41      6       48

PRECIPITATION (IN)
  YESTERDAY        0.00          1.60 1967   0.12  -0.12     0.00
  MONTH TO DATE    0.03                      0.37  -0.34     0.86
  SINCE DEC 1      0.03                      0.37  -0.34     0.86
  SINCE JAN 1     32.63                     38.34  -5.71    42.72

SNOWFALL (IN)
  YESTERDAY        0.0           2.0  1903   0.1   -0.1      0.0
  MONTH TO DATE    0.0                       0.2   -0.2      0.0
  SINCE DEC 1      0.0                       0.2   -0.2      0.0
  SINCE JUL 1      T                         0.5   -0.5      0.0
  SNOW DEPTH       0

DEGREE DAYS
 HEATING
  YESTERDAY       18                        24     -6       17
  MONTH TO DATE   49                        70    -21       40
  SINCE DEC 1     49                        70    -21       40
  SINCE JUL 1    680                       886   -206      600

 COOLING
  YESTERDAY        0                         0      0        0
  MONTH TO DATE    0                         0      0        0
  SINCE DEC 1      0                         0      0        0
  SINCE JAN 1   1726                      1301    425     1718
..................................................................


WIND (MPH)
  HIGHEST WIND SPEED    23   HIGHEST WIND DIRECTION    NW (300)
  HIGHEST GUST SPEED    31   HIGHEST GUST DIRECTION     W (290)
  AVERAGE WIND SPEED    13.5


SKY COVER
  POSSIBLE SUNSHINE  MM
  AVERAGE SKY COVER 0.8


WEATHER CONDITIONS
 THE FOLLOWING WEATHER WAS RECORDED YESTERDAY.
  NO SIGNIFICANT WEATHER WAS OBSERVED.


RELATIVE HUMIDITY (PERCENT)
 HIGHEST    62           200 AM
 LOWEST     39           100 PM
 AVERAGE    51

..........................................................


THE PHILADELPHIA PA CLIMATE NORMALS FOR TODAY
                         NORMAL    RECORD    YEAR
 MAXIMUM TEMPERATURE (F)   49        73      1998
 MINIMUM TEMPERATURE (F)   34        12      1966
                                             1940


SUNRISE AND SUNSET
DECEMBER  4 2016......SUNRISE   707 AM EST   SUNSET   436 PM EST
DECEMBER  5 2016......SUNRISE   708 AM EST   SUNSET   436 PM EST


-  INDICATES NEGATIVE NUMBERS.
R  INDICATES RECORD WAS SET OR TIED.
MM INDICATES DATA IS MISSING.
T  INDICATES TRACE AMOUNT.




$$
