000
CDUS41 KPHI 262132
CLIPHL


CLIMATE REPORT
NATIONAL WEATHER SERVICE MOUNT HOLLY NJ
531 PM EDT TUE SEP 26 2017


...................................

...THE PHILADELPHIA PA CLIMATE SUMMARY FOR SEPTEMBER 26 2017...
VALID TODAY AS OF 0500 PM LOCAL TIME.

CLIMATE NORMAL PERIOD 1981 TO 2010
CLIMATE RECORD PERIOD 1872 TO 2017


WEATHER ITEM   OBSERVED TIME   RECORD YEAR NORMAL DEPARTURE LAST
                VALUE   (LST)  VALUE       VALUE  FROM      YEAR
                                                  NORMAL
..................................................................
TEMPERATURE (F)
 TODAY
  MAXIMUM         85    250 PM  92    1970  74     11       73
                                      1881
  MINIMUM         67    511 AM  38    1963  56     11       53
                                      1940
  AVERAGE         76                        65     11       63

PRECIPITATION (IN)
  TODAY            0.00          2.79 1985   0.13  -0.13      T
  MONTH TO DATE    3.86                      3.24   0.62     1.76
  SINCE SEP 1      3.86                      3.24   0.62     1.76
  SINCE JAN 1     35.07                     31.26   3.81    26.61

SNOWFALL (IN)
  TODAY            0.0           0.0    MM   0.0    0.0      0.0
  MONTH TO DATE    0.0                       0.0    0.0      0.0
  SINCE SEP 1      0.0                       0.0    0.0      0.0
  SINCE JUL 1      0.0                       0.0    0.0      0.0
  SNOW DEPTH       0

DEGREE DAYS
 HEATING
  TODAY            0                         3     -3        2
  MONTH TO DATE    7                        22    -15        3
  SINCE SEP 1      7                        22    -15        3
  SINCE JUL 1      7                        23    -16        3

 COOLING
  TODAY           11                         3      8        0
  MONTH TO DATE  195                       153     42      269
  SINCE SEP 1    195                       153     42      269
  SINCE JAN 1   1385                      1270    115     1681
..................................................................


WIND (MPH)
  HIGHEST WIND SPEED    12   HIGHEST WIND DIRECTION    NE (40)
  HIGHEST GUST SPEED    18   HIGHEST GUST DIRECTION     N (360)
  AVERAGE WIND SPEED     6.7


SKY COVER
  POSSIBLE SUNSHINE  MM
  AVERAGE SKY COVER 0.8


WEATHER CONDITIONS
 THE FOLLOWING WEATHER WAS RECORDED TODAY.
  NO SIGNIFICANT WEATHER WAS OBSERVED.


RELATIVE HUMIDITY (PERCENT)
 HIGHEST    93           200 AM
 LOWEST     55           200 PM
 AVERAGE    74

..........................................................


THE PHILADELPHIA PA CLIMATE NORMALS FOR TOMORROW
                         NORMAL    RECORD    YEAR
 MAXIMUM TEMPERATURE (F)   74        91      1998
 MINIMUM TEMPERATURE (F)   56        36      1947


SUNRISE AND SUNSET
SEPTEMBER 26 2017.....SUNRISE   653 AM EDT   SUNSET   651 PM EDT
SEPTEMBER 27 2017.....SUNRISE   654 AM EDT   SUNSET   649 PM EDT


-  INDICATES NEGATIVE NUMBERS.
R  INDICATES RECORD WAS SET OR TIED.
MM INDICATES DATA IS MISSING.
T  INDICATES TRACE AMOUNT.




$$
