000
CDUS43 KUNR 290833
CLIPHP


CLIMATE REPORT
NATIONAL WEATHER SERVICE RAPID CITY SD
231 AM MDT FRI APR 29 2016


...................................

...THE PHILIP SD CLIMATE SUMMARY FOR APRIL 28 2016...

CLIMATE NORMAL PERIOD 1981 TO 2010
CLIMATE RECORD PERIOD 9999 TO 9999


WEATHER ITEM   OBSERVED TIME   NORMAL DEPARTURE LAST
                VALUE   (LST)  VALUE  FROM      YEAR
                                      NORMAL
......................................................
TEMPERATURE (F)
 YESTERDAY
  MAXIMUM         45    213 PM  65    -20       67
  MINIMUM         34    618 AM  37     -3       31
  AVERAGE         40            51    -11       49

PRECIPITATION (IN)
  YESTERDAY        T             0.09  -0.09     0.00
  MONTH TO DATE    3.96          1.65   2.31     0.33
  SINCE MAR 1      4.67          2.92   1.75     0.42
  SINCE JAN 1      5.35          3.70   1.65     0.53

DEGREE DAYS
 HEATING
  YESTERDAY       25            14     11       16
  MONTH TO DATE  469           535    -66      488
  SINCE MAR 1   1200          1473   -273     1218
  SINCE JUL 1   6012          6838   -826     6358

 COOLING
  YESTERDAY        0             0      0        0
  MONTH TO DATE    1             0      1        0
  SINCE MAR 1      1             0      1        3
  SINCE JAN 1      1             0      1        3
......................................................


WIND (MPH)
  HIGHEST WIND SPEED    15   HIGHEST WIND DIRECTION     N (350)
  HIGHEST GUST SPEED    18   HIGHEST GUST DIRECTION    NE (30)
  AVERAGE WIND SPEED     9.2


SKY COVER
  AVERAGE SKY COVER 1.0


WEATHER CONDITIONS
 THE FOLLOWING WEATHER WAS RECORDED YESTERDAY.
  LIGHT RAIN
  FOG


RELATIVE HUMIDITY (PERCENT)
 HIGHEST   100          1200 AM
 LOWEST     70           400 PM
 AVERAGE    85

..........................................................




SUNRISE AND SUNSET
APRIL 29 2016.........SUNRISE   540 AM MDT   SUNSET   748 PM MDT
APRIL 30 2016.........SUNRISE   539 AM MDT   SUNSET   749 PM MDT


-  INDICATES NEGATIVE NUMBERS.
R  INDICATES RECORD WAS SET OR TIED.
MM INDICATES DATA IS MISSING.
T  INDICATES TRACE AMOUNT.




$$
