000
CDUS43 KUNR 050849
CLIPHP


CLIMATE REPORT
NATIONAL WEATHER SERVICE RAPID CITY SD
146 AM MST THU MAR 5 2015


...................................

...THE PHILIP SD CLIMATE SUMMARY FOR MARCH 4 2015...

CLIMATE NORMAL PERIOD 1981 TO 2010
CLIMATE RECORD PERIOD 9999 TO 9999


WEATHER ITEM   OBSERVED TIME   NORMAL DEPARTURE LAST
                VALUE   (LST)  VALUE  FROM      YEAR
                                      NORMAL
......................................................
TEMPERATURE (F)
 YESTERDAY
  MAXIMUM         18    406 PM  43    -25       19
  MINIMUM         -6   1159 PM  18    -24        1
  AVERAGE          6            30    -24       10

PRECIPITATION (IN)
  YESTERDAY        0.00          0.04  -0.04      T
  MONTH TO DATE    0.09          0.15  -0.06     0.23
  SINCE MAR 1      0.09          0.15  -0.06     0.23
  SINCE JAN 1      0.20          0.93  -0.73     0.71

DEGREE DAYS
 HEATING
  YESTERDAY       59            35     24       55
  MONTH TO DATE  191           141     50      261
  SINCE MAR 1    191           141     50      261
  SINCE JUL 1   5331          5506   -175     5864

 COOLING
  YESTERDAY        0             0      0        0
  MONTH TO DATE    0             0      0        0
  SINCE MAR 1      0             0      0        0
  SINCE JAN 1      0             0      0        0
......................................................


WIND (MPH)
  HIGHEST WIND SPEED    23   HIGHEST WIND DIRECTION    NW (330)
  HIGHEST GUST SPEED    28   HIGHEST GUST DIRECTION    NW (330)
  AVERAGE WIND SPEED    10.1


SKY COVER
  AVERAGE SKY COVER 0.2


WEATHER CONDITIONS
 THE FOLLOWING WEATHER WAS RECORDED YESTERDAY.
  NO SIGNIFICANT WEATHER WAS OBSERVED.


RELATIVE HUMIDITY (PERCENT)
 HIGHEST    75          1200 AM
 LOWEST     47           300 PM
 AVERAGE    61

..........................................................




SUNRISE AND SUNSET
MARCH  5 2015.........SUNRISE   617 AM MST   SUNSET   540 PM MST
MARCH  6 2015.........SUNRISE   615 AM MST   SUNSET   541 PM MST


-  INDICATES NEGATIVE NUMBERS.
R  INDICATES RECORD WAS SET OR TIED.
MM INDICATES DATA IS MISSING.
T  INDICATES TRACE AMOUNT.




$$
