000
CDUS43 KUNR 220835
CLIPHP


CLIMATE REPORT
NATIONAL WEATHER SERVICE RAPID CITY SD
133 AM MST MON JAN 22 2018


...................................

...THE PHILIP SD CLIMATE SUMMARY FOR JANUARY 21 2018...

CLIMATE NORMAL PERIOD 1981 TO 2010
CLIMATE RECORD PERIOD 9999 TO 9999


WEATHER ITEM   OBSERVED TIME   NORMAL DEPARTURE LAST
                VALUE   (LST)  VALUE  FROM      YEAR
                                      NORMAL
......................................................
TEMPERATURE (F)
 YESTERDAY
  MAXIMUM         33    403 PM  35     -2       41
  MINIMUM         25   1100 PM  10     15       22
  AVERAGE         29            22      7       32

PRECIPITATION (IN)
  YESTERDAY        0.01          0.01   0.00     0.00
  MONTH TO DATE    0.30          0.21   0.09     0.13
  SINCE DEC 1      0.69          0.64   0.05     0.55
  SINCE JAN 1      0.30          0.21   0.09     0.13

DEGREE DAYS
 HEATING
  YESTERDAY       36            43     -7       33
  MONTH TO DATE  974           910     64     1127
  SINCE DEC 1   2248          2210     38     2619
  SINCE JUL 1   3697          3845   -148     3757

 COOLING
  YESTERDAY        0             0      0        0
  MONTH TO DATE    0             0      0        0
  SINCE DEC 1      0             0      0        0
  SINCE JAN 1      0             0      0        0
......................................................


WIND (MPH)
  HIGHEST WIND SPEED    13   HIGHEST WIND DIRECTION    NW (330)
  HIGHEST GUST SPEED    16   HIGHEST GUST DIRECTION     N (340)
  AVERAGE WIND SPEED     5.4


SKY COVER
  AVERAGE SKY COVER 1.0


WEATHER CONDITIONS
 THE FOLLOWING WEATHER WAS RECORDED YESTERDAY.
  LIGHT SNOW
  FOG


RELATIVE HUMIDITY (PERCENT)
 HIGHEST   100          1200 AM
 LOWEST     84          1100 PM
 AVERAGE    92

..........................................................




SUNRISE AND SUNSET
JANUARY 22 2018.......SUNRISE   713 AM MST   SUNSET   443 PM MST
JANUARY 23 2018.......SUNRISE   713 AM MST   SUNSET   444 PM MST


-  INDICATES NEGATIVE NUMBERS.
R  INDICATES RECORD WAS SET OR TIED.
MM INDICATES DATA IS MISSING.
T  INDICATES TRACE AMOUNT.




$$
