000
CDUS43 KUNR 220836
CLIPHP


CLIMATE REPORT
NATIONAL WEATHER SERVICE RAPID CITY SD
234 AM MDT WED MAR 22 2017


...................................

...THE PHILIP SD CLIMATE SUMMARY FOR MARCH 21 2017...

CLIMATE NORMAL PERIOD 1981 TO 2010
CLIMATE RECORD PERIOD 9999 TO 9999


WEATHER ITEM   OBSERVED TIME   NORMAL DEPARTURE LAST
                VALUE   (LST)  VALUE  FROM      YEAR
                                      NORMAL
......................................................
TEMPERATURE (F)
 YESTERDAY
  MAXIMUM         41   1208 AM  50     -9       76
  MINIMUM         30   1159 PM  24      6       16
  AVERAGE         36            37     -1       46

PRECIPITATION (IN)
  YESTERDAY        0.13          0.04   0.09     0.00
  MONTH TO DATE    0.28          0.87  -0.59     0.11
  SINCE MAR 1      0.28          0.87  -0.59     0.11
  SINCE JAN 1      1.35          1.65  -0.30     0.79

DEGREE DAYS
 HEATING
  YESTERDAY       29            28      1       19
  MONTH TO DATE  619           675    -56      478
  SINCE MAR 1    619           675    -56      478
  SINCE JUL 1   5679          6040   -361     5290

 COOLING
  YESTERDAY        0             0      0        0
  MONTH TO DATE    0             0      0        0
  SINCE MAR 1      0             0      0        0
  SINCE JAN 1      0             0      0        0
......................................................


WIND (MPH)
  HIGHEST WIND SPEED    21   HIGHEST WIND DIRECTION     E (70)
  HIGHEST GUST SPEED    25   HIGHEST GUST DIRECTION     E (70)
  AVERAGE WIND SPEED    13.3


SKY COVER
  AVERAGE SKY COVER 1.0


WEATHER CONDITIONS
 THE FOLLOWING WEATHER WAS RECORDED YESTERDAY.
  RAIN
  LIGHT RAIN
  LIGHT SNOW
  FOG


RELATIVE HUMIDITY (PERCENT)
 HIGHEST   100           300 AM
 LOWEST     73          1200 AM
 AVERAGE    87

..........................................................




SUNRISE AND SUNSET
MARCH 22 2017.........SUNRISE   645 AM MDT   SUNSET   702 PM MDT
MARCH 23 2017.........SUNRISE   644 AM MDT   SUNSET   703 PM MDT


-  INDICATES NEGATIVE NUMBERS.
R  INDICATES RECORD WAS SET OR TIED.
MM INDICATES DATA IS MISSING.
T  INDICATES TRACE AMOUNT.




$$
