428
CDUS43 KUNR 040832
CLIPHP


CLIMATE REPORT
NATIONAL WEATHER SERVICE RAPID CITY SD
132 AM MST SUN DEC 4 2016


...................................

...THE PHILIP SD CLIMATE SUMMARY FOR DECEMBER 3 2016...

CLIMATE NORMAL PERIOD 1981 TO 2010
CLIMATE RECORD PERIOD 9999 TO 9999


WEATHER ITEM   OBSERVED TIME   NORMAL DEPARTURE LAST
                VALUE   (LST)  VALUE  FROM      YEAR
                                      NORMAL
......................................................
TEMPERATURE (F)
 YESTERDAY
  MAXIMUM         40    113 PM  39      1       39
  MINIMUM          7    241 AM  13     -6       11
  AVERAGE         24            26     -2       25

PRECIPITATION (IN)
  YESTERDAY        0.00          0.02  -0.02     0.00
  MONTH TO DATE    0.00          0.05  -0.05     0.02
  SINCE DEC 1      0.00          0.05  -0.05     0.02
  SINCE JAN 1     12.85         16.97  -4.12    19.25

DEGREE DAYS
 HEATING
  YESTERDAY       41            39      2       40
  MONTH TO DATE  121           116      5      111
  SINCE DEC 1    121           116      5      111
  SINCE JUL 1   1259          1751   -492     1451

 COOLING
  YESTERDAY        0             0      0        0
  MONTH TO DATE    0             0      0        0
  SINCE DEC 1      0             0      0        0
  SINCE JAN 1    908           818     90      750
......................................................


WIND (MPH)
  HIGHEST WIND SPEED    16   HIGHEST WIND DIRECTION    SW (230)
  HIGHEST GUST SPEED    20   HIGHEST GUST DIRECTION    SW (220)
  AVERAGE WIND SPEED     5.7


SKY COVER
  AVERAGE SKY COVER 0.4


WEATHER CONDITIONS
 THE FOLLOWING WEATHER WAS RECORDED YESTERDAY.
  NO SIGNIFICANT WEATHER WAS OBSERVED.


RELATIVE HUMIDITY (PERCENT)
 HIGHEST    96           500 AM
 LOWEST     50           100 PM
 AVERAGE    73

..........................................................




SUNRISE AND SUNSET
DECEMBER  4 2016......SUNRISE   705 AM MST   SUNSET   409 PM MST
DECEMBER  5 2016......SUNRISE   706 AM MST   SUNSET   408 PM MST


-  INDICATES NEGATIVE NUMBERS.
R  INDICATES RECORD WAS SET OR TIED.
MM INDICATES DATA IS MISSING.
T  INDICATES TRACE AMOUNT.




$$
