201
CDUS43 KUNR 270833
CLIPHP


CLIMATE REPORT
NATIONAL WEATHER SERVICE RAPID CITY SD
232 AM MDT WED JUL 27 2016


...................................

...THE PHILIP SD CLIMATE SUMMARY FOR JULY 26 2016...

CLIMATE NORMAL PERIOD 1981 TO 2010
CLIMATE RECORD PERIOD 9999 TO 9999


WEATHER ITEM   OBSERVED TIME   NORMAL DEPARTURE LAST
                VALUE   (LST)  VALUE  FROM      YEAR
                                      NORMAL
......................................................
TEMPERATURE (F)
 YESTERDAY
  MAXIMUM         94    253 PM  91      3       92
  MINIMUM         66   1159 PM  61      5       63
  AVERAGE         80            76      4       78

PRECIPITATION (IN)
  YESTERDAY        0.00          0.05  -0.05      T
  MONTH TO DATE    1.04          1.78  -0.74     0.35
  SINCE JUN 1      1.76          4.71  -2.95     6.18
  SINCE JAN 1      8.48         11.63  -3.15    13.16

DEGREE DAYS
 HEATING
  YESTERDAY        0             0      0        0
  MONTH TO DATE    4             3      1        0
  SINCE JUN 1     11            66    -55       12
  SINCE JUL 1      4             3      1        0

 COOLING
  YESTERDAY       15            11      4       13
  MONTH TO DATE  284           249     35      246
  SINCE JUN 1    511           372    139      356
  SINCE JAN 1    525           399    126      362
......................................................


WIND (MPH)
  HIGHEST WIND SPEED    25   HIGHEST WIND DIRECTION     E (80)
  HIGHEST GUST SPEED    33   HIGHEST GUST DIRECTION     E (70)
  AVERAGE WIND SPEED    10.0


SKY COVER
  AVERAGE SKY COVER 0.1


WEATHER CONDITIONS
 THE FOLLOWING WEATHER WAS RECORDED YESTERDAY.
  NO SIGNIFICANT WEATHER WAS OBSERVED.


RELATIVE HUMIDITY (PERCENT)
 HIGHEST    79           400 AM
 LOWEST     32           100 PM
 AVERAGE    56

..........................................................




SUNRISE AND SUNSET
JULY 27 2016..........SUNRISE   530 AM MDT   SUNSET   816 PM MDT
JULY 28 2016..........SUNRISE   531 AM MDT   SUNSET   814 PM MDT


-  INDICATES NEGATIVE NUMBERS.
R  INDICATES RECORD WAS SET OR TIED.
MM INDICATES DATA IS MISSING.
T  INDICATES TRACE AMOUNT.




$$
