000
CDUS45 KPSR 240811
CLIPHX

CLIMATE REPORT
NATIONAL WEATHER SERVICE PHOENIX AZ
111 AM MST SAT SEP 24 2016


...................................

...THE PHOENIX AZ CLIMATE SUMMARY FOR SEPTEMBER 23 2016...

CLIMATE NORMAL PERIOD 1981 TO 2010
CLIMATE RECORD PERIOD 1895 TO 2016


WEATHER ITEM   OBSERVED TIME   RECORD YEAR NORMAL DEPARTURE LAST
                VALUE   (LST)  VALUE       VALUE  FROM      YEAR
                                                  NORMAL
..................................................................
TEMPERATURE (F)
 YESTERDAY
  MAXIMUM         88    254 PM 108    2011  98    -10       97
                                      2002
                                      2001
  MINIMUM         71   1013 PM  54    1968  75     -4       72
                                      1965
  AVERAGE         80                        86     -6       85

PRECIPITATION (IN)
  YESTERDAY        0.00          0.72 1976   0.02  -0.02     0.00
  MONTH TO DATE    0.30                      0.51  -0.21     0.81
  SINCE OCT 1      5.51                      7.90  -2.39     7.02
  SINCE JAN 1      4.34                      5.79  -1.45     5.98

SNOWFALL (IN)
  YESTERDAY        0.0
  MONTH TO DATE    0.0
  SINCE JAN 1      0.0
  SINCE JUL 1      0.0
  SNOW DEPTH       0

DEGREE DAYS
 HEATING
  YESTERDAY        0                         0      0        0
  MONTH TO DATE    0                         0      0        0
  SINCE SEP 1      0                         0      0        0
  SINCE JUL 1      0                         0      0        0

 COOLING
  YESTERDAY       15                        21     -6       20
  MONTH TO DATE  538                       566    -28      561
  SINCE SEP 1    538                       566    -28      561
  SINCE JAN 1   4290                      4035    255     4377
..................................................................


WIND (MPH)
  HIGHEST WIND SPEED    20   HIGHEST WIND DIRECTION    NW (300)
  HIGHEST GUST SPEED    25   HIGHEST GUST DIRECTION    NW (310)
  AVERAGE WIND SPEED     8.4


SKY COVER
  AVERAGE SKY COVER 0.4


WEATHER CONDITIONS
 THE FOLLOWING WEATHER WAS RECORDED YESTERDAY.
  NO SIGNIFICANT WEATHER WAS OBSERVED.


RELATIVE HUMIDITY (PERCENT)
 HIGHEST    69           300 AM
 LOWEST      7           400 PM
 AVERAGE    38

..........................................................


THE PHOENIX AZ CLIMATE NORMALS FOR TODAY
                         NORMAL    RECORD    YEAR
 MAXIMUM TEMPERATURE (F)   97       108      2002
 MINIMUM TEMPERATURE (F)   74        55      1968
                                             1941
                                             1923


SUNRISE AND SUNSET
SEPTEMBER 24 2016.....SUNRISE   618 AM MST   SUNSET   621 PM MST
SEPTEMBER 25 2016.....SUNRISE   619 AM MST   SUNSET   620 PM MST


-  INDICATES NEGATIVE NUMBERS.
R  INDICATES RECORD WAS SET OR TIED.
MM INDICATES DATA IS MISSING.
T  INDICATES TRACE AMOUNT.

&&
.....................................................................

DEW POINT
  HIGHEST DEW POINT    67
   LOWEST DEW POINT    13
  AVERAGE DEW POINT    33
.....................................................................

$$
