000
CDUS45 KPSR 240801
CLIPHX

CLIMATE REPORT
NATIONAL WEATHER SERVICE PHOENIX AZ
100 AM MST TUE JAN 24 2017

...................................

...THE PHOENIX AZ CLIMATE SUMMARY FOR JANUARY 23 2017...

CLIMATE NORMAL PERIOD 1981 TO 2010
CLIMATE RECORD PERIOD 1895 TO 2017


WEATHER ITEM   OBSERVED TIME   RECORD YEAR NORMAL DEPARTURE LAST
                VALUE   (LST)  VALUE       VALUE  FROM      YEAR
                                                  NORMAL
..................................................................
TEMPERATURE (F)
 YESTERDAY
  MAXIMUM         63    203 PM  81    2013  68     -5       73
  MINIMUM         49   1153 PM  24    1937  46      3       51
  AVERAGE         56                        57     -1       62

PRECIPITATION (IN)
  YESTERDAY        T             0.25 1967   0.03  -0.03     0.00
  MONTH TO DATE    1.10                      0.69   0.41     1.13
  SINCE OCT 1      2.93                      2.80   0.13     2.30
  SINCE JAN 1      1.10                      0.69   0.41     1.13

SNOWFALL (IN)
  YESTERDAY       MM
  MONTH TO DATE    0.0
  SINCE JAN 1      0.0
  SINCE JUL 1      0.0
  SNOW DEPTH       0

DEGREE DAYS
 HEATING
  YESTERDAY        9                         8      1        3
  MONTH TO DATE  200                       207     -7      230
  SINCE DEC 1    411                       505    -94      556
  SINCE JUL 1    469                       608   -139      677

 COOLING
  YESTERDAY        0                         0      0        0
  MONTH TO DATE    0                         0      0        0
  SINCE DEC 1      1                         1      0        0
  SINCE JAN 1      0                         0      0        0
..................................................................


WIND (MPH)
  HIGHEST WIND SPEED    29   HIGHEST WIND DIRECTION     W (280)
  HIGHEST GUST SPEED    33   HIGHEST GUST DIRECTION     W (270)
  AVERAGE WIND SPEED     6.5


SKY COVER
  AVERAGE SKY COVER 0.9


WEATHER CONDITIONS
 THE FOLLOWING WEATHER WAS RECORDED YESTERDAY.
  LIGHT RAIN


RELATIVE HUMIDITY (PERCENT)
 HIGHEST    74          1100 PM
 LOWEST     44          1200 PM
 AVERAGE    59

..........................................................


THE PHOENIX AZ CLIMATE NORMALS FOR TODAY
                         NORMAL    RECORD    YEAR
 MAXIMUM TEMPERATURE (F)   68        80      1953
 MINIMUM TEMPERATURE (F)   46        24      1937


SUNRISE AND SUNSET
JANUARY 24 2017.......SUNRISE   729 AM MST   SUNSET   552 PM MST
JANUARY 25 2017.......SUNRISE   728 AM MST   SUNSET   553 PM MST


-  INDICATES NEGATIVE NUMBERS.
R  INDICATES RECORD WAS SET OR TIED.
MM INDICATES DATA IS MISSING.
T  INDICATES TRACE AMOUNT.

&&
.....................................................................

DEW POINT
  HIGHEST DEW POINT    49
   LOWEST DEW POINT    36
  AVERAGE DEW POINT    42
.....................................................................

$$
