000
CDUS45 KPSR 250807
CLIPHX

CLIMATE REPORT
NATIONAL WEATHER SERVICE PHOENIX AZ
106 AM MST THU AUG 25 2016


...................................

...THE PHOENIX AZ CLIMATE SUMMARY FOR AUGUST 24 2016...

CLIMATE NORMAL PERIOD 1981 TO 2010
CLIMATE RECORD PERIOD 1895 TO 2016


WEATHER ITEM   OBSERVED TIME   RECORD YEAR NORMAL DEPARTURE LAST
                VALUE   (LST)  VALUE       VALUE  FROM      YEAR
                                                  NORMAL
..................................................................
TEMPERATURE (F)
 YESTERDAY
  MAXIMUM        103    517 PM 115    1985 104     -1      108
  MINIMUM         77    529 AM  61    1965  82     -5       88
  AVERAGE         90                        93     -3       98

PRECIPITATION (IN)
  YESTERDAY        0.04          1.16 1952   0.04   0.00     0.00
  MONTH TO DATE    1.27                      0.80   0.47     0.59
  SINCE OCT 1      5.21                      7.19  -1.98     5.51
  SINCE JAN 1      4.04                      5.08  -1.04     4.47

SNOWFALL (IN)
  YESTERDAY        0.0
  MONTH TO DATE    0.0
  SINCE JAN 1      0.0
  SINCE JUL 1      0.0
  SNOW DEPTH       0

DEGREE DAYS
 HEATING
  YESTERDAY        0                         0      0        0
  MONTH TO DATE    0                         0      0        0
  SINCE JUN 1      0                         0      0        0
  SINCE JUL 1      0                         0      0        0

 COOLING
  YESTERDAY       25                        28     -3       33
  MONTH TO DATE  656                       690    -34      783
  SINCE JUN 1   2562                      2388    174     2585
  SINCE JAN 1   3569                      3274    295     3610
..................................................................


WIND (MPH)
  HIGHEST WIND SPEED    33   HIGHEST WIND DIRECTION     N (20)
  HIGHEST GUST SPEED    42   HIGHEST GUST DIRECTION    NE (30)
  AVERAGE WIND SPEED     5.7


SKY COVER
  AVERAGE SKY COVER 0.4


WEATHER CONDITIONS
 THE FOLLOWING WEATHER WAS RECORDED YESTERDAY.
  THUNDERSTORM
  LIGHT RAIN


RELATIVE HUMIDITY (PERCENT)
 HIGHEST    51           500 AM
 LOWEST     19           300 PM
 AVERAGE    35

..........................................................


THE PHOENIX AZ CLIMATE NORMALS FOR TODAY
                         NORMAL    RECORD    YEAR
 MAXIMUM TEMPERATURE (F)  104       113      2011
 MINIMUM TEMPERATURE (F)   82        65      1965


SUNRISE AND SUNSET
AUGUST 25 2016........SUNRISE   558 AM MST   SUNSET   702 PM MST
AUGUST 26 2016........SUNRISE   558 AM MST   SUNSET   700 PM MST


-  INDICATES NEGATIVE NUMBERS.
R  INDICATES RECORD WAS SET OR TIED.
MM INDICATES DATA IS MISSING.
T  INDICATES TRACE AMOUNT.

&&
.....................................................................

DEW POINT
  HIGHEST DEW POINT    61
   LOWEST DEW POINT    50
  AVERAGE DEW POINT    57
.....................................................................

$$
