000
CDUS45 KPSR 240833
CLIPHX

CDUS45 KPSR DDHHMM
CLIPHX

CLIMATE REPORT
NATIONAL WEATHER SERVICE PHOENIX AZ
133 AM MST TUE MAY 24 2016


...................................

...THE PHOENIX AZ CLIMATE SUMMARY FOR MAY 23 2016...

CLIMATE NORMAL PERIOD 1981 TO 2010
CLIMATE RECORD PERIOD 1895 TO 2016


WEATHER ITEM   OBSERVED TIME   RECORD YEAR NORMAL DEPARTURE LAST
                VALUE   (LST)  VALUE       VALUE  FROM      YEAR
                                                  NORMAL
..................................................................
TEMPERATURE (F)
 YESTERDAY
  MAXIMUM         89    521 PM 109    2001  97     -8       83
  MINIMUM         66    559 AM  49    1965  71     -5       64
                                      1927
  AVERAGE         78                        84     -6       74

PRECIPITATION (IN)
  YESTERDAY        0.00          0.12 2008   0.01  -0.01     0.00
  MONTH TO DATE    0.05                      0.09  -0.04     1.17
  SINCE OCT 1      3.04                      5.30  -2.26     3.54
  SINCE JAN 1      1.87                      3.19  -1.32     2.50

SNOWFALL (IN)
  YESTERDAY        0.0
  MONTH TO DATE    0.0
  SINCE JAN 1      0.0
  SINCE JUL 1      0.0
  SNOW DEPTH       0

DEGREE DAYS
 HEATING
  YESTERDAY        0                         0      0        0
  MONTH TO DATE    0                         0      0        0
  SINCE MAR 1     16                       101    -85       25
  SINCE JUL 1    829                       934   -105      520

 COOLING
  YESTERDAY       13                        19     -6        9
  MONTH TO DATE  341                       367    -26      274
  SINCE MAR 1    766                       705     61      816
  SINCE JAN 1    879                       722    157      864
..................................................................


WIND (MPH)
  HIGHEST WIND SPEED    14   HIGHEST WIND DIRECTION     W (270)
  HIGHEST GUST SPEED    17   HIGHEST GUST DIRECTION    NW (310)
  AVERAGE WIND SPEED     6.9


SKY COVER
  AVERAGE SKY COVER 0.0


WEATHER CONDITIONS
 THE FOLLOWING WEATHER WAS RECORDED YESTERDAY.
  HAZE


RELATIVE HUMIDITY (PERCENT)
 HIGHEST    24           500 AM
 LOWEST      9           200 PM
 AVERAGE    17

..........................................................


THE PHOENIX AZ CLIMATE NORMALS FOR TODAY
                         NORMAL    RECORD    YEAR
 MAXIMUM TEMPERATURE (F)   97       109      2001
                                             1983
 MINIMUM TEMPERATURE (F)   72        52      1909


SUNRISE AND SUNSET
MAY 24 2016...........SUNRISE   522 AM MST   SUNSET   728 PM MST
MAY 25 2016...........SUNRISE   522 AM MST   SUNSET   729 PM MST


-  INDICATES NEGATIVE NUMBERS.
R  INDICATES RECORD WAS SET OR TIED.
MM INDICATES DATA IS MISSING.
T  INDICATES TRACE AMOUNT.

&&
.....................................................................

DEW POINT
  HIGHEST DEW POINT    32
   LOWEST DEW POINT    23
  AVERAGE DEW POINT    26
.....................................................................

$$
