067
CDUS45 KPSR 010847
CLIPHX

CLIMATE REPORT
NATIONAL WEATHER SERVICE PHOENIX AZ
146 AM MST SUN MAY 1 2016


...................................

...THE PHOENIX AZ CLIMATE SUMMARY FOR APRIL 30 2016...

CLIMATE NORMAL PERIOD 1981 TO 2010
CLIMATE RECORD PERIOD 1895 TO 2016


WEATHER ITEM   OBSERVED TIME   RECORD YEAR NORMAL DEPARTURE LAST
                VALUE   (LST)  VALUE       VALUE  FROM      YEAR
                                                  NORMAL
..................................................................
TEMPERATURE (F)
 YESTERDAY
  MAXIMUM         82    144 PM 102    1943  90     -8       99
  MINIMUM         62   1159 PM  39    1967  65     -3       70
  AVERAGE         72                        77     -5       85

PRECIPITATION (IN)
  YESTERDAY        T             0.17 1980   0.00   0.00     0.00
  MONTH TO DATE    0.51                      0.28   0.23     0.18
  SINCE OCT 1      2.99                      5.21  -2.22     2.37
  SINCE JAN 1      1.82                      3.10  -1.28     1.33

SNOWFALL (IN)
  YESTERDAY        0.0
  MONTH TO DATE    0.0
  SINCE JAN 1      0.0
  SINCE JUL 1      0.0
  SNOW DEPTH       0

DEGREE DAYS
 HEATING
  YESTERDAY        0                         0      0        0
  MONTH TO DATE    0                        17    -17        0
  SINCE MAR 1     16                       101    -85       25
  SINCE JUL 1    829                       934   -105      520

 COOLING
  YESTERDAY        7                        12     -5       20
  MONTH TO DATE  260                       251      9      287
  SINCE MAR 1    425                       338     87      542
  SINCE JAN 1    538                       355    183      590
..................................................................


WIND (MPH)
  HIGHEST WIND SPEED    29   HIGHEST WIND DIRECTION    NW (300)
  HIGHEST GUST SPEED    38   HIGHEST GUST DIRECTION     W (270)
  AVERAGE WIND SPEED    11.2


SKY COVER
  AVERAGE SKY COVER 0.6


WEATHER CONDITIONS
 THE FOLLOWING WEATHER WAS RECORDED YESTERDAY.
  THUNDERSTORM
  LIGHT RAIN


RELATIVE HUMIDITY (PERCENT)
 HIGHEST    60          1100 PM
 LOWEST     15           100 PM
 AVERAGE    38

..........................................................


THE PHOENIX AZ CLIMATE NORMALS FOR TODAY
                         NORMAL    RECORD    YEAR
 MAXIMUM TEMPERATURE (F)   90       103      1985
 MINIMUM TEMPERATURE (F)   65        42      1915


SUNRISE AND SUNSET
MAY  1 2016...........SUNRISE   539 AM MST   SUNSET   711 PM MST
MAY  2 2016...........SUNRISE   538 AM MST   SUNSET   712 PM MST


-  INDICATES NEGATIVE NUMBERS.
R  INDICATES RECORD WAS SET OR TIED.
MM INDICATES DATA IS MISSING.
T  INDICATES TRACE AMOUNT.

&&
.....................................................................

DEW POINT
  HIGHEST DEW POINT    48
   LOWEST DEW POINT    29
  AVERAGE DEW POINT    39
.....................................................................

$$
