000
CDUS45 KPSR 300823
CLIPHX

CLIMATE REPORT
NATIONAL WEATHER SERVICE PHOENIX AZ
122 AM MST SUN APR 30 2017


...................................

...THE PHOENIX AZ CLIMATE SUMMARY FOR APRIL 29 2017...

CLIMATE NORMAL PERIOD 1981 TO 2010
CLIMATE RECORD PERIOD 1895 TO 2017


WEATHER ITEM   OBSERVED TIME   RECORD YEAR NORMAL DEPARTURE LAST
                VALUE   (LST)  VALUE       VALUE  FROM      YEAR
                                                  NORMAL
..................................................................
TEMPERATURE (F)
 YESTERDAY
  MAXIMUM         81    539 PM 105    1992  89     -8       82
  MINIMUM         58    600 AM  43    1970  64     -6       64
  AVERAGE         70                        77     -7       73

PRECIPITATION (IN)
  YESTERDAY        0.00          0.22 1915   0.01  -0.01     0.00
  MONTH TO DATE    T                         0.28  -0.28     0.51
  SINCE OCT 1      4.23                      5.21  -0.98     2.99
  SINCE JAN 1      2.40                      3.10  -0.70     1.82

SNOWFALL (IN)
  YESTERDAY        0.0
  MONTH TO DATE    0.0
  SINCE JAN 1      0.0
  SINCE JUL 1      0.0
  SNOW DEPTH       0

DEGREE DAYS
 HEATING
  YESTERDAY        0                         0      0        0
  MONTH TO DATE    2                        17    -15        0
  SINCE MAR 1     25                        98    -73       16
  SINCE JUL 1    693                       931   -238      829

 COOLING
  YESTERDAY        5                        12     -7        8
  MONTH TO DATE  311                       239     72      253
  SINCE MAR 1    516                       326    190      418
  SINCE JAN 1    536                       343    193      531
..................................................................


WIND (MPH)
  HIGHEST WIND SPEED    24   HIGHEST WIND DIRECTION    NW (300)
  HIGHEST GUST SPEED    32   HIGHEST GUST DIRECTION     W (290)
  AVERAGE WIND SPEED     9.5


SKY COVER
  AVERAGE SKY COVER 0.1


WEATHER CONDITIONS
 THE FOLLOWING WEATHER WAS RECORDED YESTERDAY.
  NO SIGNIFICANT WEATHER WAS OBSERVED.


RELATIVE HUMIDITY (PERCENT)
 HIGHEST    23           600 AM
 LOWEST     11           100 PM
 AVERAGE    17

..........................................................


THE PHOENIX AZ CLIMATE NORMALS FOR TODAY
                         NORMAL    RECORD    YEAR
 MAXIMUM TEMPERATURE (F)   90       102      1943
 MINIMUM TEMPERATURE (F)   65        39      1967


SUNRISE AND SUNSET
APRIL 30 2017.........SUNRISE   541 AM MST   SUNSET   710 PM MST
MAY  1 2017...........SUNRISE   540 AM MST   SUNSET   711 PM MST


-  INDICATES NEGATIVE NUMBERS.
R  INDICATES RECORD WAS SET OR TIED.
MM INDICATES DATA IS MISSING.
T  INDICATES TRACE AMOUNT.

&&
.....................................................................

DEW POINT
  HIGHEST DEW POINT    26
   LOWEST DEW POINT    13
  AVERAGE DEW POINT    19
.....................................................................

$$
