000
CDUS43 KILX 170657
CLIPIA


CLIMATE REPORT
NATIONAL WEATHER SERVICE LINCOLN IL
148 AM CDT THU AUG 17 2017


...................................

...THE PEORIA IL CLIMATE SUMMARY FOR AUGUST 16 2017...

CLIMATE NORMAL PERIOD 1981 TO 2010
CLIMATE RECORD PERIOD 1883 TO 2017


WEATHER ITEM   OBSERVED TIME   RECORD YEAR NORMAL DEPARTURE LAST
                VALUE   (LST)  VALUE       VALUE  FROM      YEAR
                                                  NORMAL
..................................................................
TEMPERATURE (F)
 YESTERDAY
  MAXIMUM         86        MM 102    1988  84      2       86
  MINIMUM         69        MM  51    2004  64      5       69
  AVERAGE         78                        74      4       78

PRECIPITATION (IN)
  YESTERDAY        T             1.35 1898   0.10  -0.10     0.03
  MONTH TO DATE    0.12                      1.66  -1.54     2.85
  SINCE JUN 1      6.37                      9.04  -2.67    11.30
  SINCE JAN 1     24.86                     23.37   1.49    20.41

SNOWFALL (IN)
  YESTERDAY        0.0           0.0    MM   0.0    0.0      0.0
  MONTH TO DATE    0.0                       0.0    0.0      0.0
  SINCE JUN 1      0.0                       0.0    0.0      0.0
  SINCE JUL 1      0.0                       0.0    0.0      0.0
  SNOW DEPTH       0

DEGREE DAYS
 HEATING
  YESTERDAY        0                         0      0        0
  MONTH TO DATE    0                         0      0        0
  SINCE JUN 1      6                        19    -13        4
  SINCE JUL 1      0                         1     -1        4

 COOLING
  YESTERDAY       13                         9      4       13
  MONTH TO DATE  111                       153    -42      206
  SINCE JUN 1    743                       703     40      897
  SINCE JAN 1    824                       784     40     1003
..................................................................


WIND (MPH)
  HIGHEST WIND SPEED    18   HIGHEST WIND DIRECTION     S (170)
  HIGHEST GUST SPEED    28   HIGHEST GUST DIRECTION     S (170)
  AVERAGE WIND SPEED    10.5


SKY COVER
  POSSIBLE SUNSHINE  MM
  AVERAGE SKY COVER 0.3


WEATHER CONDITIONS
 THE FOLLOWING WEATHER WAS RECORDED YESTERDAY.
  LIGHT RAIN
  FOG


RELATIVE HUMIDITY (PERCENT)
 HIGHEST   100           400 AM
 LOWEST     70           100 PM
 AVERAGE    85

..........................................................


THE PEORIA IL CLIMATE NORMALS FOR TODAY
                         NORMAL    RECORD    YEAR
 MAXIMUM TEMPERATURE (F)   84       103      1988
 MINIMUM TEMPERATURE (F)   64        52      1992
                                             1924


SUNRISE AND SUNSET
AUGUST 17 2017........SUNRISE   611 AM CDT   SUNSET   753 PM CDT
AUGUST 18 2017........SUNRISE   612 AM CDT   SUNSET   752 PM CDT


-  INDICATES NEGATIVE NUMBERS.
R  INDICATES RECORD WAS SET OR TIED.
MM INDICATES DATA IS MISSING.
T  INDICATES TRACE AMOUNT.




$$
