000
CDUS43 KILX 030637
CLIPIA


CLIMATE REPORT
NATIONAL WEATHER SERVICE LINCOLN IL
137 AM CDT FRI JUL 3 2015


...................................

...THE PEORIA IL CLIMATE SUMMARY FOR JULY 2 2015...

CLIMATE NORMAL PERIOD 1981 TO 2010
CLIMATE RECORD PERIOD 1883 TO 2015


WEATHER ITEM   OBSERVED TIME   RECORD YEAR NORMAL DEPARTURE LAST
                VALUE   (LST)  VALUE       VALUE  FROM      YEAR
                                                  NORMAL
..................................................................
TEMPERATURE (F)
 YESTERDAY
  MAXIMUM         77    325 PM 100    1925  86     -9       69
  MINIMUM         60    614 AM  48    1904  65     -5       61
  AVERAGE         69                        76     -7       65

PRECIPITATION (IN)
  YESTERDAY        0.00          2.88 1931   0.12  -0.12     0.01
  MONTH TO DATE    0.00                      0.24  -0.24     0.13
  SINCE JUN 1     11.60                      3.77   7.83     9.80
  SINCE JAN 1     24.37                     18.10   6.27    21.78

SNOWFALL (IN)
  YESTERDAY        0.0           0.0    MM   0.0    0.0      0.0
  MONTH TO DATE    0.0                       0.0    0.0      0.0
  SINCE JUN 1      0.0                       0.0    0.0      0.0
  SINCE JUL 1      0.0                       0.0    0.0      0.0
  SNOW DEPTH       0

DEGREE DAYS
 HEATING
  YESTERDAY        0                         0      0        0
  MONTH TO DATE    0                         0      0        0
  SINCE JUN 1      7                        18    -11        0
  SINCE JUL 1      0                         0      0        0

 COOLING
  YESTERDAY        4                        10     -6        0
  MONTH TO DATE   11                        20     -9       11
  SINCE JUN 1    299                       242     57      303
  SINCE JAN 1    453                       323    130      461
..................................................................


WIND (MPH)
  HIGHEST WIND SPEED    16   HIGHEST WIND DIRECTION    NE (60)
  HIGHEST GUST SPEED    21   HIGHEST GUST DIRECTION    NE (60)
  AVERAGE WIND SPEED     9.2


SKY COVER
  POSSIBLE SUNSHINE  MM
  AVERAGE SKY COVER 0.3


WEATHER CONDITIONS
 THE FOLLOWING WEATHER WAS RECORDED YESTERDAY.
  NO SIGNIFICANT WEATHER WAS OBSERVED.


RELATIVE HUMIDITY (PERCENT)
 HIGHEST    78           400 AM
 LOWEST     54           200 PM
 AVERAGE    66

..........................................................


THE PEORIA IL CLIMATE NORMALS FOR TODAY
                         NORMAL    RECORD    YEAR
 MAXIMUM TEMPERATURE (F)   86       100      1911
 MINIMUM TEMPERATURE (F)   65        49      1917


SUNRISE AND SUNSET
JULY  3 2015..........SUNRISE   532 AM CDT   SUNSET   833 PM CDT
JULY  4 2015..........SUNRISE   533 AM CDT   SUNSET   833 PM CDT


-  INDICATES NEGATIVE NUMBERS.
R  INDICATES RECORD WAS SET OR TIED.
MM INDICATES DATA IS MISSING.
T  INDICATES TRACE AMOUNT.




$$
