000
CDUS43 KILX 220638
CLIPIA


CLIMATE REPORT
NATIONAL WEATHER SERVICE LINCOLN IL
137 AM CDT WED OCT 22 2014


...................................

...THE PEORIA IL CLIMATE SUMMARY FOR OCTOBER 21 2014...

CLIMATE NORMAL PERIOD 1981 TO 2010
CLIMATE RECORD PERIOD 1883 TO 2014


WEATHER ITEM   OBSERVED TIME   RECORD YEAR NORMAL DEPARTURE LAST
                VALUE   (LST)  VALUE       VALUE  FROM      YEAR
                                                  NORMAL
..................................................................
TEMPERATURE (F)
 YESTERDAY
  MAXIMUM         61    326 PM  86    1979  63     -2       58
  MINIMUM         43   1159 PM  22    1930  42      1       30
  AVERAGE         52                        52      0       44

PRECIPITATION (IN)
  YESTERDAY        0.00          1.29 1912   0.09  -0.09     0.00
  MONTH TO DATE    2.33                      1.86   0.47     2.45
  SINCE SEP 1      7.31                      5.01   2.30     4.30
  SINCE JAN 1     37.39                     29.96   7.43    36.13

SNOWFALL (IN)
  YESTERDAY        0.0           T    1937   0.0    0.0      0.0
  MONTH TO DATE    T                         0.0    0.0      0.0
  SINCE SEP 1      T                         0.0    0.0      0.0
  SINCE JUL 1      T                         0.0    0.0      0.0
  SNOW DEPTH       0

DEGREE DAYS
 HEATING
  YESTERDAY       13                        13      0       21
  MONTH TO DATE  177                       210    -33      148
  SINCE SEP 1    253                       294    -41      175
  SINCE JUL 1    255                       300    -45      180

 COOLING
  YESTERDAY        0                         0      0        0
  MONTH TO DATE    4                        12     -8       40
  SINCE SEP 1    127                       129     -2      232
  SINCE JAN 1   1151                      1036    115     1174
..................................................................


WIND (MPH)
  HIGHEST WIND SPEED    16   HIGHEST WIND DIRECTION    NE (60)
  HIGHEST GUST SPEED    21   HIGHEST GUST DIRECTION    NE (50)
  AVERAGE WIND SPEED     6.5


SKY COVER
  POSSIBLE SUNSHINE  MM
  AVERAGE SKY COVER 0.0


WEATHER CONDITIONS
 THE FOLLOWING WEATHER WAS RECORDED YESTERDAY.
  NO SIGNIFICANT WEATHER WAS OBSERVED.


RELATIVE HUMIDITY (PERCENT)
 HIGHEST    89           200 AM
 LOWEST     42           200 PM
 AVERAGE    66

..........................................................


THE PEORIA IL CLIMATE NORMALS FOR TODAY
                         NORMAL    RECORD    YEAR
 MAXIMUM TEMPERATURE (F)   62        84      1927
 MINIMUM TEMPERATURE (F)   42        22      1976


SUNRISE AND SUNSET
OCTOBER 22 2014.......SUNRISE   718 AM CDT   SUNSET   608 PM CDT
OCTOBER 23 2014.......SUNRISE   719 AM CDT   SUNSET   607 PM CDT


-  INDICATES NEGATIVE NUMBERS.
R  INDICATES RECORD WAS SET OR TIED.
MM INDICATES DATA IS MISSING.
T  INDICATES TRACE AMOUNT.




$$
