000
CDUS43 KILX 292132
CLIPIA


CLIMATE REPORT
NATIONAL WEATHER SERVICE LINCOLN IL
431 PM CDT FRI APR 29 2016


...................................

...THE PEORIA IL CLIMATE SUMMARY FOR APRIL 29 2016...
VALID TODAY AS OF 0400 PM LOCAL TIME.

CLIMATE NORMAL PERIOD 1981 TO 2010
CLIMATE RECORD PERIOD 1883 TO 2016


WEATHER ITEM   OBSERVED TIME   RECORD YEAR NORMAL DEPARTURE LAST
                VALUE   (LST)  VALUE       VALUE  FROM      YEAR
                                                  NORMAL
..................................................................
TEMPERATURE (F)
 TODAY
  MAXIMUM         55    227 PM  92    1899  68    -13       74
                                      1894
  MINIMUM         48    746 AM  30    1958  46      2       42
  AVERAGE         52                        57     -5       58

PRECIPITATION (IN)
  TODAY            0.00          3.39 1947   0.14  -0.14      T
  MONTH TO DATE    1.75                      3.50  -1.75     3.38
  SINCE MAR 1      4.07                      6.30  -2.23     4.03
  SINCE JAN 1      5.45                      9.87  -4.42     7.75

SNOWFALL (IN)
  TODAY            0.0           0.0    MM   0.0    0.0      0.0
  MONTH TO DATE    T                         0.6   -0.6      0.0
  SINCE MAR 1      0.2                       3.3   -3.1      2.7
  SINCE JUL 1     15.3                      24.6   -9.3     27.0
  SNOW DEPTH       0

DEGREE DAYS
 HEATING
  TODAY           13                         9      4        7
  MONTH TO DATE  351                       387    -36      263
  SINCE MAR 1    898                      1143   -245     1006
  SINCE JUL 1   4481                      5659  -1178     5712

 COOLING
  TODAY            0                         1     -1        0
  MONTH TO DATE   18                        12      6       11
  SINCE MAR 1     18                        13      5       11
  SINCE JAN 1     18                        13      5       11
..................................................................


WIND (MPH)
  HIGHEST WIND SPEED    13   HIGHEST WIND DIRECTION    NE (50)
  HIGHEST GUST SPEED    19   HIGHEST GUST DIRECTION     N (10)
  AVERAGE WIND SPEED     5.4


SKY COVER
  POSSIBLE SUNSHINE  MM
  AVERAGE SKY COVER 0.9


WEATHER CONDITIONS
 THE FOLLOWING WEATHER WAS RECORDED TODAY.
  FOG
  HAZE


RELATIVE HUMIDITY (PERCENT)
 HIGHEST    89           200 AM
 LOWEST     66          1100 AM
 AVERAGE    78

..........................................................


THE PEORIA IL CLIMATE NORMALS FOR TOMORROW
                         NORMAL    RECORD    YEAR
 MAXIMUM TEMPERATURE (F)   68        90      1901
 MINIMUM TEMPERATURE (F)   47        29      1908


SUNRISE AND SUNSET
APRIL 29 2016.........SUNRISE   559 AM CDT   SUNSET   753 PM CDT
APRIL 30 2016.........SUNRISE   558 AM CDT   SUNSET   754 PM CDT


-  INDICATES NEGATIVE NUMBERS.
R  INDICATES RECORD WAS SET OR TIED.
MM INDICATES DATA IS MISSING.
T  INDICATES TRACE AMOUNT.




$$
