000
CDUS43 KILX 290703
CLIPIA


CLIMATE REPORT
NATIONAL WEATHER SERVICE LINCOLN IL
202 AM CDT SAT AUG 29 2015


...................................

...THE PEORIA IL CLIMATE SUMMARY FOR AUGUST 28 2015...

CLIMATE NORMAL PERIOD 1981 TO 2010
CLIMATE RECORD PERIOD 1883 TO 2015


WEATHER ITEM   OBSERVED TIME   RECORD YEAR NORMAL DEPARTURE LAST
                VALUE   (LST)  VALUE       VALUE  FROM      YEAR
                                                  NORMAL
..................................................................
TEMPERATURE (F)
 YESTERDAY
  MAXIMUM         77    506 PM  96    2013  83     -6       85
                                      1899
                                      1897
  MINIMUM         62    552 AM  41    1986  62      0       68
  AVERAGE         70                        72     -2       77

PRECIPITATION (IN)
  YESTERDAY        0.01          2.60 1884   0.11  -0.10     0.61
  MONTH TO DATE    2.01                      2.92  -0.91     6.43
  SINCE JUN 1     19.45                     10.30   9.15    17.59
  SINCE JAN 1     32.22                     24.63   7.59    29.57

SNOWFALL (IN)
  YESTERDAY        0.0           0.0    MM   0.0    0.0      0.0
  MONTH TO DATE    0.0                       0.0    0.0      0.0
  SINCE JUN 1      0.0                       0.0    0.0      0.0
  SINCE JUL 1      0.0                       0.0    0.0      0.0
  SNOW DEPTH       0

DEGREE DAYS
 HEATING
  YESTERDAY        0                         0      0        0
  MONTH TO DATE    0                         0      0        0
  SINCE JUN 1     12                        19     -7        2
  SINCE JUL 1      5                         1      4        2

 COOLING
  YESTERDAY        5                         8     -3       12
  MONTH TO DATE  265                       255     10      300
  SINCE JUN 1    921                       805    116      824
  SINCE JAN 1   1075                       886    189      982
..................................................................


WIND (MPH)
  HIGHEST WIND SPEED    12   HIGHEST WIND DIRECTION     S (160)
  HIGHEST GUST SPEED    16   HIGHEST GUST DIRECTION     S (160)
  AVERAGE WIND SPEED     5.7


SKY COVER
  POSSIBLE SUNSHINE  MM
  AVERAGE SKY COVER 0.1


WEATHER CONDITIONS
 THE FOLLOWING WEATHER WAS RECORDED YESTERDAY.
  LIGHT RAIN
  FOG
  HAZE


RELATIVE HUMIDITY (PERCENT)
 HIGHEST    84           100 AM
 LOWEST     54           400 PM
 AVERAGE    69

..........................................................


THE PEORIA IL CLIMATE NORMALS FOR TODAY
                         NORMAL    RECORD    YEAR
 MAXIMUM TEMPERATURE (F)   83        96      1984
 MINIMUM TEMPERATURE (F)   62        43      1986


SUNRISE AND SUNSET
AUGUST 29 2015........SUNRISE   623 AM CDT   SUNSET   736 PM CDT
AUGUST 30 2015........SUNRISE   624 AM CDT   SUNSET   734 PM CDT


-  INDICATES NEGATIVE NUMBERS.
R  INDICATES RECORD WAS SET OR TIED.
MM INDICATES DATA IS MISSING.
T  INDICATES TRACE AMOUNT.




$$
