000
CDUS43 KILX 302142
CLIPIA


CLIMATE REPORT
NATIONAL WEATHER SERVICE LINCOLN IL
432 PM CDT SAT MAY 30 2015


...................................

...THE PEORIA IL CLIMATE SUMMARY FOR MAY 30 2015...
VALID TODAY AS OF 0400 PM LOCAL TIME.

CLIMATE NORMAL PERIOD 1981 TO 2010
CLIMATE RECORD PERIOD 1883 TO 2015


WEATHER ITEM   OBSERVED TIME   RECORD YEAR NORMAL DEPARTURE LAST
                VALUE   (LST)  VALUE       VALUE  FROM      YEAR
                                                  NORMAL
..................................................................
TEMPERATURE (F)
 TODAY
  MAXIMUM         73   1227 AM  98    1934  78     -5       89
  MINIMUM         67    433 AM  37    1930  56     11       63
  AVERAGE         70                        67      3       76

PRECIPITATION (IN)
  TODAY            0.57          1.46 2004   0.13   0.44     0.00
  MONTH TO DATE    5.01                      4.20   0.81     1.45
  SINCE MAR 1      9.04                     10.63  -1.59     7.11
  SINCE JAN 1     12.76                     14.20  -1.44    11.98

SNOWFALL (IN)
  TODAY            0.0           0.0    MM   0.0    0.0      0.0
  MONTH TO DATE    0.0                       0.0    0.0      0.0
  SINCE MAR 1      2.7                       3.3   -0.6      7.4
  SINCE JUL 1     27.0                      24.6    2.4     57.6
  SNOW DEPTH       0

DEGREE DAYS
 HEATING
  TODAY            0                         2     -2        0
  MONTH TO DATE   74                       145    -71      119
  SINCE MAR 1   1091                      1294   -203     1407
  SINCE JUL 1   5797                      5810    -13     6586

 COOLING
  TODAY            5                         4      1       11
  MONTH TO DATE  148                        63     85      140
  SINCE MAR 1    159                        77     82      146
  SINCE JAN 1    159                        77     82      146
..................................................................


WIND (MPH)
  HIGHEST WIND SPEED    10   HIGHEST WIND DIRECTION    SW (240)
  HIGHEST GUST SPEED    13   HIGHEST GUST DIRECTION    SW (230)
  AVERAGE WIND SPEED     2.9


SKY COVER
  POSSIBLE SUNSHINE  MM
  AVERAGE SKY COVER 1.0


WEATHER CONDITIONS
 THE FOLLOWING WEATHER WAS RECORDED TODAY.
  RAIN
  LIGHT RAIN
  FOG


RELATIVE HUMIDITY (PERCENT)
 HIGHEST    90           200 AM
 LOWEST     79          1200 AM
 AVERAGE    85

..........................................................


THE PEORIA IL CLIMATE NORMALS FOR TOMORROW
                         NORMAL    RECORD    YEAR
 MAXIMUM TEMPERATURE (F)   78       104      1934
 MINIMUM TEMPERATURE (F)   56        36      1897


SUNRISE AND SUNSET
MAY 30 2015...........SUNRISE   531 AM CDT   SUNSET   822 PM CDT
MAY 31 2015...........SUNRISE   531 AM CDT   SUNSET   823 PM CDT


-  INDICATES NEGATIVE NUMBERS.
R  INDICATES RECORD WAS SET OR TIED.
MM INDICATES DATA IS MISSING.
T  INDICATES TRACE AMOUNT.




$$
