000
CDUS43 KILX 170641
CLIPIA


CLIMATE REPORT
NATIONAL WEATHER SERVICE LINCOLN IL
141 AM CDT TUE OCT 17 2017


...................................

...THE PEORIA IL CLIMATE SUMMARY FOR OCTOBER 16 2017...

CLIMATE NORMAL PERIOD 1981 TO 2010
CLIMATE RECORD PERIOD 1883 TO 2017


WEATHER ITEM   OBSERVED TIME   RECORD YEAR NORMAL DEPARTURE LAST
                VALUE   (LST)  VALUE       VALUE  FROM      YEAR
                                                  NORMAL
..................................................................
TEMPERATURE (F)
 YESTERDAY
  MAXIMUM         65    347 PM  85    1950  65      0       77
                                      1938
                                      1910
  MINIMUM         38    339 AM  29    1991  43     -5       66
  AVERAGE         52                        54     -2       72

PRECIPITATION (IN)
  YESTERDAY        0.00          1.33 1984   0.09  -0.09     0.68
  MONTH TO DATE    4.55                      1.40   3.15     3.58
  SINCE SEP 1      5.09                      4.55   0.54     7.65
  SINCE JAN 1     30.82                     29.50   1.32    32.66

SNOWFALL (IN)
  YESTERDAY        0.0           0.0    MM   0.0    0.0      0.0
  MONTH TO DATE    0.0                       0.0    0.0      0.0
  SINCE SEP 1      0.0                       0.0    0.0      0.0
  SINCE JUL 1      0.0                       0.0    0.0      0.0
  SNOW DEPTH       0

DEGREE DAYS
 HEATING
  YESTERDAY       13                        11      2        0
  MONTH TO DATE   38                       148   -110       67
  SINCE SEP 1     71                       232   -161       86
  SINCE JUL 1     71                       238   -167       90

 COOLING
  YESTERDAY        0                         0      0        7
  MONTH TO DATE   42                        12     30       27
  SINCE SEP 1    225                       129     96      239
  SINCE JAN 1   1151                      1036    115     1396
..................................................................


WIND (MPH)
  HIGHEST WIND SPEED    13   HIGHEST WIND DIRECTION     W (260)
  HIGHEST GUST SPEED    18   HIGHEST GUST DIRECTION     W (270)
  AVERAGE WIND SPEED     4.2


SKY COVER
  POSSIBLE SUNSHINE  MM
  AVERAGE SKY COVER 0.0


WEATHER CONDITIONS
 THE FOLLOWING WEATHER WAS RECORDED YESTERDAY.
  NO SIGNIFICANT WEATHER WAS OBSERVED.


RELATIVE HUMIDITY (PERCENT)
 HIGHEST   100           500 AM
 LOWEST     31           300 PM
 AVERAGE    66

..........................................................


THE PEORIA IL CLIMATE NORMALS FOR TODAY
                         NORMAL    RECORD    YEAR
 MAXIMUM TEMPERATURE (F)   64        87      2016
 MINIMUM TEMPERATURE (F)   43        26      1948


SUNRISE AND SUNSET
OCTOBER 17 2017.......SUNRISE   712 AM CDT   SUNSET   615 PM CDT
OCTOBER 18 2017.......SUNRISE   713 AM CDT   SUNSET   614 PM CDT


-  INDICATES NEGATIVE NUMBERS.
R  INDICATES RECORD WAS SET OR TIED.
MM INDICATES DATA IS MISSING.
T  INDICATES TRACE AMOUNT.




$$
