000
CDUS43 KILX 200638
CLIPIA


CLIMATE REPORT
NATIONAL WEATHER SERVICE LINCOLN IL
138 AM CDT SAT SEP 20 2014


...................................

...THE PEORIA IL CLIMATE SUMMARY FOR SEPTEMBER 19 2014...

CLIMATE NORMAL PERIOD 1981 TO 2010
CLIMATE RECORD PERIOD 1883 TO 2014


WEATHER ITEM   OBSERVED TIME   RECORD YEAR NORMAL DEPARTURE LAST
                VALUE   (LST)  VALUE       VALUE  FROM      YEAR
                                                  NORMAL
..................................................................
TEMPERATURE (F)
 YESTERDAY
  MAXIMUM         78    338 PM  95    1948  76      2       92
  MINIMUM         52    611 AM  35    1991  54     -2       68
  AVERAGE         65                        65      0       80

PRECIPITATION (IN)
  YESTERDAY        0.00          1.97 1966   0.10  -0.10     0.58
  MONTH TO DATE    4.98                      2.06   2.92     1.31
  SINCE SEP 1      4.98                      2.06   2.92     1.31
  SINCE JAN 1     35.06                     27.01   8.05    33.14

SNOWFALL (IN)
  YESTERDAY        0.0           0.0    MM   0.0    0.0      0.0
  MONTH TO DATE    0.0                       0.0    0.0      0.0
  SINCE SEP 1      0.0                       0.0    0.0      0.0
  SINCE JUL 1      0.0                       0.0    0.0      0.0
  SNOW DEPTH       0

DEGREE DAYS
 HEATING
  YESTERDAY        0                         3     -3        0
  MONTH TO DATE   64                        29     35       10
  SINCE SEP 1     64                        29     35       10
  SINCE JUL 1     66                        35     31       15

 COOLING
  YESTERDAY        0                         3     -3       15
  MONTH TO DATE   76                        94    -18      173
  SINCE SEP 1     76                        94    -18      173
  SINCE JAN 1   1100                      1001     99     1115
..................................................................


WIND (MPH)
  HIGHEST WIND SPEED    18   HIGHEST WIND DIRECTION     S (190)
  HIGHEST GUST SPEED    22   HIGHEST GUST DIRECTION     S (180)
  AVERAGE WIND SPEED     8.0


SKY COVER
  POSSIBLE SUNSHINE  MM
  AVERAGE SKY COVER 0.0


WEATHER CONDITIONS
 THE FOLLOWING WEATHER WAS RECORDED YESTERDAY.
  FOG
  HAZE


RELATIVE HUMIDITY (PERCENT)
 HIGHEST    89           500 AM
 LOWEST     39           300 PM
 AVERAGE    64

..........................................................


THE PEORIA IL CLIMATE NORMALS FOR TODAY
                         NORMAL    RECORD    YEAR
 MAXIMUM TEMPERATURE (F)   75        94      1940
 MINIMUM TEMPERATURE (F)   53        32      1991


SUNRISE AND SUNSET
SEPTEMBER 20 2014.....SUNRISE   644 AM CDT   SUNSET   659 PM CDT
SEPTEMBER 21 2014.....SUNRISE   645 AM CDT   SUNSET   658 PM CDT


-  INDICATES NEGATIVE NUMBERS.
R  INDICATES RECORD WAS SET OR TIED.
MM INDICATES DATA IS MISSING.
T  INDICATES TRACE AMOUNT.




$$
