000
CDUS43 KILX 232130
CLIPIA


CLIMATE REPORT
NATIONAL WEATHER SERVICE LINCOLN IL
430 PM CDT TUE MAY 23 2017


...................................

...THE PEORIA IL CLIMATE SUMMARY FOR MAY 23 2017...
VALID TODAY AS OF 0400 PM LOCAL TIME.

CLIMATE NORMAL PERIOD 1981 TO 2010
CLIMATE RECORD PERIOD 1883 TO 2017


WEATHER ITEM   OBSERVED TIME   RECORD YEAR NORMAL DEPARTURE LAST
                VALUE   (LST)  VALUE       VALUE  FROM      YEAR
                                                  NORMAL
..................................................................
TEMPERATURE (F)
 TODAY
  MAXIMUM         62    141 PM  92    1975  75    -13       85
                                      1921
  MINIMUM         56    734 AM  35    1963  54      2       53
                                      1917
  AVERAGE         59                        64     -5       69

PRECIPITATION (IN)
  TODAY            0.48          1.41 2008   0.14   0.34     0.00
  MONTH TO DATE    2.64                      3.27  -0.63     2.56
  SINCE MAR 1     14.85                      9.70   5.15     7.43
  SINCE JAN 1     17.51                     13.27   4.24     8.81

SNOWFALL (IN)
  TODAY            0.0           0.0    MM   0.0    0.0      0.0
  MONTH TO DATE    0.0                       0.0    0.0      0.0
  SINCE MAR 1      4.2                       3.3    0.9      0.2
  SINCE JUL 1     13.9                      24.6  -10.7     15.3
  SNOW DEPTH       0

DEGREE DAYS
 HEATING
  TODAY            6                         3      3        0
  MONTH TO DATE  139                       127     12      147
  SINCE MAR 1   1083                      1276   -193     1058
  SINCE JUL 1   4690                      5792  -1102     4641

 COOLING
  TODAY            0                         3     -3        4
  MONTH TO DATE   50                        39     11       14
  SINCE MAR 1     68                        53     15       32
  SINCE JAN 1     68                        53     15       32
..................................................................


WIND (MPH)
  HIGHEST WIND SPEED    14   HIGHEST WIND DIRECTION    SW (220)
  HIGHEST GUST SPEED    18   HIGHEST GUST DIRECTION     W (250)
  AVERAGE WIND SPEED     3.9


SKY COVER
  POSSIBLE SUNSHINE  MM
  AVERAGE SKY COVER 0.8


WEATHER CONDITIONS
 THE FOLLOWING WEATHER WAS RECORDED TODAY.
  RAIN
  LIGHT RAIN
  FOG


RELATIVE HUMIDITY (PERCENT)
 HIGHEST   100           500 AM
 LOWEST     90           100 PM
 AVERAGE    95

..........................................................


THE PEORIA IL CLIMATE NORMALS FOR TOMORROW
                         NORMAL    RECORD    YEAR
 MAXIMUM TEMPERATURE (F)   76        93      1939
                                             1921
 MINIMUM TEMPERATURE (F)   54        34      1925


SUNRISE AND SUNSET
MAY 23 2017...........SUNRISE   535 AM CDT   SUNSET   817 PM CDT
MAY 24 2017...........SUNRISE   534 AM CDT   SUNSET   817 PM CDT


-  INDICATES NEGATIVE NUMBERS.
R  INDICATES RECORD WAS SET OR TIED.
MM INDICATES DATA IS MISSING.
T  INDICATES TRACE AMOUNT.




$$
