000
CDUS43 KILX 160632
CLIPIA

CLIMATE REPORT
NATIONAL WEATHER SERVICE LINCOLN IL
130 AM CDT WED APR 16 2014

...................................

...THE PEORIA IL CLIMATE SUMMARY FOR APRIL 15 2014...

CLIMATE NORMAL PERIOD 1981 TO 2010
CLIMATE RECORD PERIOD 1883 TO 2014

WEATHER ITEM   OBSERVED TIME   RECORD YEAR NORMAL DEPARTURE LAST
                VALUE   (LST)  VALUE       VALUE  FROM      YEAR
                                                  NORMAL
..................................................................
TEMPERATURE (F)
 YESTERDAY
  MAXIMUM         44    424 PM  87    2002  63    -19       61
  MINIMUM         27    604 AM  23    1928  42    -15       43
  AVERAGE         36                        52    -16       52

PRECIPITATION (IN)
  YESTERDAY        0.00          1.60 1999   0.12  -0.12     0.49
  MONTH TO DATE    2.66                      1.74   0.92     2.99
  SINCE MAR 1      4.60                      4.54   0.06     5.62
  SINCE JAN 1      9.47                      8.11   1.36    12.35

SNOWFALL (IN)
  YESTERDAY        0.0           1.2  1949   0.0    0.0      0.0
  MONTH TO DATE    0.3                       0.5   -0.2      0.0
  SINCE MAR 1      7.4                       3.2    4.2     10.8
  SINCE JUL 1     57.6                      24.5   33.1     22.7
  SNOW DEPTH       T

DEGREE DAYS
 HEATING
  YESTERDAY       29                        13     16       13
  MONTH TO DATE  232                       235     -3      239
  SINCE MAR 1   1166                       991    175     1191
  SINCE JUL 1   6345                      5507    838     5484

 COOLING
  YESTERDAY        0                         0      0        0
  MONTH TO DATE    4                         0      4        1
  SINCE MAR 1      4                         1      3        1
  SINCE JAN 1      4                         1      3        1
..................................................................

WIND (MPH)
  HIGHEST WIND SPEED    18   HIGHEST WIND DIRECTION     W (280)
  HIGHEST GUST SPEED    24   HIGHEST GUST DIRECTION     W (270)
  AVERAGE WIND SPEED     6.1

SKY COVER
  POSSIBLE SUNSHINE  MM
  AVERAGE SKY COVER 0.1

WEATHER CONDITIONS
 THE FOLLOWING WEATHER WAS RECORDED YESTERDAY.
  NO SIGNIFICANT WEATHER WAS OBSERVED.

RELATIVE HUMIDITY (PERCENT)
 HIGHEST    78          1200 AM
 LOWEST     33           300 PM
 AVERAGE    56

..........................................................

THE PEORIA IL CLIMATE NORMALS FOR TODAY
                         NORMAL    RECORD    YEAR
 MAXIMUM TEMPERATURE (F)   63        88      2002
                                             1896
 MINIMUM TEMPERATURE (F)   42        24      1962

SUNRISE AND SUNSET
APRIL 16 2014.........SUNRISE   619 AM CDT   SUNSET   739 PM CDT
APRIL 17 2014.........SUNRISE   617 AM CDT   SUNSET   740 PM CDT

-  INDICATES NEGATIVE NUMBERS.
R  INDICATES RECORD WAS SET OR TIED.
MM INDICATES DATA IS MISSING.
T  INDICATES TRACE AMOUNT.

$$
GEELHART
