285
CDUS43 KILX 200659
CLIPIA


CLIMATE REPORT
NATIONAL WEATHER SERVICE LINCOLN IL
1258 AM CST FRI JAN 20 2017


...................................

...THE PEORIA IL CLIMATE SUMMARY FOR JANUARY 19 2017...

CLIMATE NORMAL PERIOD 1981 TO 2010
CLIMATE RECORD PERIOD 1883 TO 2017


WEATHER ITEM   OBSERVED TIME   RECORD YEAR NORMAL DEPARTURE LAST
                VALUE   (LST)  VALUE       VALUE  FROM      YEAR
                                                  NORMAL
..................................................................
TEMPERATURE (F)
 YESTERDAY
  MAXIMUM         43    243 PM  63    1952  33     10       20
  MINIMUM         32   1246 AM -21    1994  17     15        3
  AVERAGE         38                        25     13       12

PRECIPITATION (IN)
  YESTERDAY        0.04          2.26 1907   0.06  -0.02     0.17
  MONTH TO DATE    1.49                      1.16   0.33     0.71
  SINCE DEC 1      2.71                      3.58  -0.87     7.02
  SINCE JAN 1      1.49                      1.16   0.33     0.71

SNOWFALL (IN)
  YESTERDAY        0.0           5.4  2000   0.3   -0.3      1.7
  MONTH TO DATE    0.4                       4.3   -3.9      5.1
  SINCE DEC 1      5.9                      11.4   -5.5      7.6
  SINCE JUL 1      5.9                      12.5   -6.6     12.2
  SNOW DEPTH       0

DEGREE DAYS
 HEATING
  YESTERDAY       27                        40    -13       53
  MONTH TO DATE  717                       760    -43      771
  SINCE DEC 1   1845                      1890    -45     1502
  SINCE JUL 1   2583                      3038   -455     2259

 COOLING
  YESTERDAY        0                         0      0        0
  MONTH TO DATE    0                         0      0        0
  SINCE DEC 1      0                         0      0        0
  SINCE JAN 1      0                         0      0        0
..................................................................


WIND (MPH)
  HIGHEST WIND SPEED    16   HIGHEST WIND DIRECTION     E (80)
  HIGHEST GUST SPEED    20   HIGHEST GUST DIRECTION     E (90)
  AVERAGE WIND SPEED     6.4


SKY COVER
  POSSIBLE SUNSHINE  MM
  AVERAGE SKY COVER 0.6


WEATHER CONDITIONS
 THE FOLLOWING WEATHER WAS RECORDED YESTERDAY.
  LIGHT RAIN
  FOG
  HAZE


RELATIVE HUMIDITY (PERCENT)
 HIGHEST   100           100 AM
 LOWEST     82          1200 PM
 AVERAGE    91

..........................................................


THE PEORIA IL CLIMATE NORMALS FOR TODAY
                         NORMAL    RECORD    YEAR
 MAXIMUM TEMPERATURE (F)   33        65      1906
 MINIMUM TEMPERATURE (F)   17       -22      1985


SUNRISE AND SUNSET
JANUARY 20 2017.......SUNRISE   718 AM CST   SUNSET   502 PM CST
JANUARY 21 2017.......SUNRISE   717 AM CST   SUNSET   503 PM CST


-  INDICATES NEGATIVE NUMBERS.
R  INDICATES RECORD WAS SET OR TIED.
MM INDICATES DATA IS MISSING.
T  INDICATES TRACE AMOUNT.




$$
