000
CDUS45 KPIH 170730
CLIPIH


CLIMATE REPORT
NATIONAL WEATHER SERVICE POCATELLO ID
128 AM MDT WED SEP 17 2014


...................................

...THE POCATELLO ID CLIMATE SUMMARY FOR SEPTEMBER 16 2014...

CLIMATE NORMAL PERIOD 1981 TO 2010
CLIMATE RECORD PERIOD 1939 TO 2014


WEATHER ITEM   OBSERVED TIME   RECORD YEAR NORMAL DEPARTURE LAST
                VALUE   (LST)  VALUE       VALUE  FROM      YEAR
                                                  NORMAL
..................................................................
TEMPERATURE (F)
 YESTERDAY
  MAXIMUM         92    324 PM  94    2000  76     16       87
  MINIMUM         49    650 AM  28    1965  42      7       49
  AVERAGE         71                        59     12       68

PRECIPITATION (IN)
  YESTERDAY        T             0.50 1996   0.03  -0.03     0.01
  MONTH TO DATE    T                         0.42  -0.42     0.72
  SINCE OCT 1     10.15                     11.71  -1.56     8.91
  SINCE JAN 1      8.78                      8.49   0.29     4.75

SNOWFALL (IN)
  YESTERDAY        0.0
  MONTH TO DATE    0.0
  SINCE SEP 1      0.0
  SINCE JUL 1      0.0
  SNOW DEPTH       0

DEGREE DAYS
 HEATING
  YESTERDAY        0                         7     -7        0
  MONTH TO DATE   85                        70     15        2
  SINCE SEP 1     85                        70     15        2
  SINCE JUL 1    120                       116      4        2

 COOLING
  YESTERDAY        6                         0      6        3
  MONTH TO DATE   11                        20     -9       55
  SINCE SEP 1     11                        20     -9       55
  SINCE JAN 1    397                       390      7      682
..................................................................


WIND (MPH)
  HIGHEST WIND SPEED    20   HIGHEST WIND DIRECTION     E (70)
  HIGHEST GUST SPEED    30   HIGHEST GUST DIRECTION     W (260)
  AVERAGE WIND SPEED     7.1


SKY COVER
  POSSIBLE SUNSHINE  MM
  AVERAGE SKY COVER 0.2


WEATHER CONDITIONS
 THE FOLLOWING WEATHER WAS RECORDED YESTERDAY.
  NO SIGNIFICANT WEATHER WAS OBSERVED.


RELATIVE HUMIDITY (PERCENT)
 HIGHEST    66           700 AM
 LOWEST     15           300 PM
 AVERAGE    41

..........................................................


THE POCATELLO ID CLIMATE NORMALS FOR TODAY
                         NORMAL    RECORD    YEAR
 MAXIMUM TEMPERATURE (F)   75        91      1998
                                             1981
 MINIMUM TEMPERATURE (F)   42        26      1965


SUNRISE AND SUNSET
SEPTEMBER 17 2014.....SUNRISE   712 AM MDT   SUNSET   737 PM MDT
SEPTEMBER 18 2014.....SUNRISE   713 AM MDT   SUNSET   735 PM MDT


-  INDICATES NEGATIVE NUMBERS.
R  INDICATES RECORD WAS SET OR TIED.
MM INDICATES DATA IS MISSING.
T  INDICATES TRACE AMOUNT.




$$
