309
CDUS45 KPIH 110752
CLIPIH


CLIMATE REPORT
NATIONAL WEATHER SERVICE POCATELLO ID
1248 AM MST THU FEB 11 2016


...................................

...THE POCATELLO ID CLIMATE SUMMARY FOR FEBRUARY 10 2016...

CLIMATE NORMAL PERIOD 1981 TO 2010
CLIMATE RECORD PERIOD 1939 TO 2016


WEATHER ITEM   OBSERVED TIME   RECORD YEAR NORMAL DEPARTURE LAST
                VALUE   (LST)  VALUE       VALUE  FROM      YEAR
                                                  NORMAL
..................................................................
TEMPERATURE (F)
 YESTERDAY
  MAXIMUM         38    233 PM  59    1951  36      2       47
  MINIMUM         12    756 AM -14    1982  18     -6       33
  AVERAGE         25                        27     -2       40

PRECIPITATION (IN)
  YESTERDAY        0.00          0.60 1984   0.04  -0.04     0.00
  MONTH TO DATE    0.04                      0.32  -0.28     0.54
  SINCE OCT 1      5.02                      4.53   0.49     3.36
  SINCE JAN 1      1.45                      1.31   0.14     0.97

SNOWFALL (IN)
  YESTERDAY        0.0
  MONTH TO DATE    0.6
  SINCE DEC 1     21.3
  SINCE JUL 1     27.6
  SNOW DEPTH       T

DEGREE DAYS
 HEATING
  YESTERDAY       40                        38      2       25
  MONTH TO DATE  432                       390     42      207
  SINCE DEC 1   2880                      2909    -29     2287
  SINCE JUL 1   4324                      4637   -313     3814

 COOLING
  YESTERDAY        0                         0      0        0
  MONTH TO DATE    0                         0      0        0
  SINCE DEC 1      0                         0      0        0
  SINCE JAN 1      0                         0      0        0
..................................................................


WIND (MPH)
  HIGHEST WIND SPEED    10   HIGHEST WIND DIRECTION     N (20)
  HIGHEST GUST SPEED    10   HIGHEST GUST DIRECTION     N (10)
  AVERAGE WIND SPEED     2.8


SKY COVER
  POSSIBLE SUNSHINE  MM
  AVERAGE SKY COVER 0.2


WEATHER CONDITIONS
 THE FOLLOWING WEATHER WAS RECORDED YESTERDAY.
  FOG
  FOG W/VISIBILITY <= 1/4 MILE
  HAZE


RELATIVE HUMIDITY (PERCENT)
 HIGHEST    96           400 AM
 LOWEST     64           300 PM
 AVERAGE    80

..........................................................


THE POCATELLO ID CLIMATE NORMALS FOR TODAY
                         NORMAL    RECORD    YEAR
 MAXIMUM TEMPERATURE (F)   36        57      1961
 MINIMUM TEMPERATURE (F)   18       -15      1982


SUNRISE AND SUNSET
FEBRUARY 11 2016......SUNRISE   734 AM MST   SUNSET   556 PM MST
FEBRUARY 12 2016......SUNRISE   732 AM MST   SUNSET   557 PM MST


-  INDICATES NEGATIVE NUMBERS.
R  INDICATES RECORD WAS SET OR TIED.
MM INDICATES DATA IS MISSING.
T  INDICATES TRACE AMOUNT.




$$
