000
CDUS45 KPIH 280732
CLIPIH


CLIMATE REPORT
NATIONAL WEATHER SERVICE POCATELLO ID
131 AM MDT FRI APR 28 2017


...................................

...THE POCATELLO ID CLIMATE SUMMARY FOR APRIL 27 2017...

CLIMATE NORMAL PERIOD 1981 TO 2010
CLIMATE RECORD PERIOD 1939 TO 2017


WEATHER ITEM   OBSERVED TIME   RECORD YEAR NORMAL DEPARTURE LAST
                VALUE   (LST)  VALUE       VALUE  FROM      YEAR
                                                  NORMAL
..................................................................
TEMPERATURE (F)
 YESTERDAY
  MAXIMUM         47    425 PM  85    1987  62    -15       59
  MINIMUM         32   1159 PM  22    2008  35     -3       40
  AVERAGE         40                        48     -8       50

PRECIPITATION (IN)
  YESTERDAY        0.14          0.87 1963   0.04   0.10     0.00
  MONTH TO DATE    2.39                      1.01   1.38     1.02
  SINCE OCT 1     15.84                      7.45   8.39     9.20
  SINCE JAN 1      9.28                      4.23   5.05     5.63

SNOWFALL (IN)
  YESTERDAY        0.2
  MONTH TO DATE    0.2
  SINCE MAR 1      3.5
  SINCE JUL 1     87.0
  SNOW DEPTH       0

DEGREE DAYS
 HEATING
  YESTERDAY       25                        17      8       15
  MONTH TO DATE  532                       534     -2      405
  SINCE MAR 1   1200                      1373   -173     1117
  SINCE JUL 1   6449                      6646   -197     5959

 COOLING
  YESTERDAY        0                         0      0        0
  MONTH TO DATE    0                         0      0        0
  SINCE MAR 1      0                         0      0        0
  SINCE JAN 1      0                         0      0        0
..................................................................


WIND (MPH)
  HIGHEST WIND SPEED    38   HIGHEST WIND DIRECTION     W (250)
  HIGHEST GUST SPEED    45   HIGHEST GUST DIRECTION    SW (240)
  AVERAGE WIND SPEED    20.9


SKY COVER
  POSSIBLE SUNSHINE  MM
  AVERAGE SKY COVER 0.9


WEATHER CONDITIONS
 THE FOLLOWING WEATHER WAS RECORDED YESTERDAY.
  RAIN
  LIGHT RAIN
  LIGHT SNOW
  FOG


RELATIVE HUMIDITY (PERCENT)
 HIGHEST    92           300 AM
 LOWEST     49           600 PM
 AVERAGE    71

..........................................................


THE POCATELLO ID CLIMATE NORMALS FOR TODAY
                         NORMAL    RECORD    YEAR
 MAXIMUM TEMPERATURE (F)   62        83      1987
                                             1939
 MINIMUM TEMPERATURE (F)   35        21      1996


SUNRISE AND SUNSET
APRIL 28 2017.........SUNRISE   628 AM MDT   SUNSET   828 PM MDT
APRIL 29 2017.........SUNRISE   627 AM MDT   SUNSET   829 PM MDT


-  INDICATES NEGATIVE NUMBERS.
R  INDICATES RECORD WAS SET OR TIED.
MM INDICATES DATA IS MISSING.
T  INDICATES TRACE AMOUNT.




$$
