000
CDUS45 KPIH 010736
CLIPIH


CLIMATE REPORT
NATIONAL WEATHER SERVICE POCATELLO ID
132 AM MDT SAT AUG 1 2015


...................................

...THE POCATELLO ID CLIMATE SUMMARY FOR JULY 31 2015...

CLIMATE NORMAL PERIOD 1981 TO 2010
CLIMATE RECORD PERIOD 1939 TO 2015


WEATHER ITEM   OBSERVED TIME   RECORD YEAR NORMAL DEPARTURE LAST
                VALUE   (LST)  VALUE       VALUE  FROM      YEAR
                                                  NORMAL
..................................................................
TEMPERATURE (F)
 YESTERDAY
  MAXIMUM         93    533 PM 103    2000  90      3       91
  MINIMUM         44    540 AM  38    1995  53     -9       50
  AVERAGE         69                        71     -2       71

PRECIPITATION (IN)
  YESTERDAY        0.00          0.55 1976   0.02  -0.02     0.01
  MONTH TO DATE    1.38                      0.64   0.74     0.46
  SINCE OCT 1      8.68                     10.68  -2.00     7.97
  SINCE JAN 1      6.29                      7.46  -1.17     6.60

SNOWFALL (IN)
  YESTERDAY        0.0
  MONTH TO DATE    0.0
  SINCE JUN 1      0.0
  SINCE JUL 1      0.0
  SNOW DEPTH       0

DEGREE DAYS
 HEATING
  YESTERDAY        0                         0      0        0
  MONTH TO DATE   23                        17      6        2
  SINCE JUN 1     51                       151   -100      112
  SINCE JUL 1     23                        20      3        2

 COOLING
  YESTERDAY        4                         6     -2        6
  MONTH TO DATE  161                       172    -11      247
  SINCE JUN 1    296                       218     78      267
  SINCE JAN 1    300                       223     77      267
..................................................................


WIND (MPH)
  HIGHEST WIND SPEED    12   HIGHEST WIND DIRECTION     N (340)
  HIGHEST GUST SPEED    14   HIGHEST GUST DIRECTION    NW (330)
  AVERAGE WIND SPEED     4.4


SKY COVER
  POSSIBLE SUNSHINE  MM
  AVERAGE SKY COVER 0.0


WEATHER CONDITIONS
 THE FOLLOWING WEATHER WAS RECORDED YESTERDAY.
  NO SIGNIFICANT WEATHER WAS OBSERVED.


RELATIVE HUMIDITY (PERCENT)
 HIGHEST    71           600 AM
 LOWEST      7           500 PM
 AVERAGE    39

..........................................................


THE POCATELLO ID CLIMATE NORMALS FOR TODAY
                         NORMAL    RECORD    YEAR
 MAXIMUM TEMPERATURE (F)   90        99      2004
                                             1992
 MINIMUM TEMPERATURE (F)   53        40      2001


SUNRISE AND SUNSET
AUGUST  1 2015........SUNRISE   621 AM MDT   SUNSET   851 PM MDT
AUGUST  2 2015........SUNRISE   622 AM MDT   SUNSET   850 PM MDT


-  INDICATES NEGATIVE NUMBERS.
R  INDICATES RECORD WAS SET OR TIED.
MM INDICATES DATA IS MISSING.
T  INDICATES TRACE AMOUNT.




$$
