000
CDUS45 KPIH 290731
CLIPIH


CLIMATE REPORT
NATIONAL WEATHER SERVICE POCATELLO ID
129 AM MDT FRI APR 29 2016


...................................

...THE POCATELLO ID CLIMATE SUMMARY FOR APRIL 28 2016...

CLIMATE NORMAL PERIOD 1981 TO 2010
CLIMATE RECORD PERIOD 1939 TO 2016


WEATHER ITEM   OBSERVED TIME   RECORD YEAR NORMAL DEPARTURE LAST
                VALUE   (LST)  VALUE       VALUE  FROM      YEAR
                                                  NORMAL
..................................................................
TEMPERATURE (F)
 YESTERDAY
  MAXIMUM         63    310 PM  83    1987  62      1       74
                                      1939
  MINIMUM         33    545 AM  21    1996  35     -2       29
  AVERAGE         48                        49     -1       52

PRECIPITATION (IN)
  YESTERDAY        0.00          0.44 1999   0.05  -0.05     0.00
  MONTH TO DATE    1.02                      1.06  -0.04     0.41
  SINCE OCT 1      9.20                      7.50   1.70     4.15
  SINCE JAN 1      5.63                      4.28   1.35     1.76

SNOWFALL (IN)
  YESTERDAY        0.0
  MONTH TO DATE    T
  SINCE MAR 1      5.3
  SINCE JUL 1     33.5
  SNOW DEPTH       0

DEGREE DAYS
 HEATING
  YESTERDAY       17                        16      1       13
  MONTH TO DATE  422                       550   -128      536
  SINCE MAR 1   1134                      1389   -255     1173
  SINCE JUL 1   5976                      6662   -686     5514

 COOLING
  YESTERDAY        0                         0      0        0
  MONTH TO DATE    0                         0      0        0
  SINCE MAR 1      0                         0      0        0
  SINCE JAN 1      0                         0      0        0
..................................................................


WIND (MPH)
  HIGHEST WIND SPEED    21   HIGHEST WIND DIRECTION    NE (40)
  HIGHEST GUST SPEED    28   HIGHEST GUST DIRECTION    NE (30)
  AVERAGE WIND SPEED     9.7


SKY COVER
  POSSIBLE SUNSHINE  MM
  AVERAGE SKY COVER 0.3


WEATHER CONDITIONS
 THE FOLLOWING WEATHER WAS RECORDED YESTERDAY.
  NO SIGNIFICANT WEATHER WAS OBSERVED.


RELATIVE HUMIDITY (PERCENT)
 HIGHEST    76           300 AM
 LOWEST     29           200 PM
 AVERAGE    53

..........................................................


THE POCATELLO ID CLIMATE NORMALS FOR TODAY
                         NORMAL    RECORD    YEAR
 MAXIMUM TEMPERATURE (F)   63        86      1992
 MINIMUM TEMPERATURE (F)   36        21      1994


SUNRISE AND SUNSET
APRIL 29 2016.........SUNRISE   626 AM MDT   SUNSET   830 PM MDT
APRIL 30 2016.........SUNRISE   625 AM MDT   SUNSET   831 PM MDT


-  INDICATES NEGATIVE NUMBERS.
R  INDICATES RECORD WAS SET OR TIED.
MM INDICATES DATA IS MISSING.
T  INDICATES TRACE AMOUNT.




$$
