000
CDUS45 KPIH 150740
CLIPIH


CLIMATE REPORT
NATIONAL WEATHER SERVICE POCATELLO ID
1230 AM MST FRI DEC 15 2017


...................................

...THE POCATELLO ID CLIMATE SUMMARY FOR DECEMBER 14 2017...

CLIMATE NORMAL PERIOD 1981 TO 2010
CLIMATE RECORD PERIOD 1939 TO 2017


WEATHER ITEM   OBSERVED TIME   RECORD YEAR NORMAL DEPARTURE LAST
                VALUE   (LST)  VALUE       VALUE  FROM      YEAR
                                                  NORMAL
..................................................................
TEMPERATURE (F)
 YESTERDAY
  MAXIMUM         24    427 PM  54    2002  32     -8       26
  MINIMUM         20    601 AM -15    1972  16      4       21
  AVERAGE         22                        24     -2       24

PRECIPITATION (IN)
  YESTERDAY        T             0.32 2015   0.04  -0.04     0.17
                                      1983
  MONTH TO DATE    0.31                      0.58  -0.27     1.16
  SINCE OCT 1      2.11                      2.56  -0.45     4.86
  SINCE JAN 1     16.61                     11.47   5.14    14.54

SNOWFALL (IN)
  YESTERDAY        T
  MONTH TO DATE    3.4
  SINCE DEC 1      3.4
  SINCE JUL 1      4.4
  SNOW DEPTH       1

DEGREE DAYS
 HEATING
  YESTERDAY       43                        41      2       41
  MONTH TO DATE  570                       553     17      568
  SINCE DEC 1    570                       553     17      568
  SINCE JUL 1   2204                      2281    -77     2003

 COOLING
  YESTERDAY        0                         0      0        0
  MONTH TO DATE    0                         0      0        0
  SINCE DEC 1      0                         0      0        0
  SINCE JAN 1    575                       392    183      416
..................................................................


WIND (MPH)
  HIGHEST WIND SPEED    15   HIGHEST WIND DIRECTION     W (260)
  HIGHEST GUST SPEED    18   HIGHEST GUST DIRECTION     W (260)
  AVERAGE WIND SPEED     5.1


SKY COVER
  POSSIBLE SUNSHINE  MM
  AVERAGE SKY COVER 1.0


WEATHER CONDITIONS
 THE FOLLOWING WEATHER WAS RECORDED YESTERDAY.
  FOG
  FOG W/VISIBILITY <= 1/4 MILE


RELATIVE HUMIDITY (PERCENT)
 HIGHEST   100           100 AM
 LOWEST     84           600 AM
 AVERAGE    92

..........................................................


THE POCATELLO ID CLIMATE NORMALS FOR TODAY
                         NORMAL    RECORD    YEAR
 MAXIMUM TEMPERATURE (F)   32        55      1946
 MINIMUM TEMPERATURE (F)   16       -16      1972


SUNRISE AND SUNSET
DECEMBER 15 2017......SUNRISE   755 AM MST   SUNSET   457 PM MST
DECEMBER 16 2017......SUNRISE   755 AM MST   SUNSET   457 PM MST


-  INDICATES NEGATIVE NUMBERS.
R  INDICATES RECORD WAS SET OR TIED.
MM INDICATES DATA IS MISSING.
T  INDICATES TRACE AMOUNT.




$$

Messick
