000
CDUS43 KABR 301136
CLIPIR


CLIMATE REPORT...CORRECTED
NATIONAL WEATHER SERVICE ABERDEEN SD
634 AM CDT TUE JUN 30 2015


...................................

...THE PIERRE SD CLIMATE SUMMARY FOR JUNE 29 2015...

CLIMATE NORMAL PERIOD 1981 TO 2010
CLIMATE RECORD PERIOD 1892 TO 2015


WEATHER ITEM   OBSERVED TIME   RECORD YEAR NORMAL DEPARTURE LAST
                VALUE   (LST)  VALUE       VALUE  FROM      YEAR
                                                  NORMAL
..................................................................
TEMPERATURE (F)
 YESTERDAY
  MAXIMUM         91    345 PM 108    1963  85      6       80
  MINIMUM         56    455 AM  41    1985  59     -3       56
  AVERAGE         74                        72      2       68

PRECIPITATION (IN)
  YESTERDAY        0.00          0.75 1991   0.10  -0.10     0.00
  MONTH TO DATE    6.16                      3.48   2.68     4.39
  SINCE JUN 1      6.16                      3.48   2.68     4.39
  SINCE JAN 1     13.51                     10.68   2.83    12.32

DEGREE DAYS
 HEATING
  YESTERDAY        0                         1     -1        0
  MONTH TO DATE    5                        55    -50       67
  SINCE JUN 1      5                        55    -50       67
  SINCE JUL 1   7019                      7292   -273     8027

 COOLING
  YESTERDAY        9                         8      1        3
  MONTH TO DATE  128                       126      2       57
  SINCE JUN 1    128                       126      2       57
  SINCE JAN 1    142                       158    -16      105
..................................................................


WIND (MPH)
  RESULTANT WIND SPEED   4   RESULTANT WIND DIRECTION  NW (300)
  HIGHEST WIND SPEED    16   HIGHEST WIND DIRECTION    NW (330)
  HIGHEST GUST SPEED    22   HIGHEST GUST DIRECTION    NW (330)
  AVERAGE WIND SPEED     5.7




RELATIVE HUMIDITY (PERCENT)
 HIGHEST    93           400 AM
 LOWEST     34           400 PM
 AVERAGE    64

..........................................................


THE PIERRE SD CLIMATE NORMALS FOR TODAY
                         NORMAL    RECORD    YEAR
 MAXIMUM TEMPERATURE (F)   86       103      1980
 MINIMUM TEMPERATURE (F)   60        47      1987


SUNRISE AND SUNSET
JUNE 30 2015..........SUNRISE   600 AM CDT   SUNSET   929 PM CDT
JULY  1 2015..........SUNRISE   601 AM CDT   SUNSET   929 PM CDT


-  INDICATES NEGATIVE NUMBERS.
R  INDICATES RECORD WAS SET OR TIED.
MM INDICATES DATA IS MISSING.
T  INDICATES TRACE AMOUNT.




$$
