000
CDUS43 KABR 220909
CLIPIR


CLIMATE REPORT
NATIONAL WEATHER SERVICE ABERDEEN SD
409 AM CDT SAT JUL 22 2017


...................................

...THE PIERRE SD CLIMATE SUMMARY FOR JULY 21 2017...

CLIMATE NORMAL PERIOD 1981 TO 2010
CLIMATE RECORD PERIOD 1892 TO 2017


WEATHER ITEM   OBSERVED TIME   RECORD YEAR NORMAL DEPARTURE LAST
                VALUE   (LST)  VALUE       VALUE  FROM      YEAR
                                                  NORMAL
..................................................................
TEMPERATURE (F)
 YESTERDAY
  MAXIMUM         99    435 PM 110    1934  90      9      102
  MINIMUM         69    536 AM  46    1947  63      6       71
  AVERAGE         84                        76      8       87

PRECIPITATION (IN)
  YESTERDAY        0.03          0.94 1978   0.09  -0.06     0.00
  MONTH TO DATE    0.12                      1.76  -1.64     2.10
  SINCE JUN 1      2.72                      5.33  -2.61     3.93
  SINCE JAN 1      7.17                     12.53  -5.36    11.37

DEGREE DAYS
 HEATING
  YESTERDAY        0                         0      0        0
  MONTH TO DATE    0                         0      0        4
  SINCE JUN 1     24                        53    -29       16
  SINCE JUL 1      0                         0      0        4

 COOLING
  YESTERDAY       19                        11      8       22
  MONTH TO DATE  301                       212     89      222
  SINCE JUN 1    468                       346    122      449
  SINCE JAN 1    489                       378    111      472
..................................................................


WIND (MPH)
  RESULTANT WIND SPEED   3   RESULTANT WIND DIRECTION   N (20)
  HIGHEST WIND SPEED    26   HIGHEST WIND DIRECTION     E (90)
  HIGHEST GUST SPEED    32   HIGHEST GUST DIRECTION     E (80)
  AVERAGE WIND SPEED     7.1




RELATIVE HUMIDITY (PERCENT)
 HIGHEST    74          1100 PM
 LOWEST     33           500 PM
 AVERAGE    54

..........................................................


THE PIERRE SD CLIMATE NORMALS FOR TODAY
                         NORMAL    RECORD    YEAR
 MAXIMUM TEMPERATURE (F)   90       108      1941
 MINIMUM TEMPERATURE (F)   63        49      1961


SUNRISE AND SUNSET
JULY 22 2017..........SUNRISE   618 AM CDT   SUNSET   917 PM CDT
JULY 23 2017..........SUNRISE   619 AM CDT   SUNSET   916 PM CDT


-  INDICATES NEGATIVE NUMBERS.
R  INDICATES RECORD WAS SET OR TIED.
MM INDICATES DATA IS MISSING.
T  INDICATES TRACE AMOUNT.




$$
