000
CDUS43 KABR 280908
CLIPIR


CLIMATE REPORT
NATIONAL WEATHER SERVICE ABERDEEN SD
407 AM CDT MON JUL 28 2014


...................................

...THE PIERRE SD CLIMATE SUMMARY FOR JULY 27 2014...

CLIMATE NORMAL PERIOD 1981 TO 2010
CLIMATE RECORD PERIOD 1892 TO 2014


WEATHER ITEM   OBSERVED TIME   RECORD YEAR NORMAL DEPARTURE LAST
                VALUE   (LST)  VALUE       VALUE  FROM      YEAR
                                                  NORMAL
..................................................................
TEMPERATURE (F)
 YESTERDAY
  MAXIMUM         79    249 PM 107    1988  90    -11       75
  MINIMUM         54   1147 PM  44    2013  63     -9       44
  AVERAGE         67                        76     -9       60

PRECIPITATION (IN)
  YESTERDAY        0.00          0.89 1901   0.09  -0.09     0.00
  MONTH TO DATE    0.84                      2.28  -1.44     2.57
  SINCE JUN 1      5.23                      5.85  -0.62     5.53
  SINCE JAN 1     13.16                     13.05   0.11    14.39

DEGREE DAYS
 HEATING
  YESTERDAY        0                         0      0        5
  MONTH TO DATE   19                         0     19        7
  SINCE JUN 1     86                        53     33       67
  SINCE JUL 1     19                         0     19        7

 COOLING
  YESTERDAY        2                        11     -9        0
  MONTH TO DATE  210                       278    -68      253
  SINCE JUN 1    269                       412   -143      372
  SINCE JAN 1    317                       444   -127      394
..................................................................


WIND (MPH)
  RESULTANT WIND SPEED  11   RESULTANT WIND DIRECTION   N (340)
  HIGHEST WIND SPEED    23   HIGHEST WIND DIRECTION    NW (330)
  HIGHEST GUST SPEED    28   HIGHEST GUST DIRECTION    NW (320)
  AVERAGE WIND SPEED    13.2




RELATIVE HUMIDITY (PERCENT)
 HIGHEST    86          1100 PM
 LOWEST     42           500 PM
 AVERAGE    64

..........................................................


THE PIERRE SD CLIMATE NORMALS FOR TODAY
                         NORMAL    RECORD    YEAR
 MAXIMUM TEMPERATURE (F)   90       111      2006
                                             1999
 MINIMUM TEMPERATURE (F)   63        46      2013
                                             1971


SUNRISE AND SUNSET
JULY 28 2014..........SUNRISE   624 AM CDT   SUNSET   911 PM CDT
JULY 29 2014..........SUNRISE   625 AM CDT   SUNSET   910 PM CDT


-  INDICATES NEGATIVE NUMBERS.
R  INDICATES RECORD WAS SET OR TIED.
MM INDICATES DATA IS MISSING.
T  INDICATES TRACE AMOUNT.




$$
