000
CDUS43 KABR 182231
CLIPIR


CLIMATE REPORT
NATIONAL WEATHER SERVICE ABERDEEN SD
530 PM CDT THU SEP 18 2014


...................................

...THE PIERRE SD CLIMATE SUMMARY FOR SEPTEMBER 18 2014...
VALID TODAY AS OF 0500 PM LOCAL TIME.

CLIMATE NORMAL PERIOD 1981 TO 2010
CLIMATE RECORD PERIOD 1892 TO 2014


WEATHER ITEM   OBSERVED TIME   RECORD YEAR NORMAL DEPARTURE LAST
                VALUE   (LST)  VALUE       VALUE  FROM      YEAR
                                                  NORMAL
..................................................................
TEMPERATURE (F)
 TODAY
  MAXIMUM         85    353 PM 104    2000  75     10       95
  MINIMUM         50    251 AM  30    1991  48      2       61
  AVERAGE         68                        62      6       78

PRECIPITATION (IN)
  TODAY            0.03          1.16 1946   0.06  -0.03     0.00
  MONTH TO DATE    0.55                      1.08  -0.53     0.07
  SINCE SEP 1      0.55                      1.08  -0.53     0.07
  SINCE JAN 1     16.77                     16.26   0.51    16.99

DEGREE DAYS
 HEATING
  TODAY            0                         5     -5        0
  MONTH TO DATE  111                        59     52       16
  SINCE SEP 1    111                        59     52       16
  SINCE JUL 1    139                        79     60       25

 COOLING
  TODAY            3                         2      1       13
  MONTH TO DATE   37                        73    -36      143
  SINCE SEP 1     37                        73    -36      143
  SINCE JAN 1    573                       850   -277      829
..................................................................


WIND (MPH)
  HIGHEST GUST SPEED    32   HIGHEST GUST DIRECTION     S (170)




..........................................................


THE PIERRE SD CLIMATE NORMALS FOR TOMORROW
                         NORMAL    RECORD    YEAR
 MAXIMUM TEMPERATURE (F)   75       100      1984
 MINIMUM TEMPERATURE (F)   48        24      1991


SUNRISE AND SUNSET
SEPTEMBER 18 2014.....SUNRISE   724 AM CDT   SUNSET   746 PM CDT
SEPTEMBER 19 2014.....SUNRISE   725 AM CDT   SUNSET   744 PM CDT


-  INDICATES NEGATIVE NUMBERS.
R  INDICATES RECORD WAS SET OR TIED.
MM INDICATES DATA IS MISSING.
T  INDICATES TRACE AMOUNT.




$$
