000
CDUS43 KABR 261200
CLIPIR


CLIMATE REPORT
NATIONAL WEATHER SERVICE ABERDEEN SD
700 AM CDT WED APR 26 2017


...................................

...THE PIERRE SD CLIMATE SUMMARY FOR APRIL 25 2017...

CLIMATE NORMAL PERIOD 1981 TO 2010
CLIMATE RECORD PERIOD 1892 TO 2017


WEATHER ITEM   OBSERVED TIME   RECORD YEAR NORMAL DEPARTURE LAST
                VALUE   (LST)  VALUE       VALUE  FROM      YEAR
                                                  NORMAL
..................................................................
TEMPERATURE (F)
 YESTERDAY
  MAXIMUM         38   1247 AM  94    1962  64    -26       53
  MINIMUM         31    929 PM  22    2013  38     -7       39
  AVERAGE         35                        51    -16       46

PRECIPITATION (IN)
  YESTERDAY        T             1.91 1929   0.07  -0.07      T
  MONTH TO DATE    1.74                      1.43   0.31     2.71
  SINCE MAR 1      2.08                      2.66  -0.58     4.03
  SINCE JAN 1      3.31                      3.67  -0.36     5.03

SNOWFALL (IN)
  YESTERDAY       MM             2.0  1988   0.1   MM        0.0
  MONTH TO DATE    T                         3.8   -3.8       T
  SINCE OCT 1     32.6                      31.6    0.0     28.7
  SINCE JUL 1     32.6                      31.6    0.0     28.7
  SNOW DEPTH       0

DEGREE DAYS
 HEATING
  YESTERDAY       30                        14     16       19
  MONTH TO DATE  403                       479    -76      401
  SINCE MAR 1   1273                      1426   -153     1157
  SINCE JUL 1   6429                      6924   -495     5991

 COOLING
  YESTERDAY        0                         0      0        0
  MONTH TO DATE    1                         0      1        6
  SINCE MAR 1      1                         0      1        6
  SINCE JAN 1      1                         0      1        6
..................................................................


WIND (MPH)
  RESULTANT WIND SPEED  15   RESULTANT WIND DIRECTION   N (10)
  HIGHEST WIND SPEED    26   HIGHEST WIND DIRECTION     N (10)
  HIGHEST GUST SPEED    30   HIGHEST GUST DIRECTION     N (360)
  AVERAGE WIND SPEED    15.7




RELATIVE HUMIDITY (PERCENT)
 HIGHEST    96           800 AM
 LOWEST     75          1100 AM
 AVERAGE    86

..........................................................


THE PIERRE SD CLIMATE NORMALS FOR TODAY
                         NORMAL    RECORD    YEAR
 MAXIMUM TEMPERATURE (F)   64        86      1952
 MINIMUM TEMPERATURE (F)   38        18      1950


SUNRISE AND SUNSET
APRIL 26 2017.........SUNRISE   639 AM CDT   SUNSET   840 PM CDT
APRIL 27 2017.........SUNRISE   637 AM CDT   SUNSET   841 PM CDT


-  INDICATES NEGATIVE NUMBERS.
R  INDICATES RECORD WAS SET OR TIED.
MM INDICATES DATA IS MISSING.
T  INDICATES TRACE AMOUNT.




$$
