000
CDUS43 KABR 232234
CLIPIR


CLIMATE REPORT
NATIONAL WEATHER SERVICE ABERDEEN SD
532 PM CDT SAT MAY 23 2015


...................................

...THE PIERRE SD CLIMATE SUMMARY FOR MAY 23 2015...
VALID TODAY AS OF 0500 PM LOCAL TIME.

CLIMATE NORMAL PERIOD 1981 TO 2010
CLIMATE RECORD PERIOD 1892 TO 2015


WEATHER ITEM   OBSERVED TIME   RECORD YEAR NORMAL DEPARTURE LAST
                VALUE   (LST)  VALUE       VALUE  FROM      YEAR
                                                  NORMAL
..................................................................
TEMPERATURE (F)
 TODAY
  MAXIMUM         62    336 PM  90    1984  72    -10       83
  MINIMUM         47   1206 AM  33    1992  48     -1       56
  AVERAGE         55                        60     -5       70

PRECIPITATION (IN)
  TODAY            0.00          1.54 1914   0.11  -0.11     0.00
  MONTH TO DATE    3.52                      2.24   1.28     1.60
  SINCE MAR 1      4.34                      5.28  -0.94     4.56
  SINCE JAN 1      4.69                      6.29  -1.60     5.13

DEGREE DAYS
 COOLING
  TODAY            0                         1     -1        5
  MONTH TO DATE    5                        21    -16        5
  SINCE MAR 1     10                        25    -15        5
  SINCE JAN 1     10                        25    -15        5
..................................................................


WIND (MPH)
  HIGHEST GUST SPEED    20   HIGHEST GUST DIRECTION    SE (130)




..........................................................


THE PIERRE SD CLIMATE NORMALS FOR TOMORROW
                         NORMAL    RECORD    YEAR
 MAXIMUM TEMPERATURE (F)   72        90      1959
 MINIMUM TEMPERATURE (F)   49        28      2002


SUNRISE AND SUNSET
MAY 23 2015...........SUNRISE   606 AM CDT   SUNSET   910 PM CDT
MAY 24 2015...........SUNRISE   606 AM CDT   SUNSET   911 PM CDT


-  INDICATES NEGATIVE NUMBERS.
R  INDICATES RECORD WAS SET OR TIED.
MM INDICATES DATA IS MISSING.
T  INDICATES TRACE AMOUNT.




$$
