000
CDUS43 KABR 271457
CLIPIR


CLIMATE REPORT
NATIONAL WEATHER SERVICE ABERDEEN SD
856 AM CST TUE JAN 27 2015


...................................

...THE PIERRE SD CLIMATE SUMMARY FOR JANUARY 26 2015...

CLIMATE NORMAL PERIOD 1981 TO 2010
CLIMATE RECORD PERIOD 1892 TO 2015


WEATHER ITEM   OBSERVED TIME   RECORD YEAR NORMAL DEPARTURE LAST
                VALUE   (LST)  VALUE       VALUE  FROM      YEAR
                                                  NORMAL
..................................................................
TEMPERATURE (F)
 YESTERDAY
  MAXIMUM         57    420 PM  64    2006  31     26       43
  MINIMUM         29   1111 PM -25    1950  10     19        2
  AVERAGE         43                        20     23       23

PRECIPITATION (IN)
  YESTERDAY        0.00          0.27 1902   0.01  -0.01      T
  MONTH TO DATE    0.13                      0.35  -0.22     0.09
  SINCE DEC 1      0.95                      0.90   0.05     1.57
  SINCE JAN 1      0.13                      0.35  -0.22     0.09

SNOWFALL (IN)
  YESTERDAY        0.0           0.7  2000   0.2   -0.2       T
  MONTH TO DATE    1.4                       4.0   -2.6      1.0
  SINCE OCT 1     20.8                      15.2    5.6     17.2
  SINCE JUL 1     20.8                      15.2    5.6     17.2
  SNOW DEPTH       0

DEGREE DAYS
 HEATING
  YESTERDAY       22                        45    -23       42
  MONTH TO DATE 1117                      1175    -58     1118
  SINCE DEC 1   2390                      2517   -127     2718
  SINCE JUL 1   4112                      4137    -25     4337

 COOLING
  YESTERDAY        0                         0      0        0
  MONTH TO DATE    0                         0      0        0
  SINCE DEC 1      0                         0      0        0
  SINCE JAN 1      0                         0      0        0
..................................................................


WIND (MPH)
  RESULTANT WIND SPEED   8   RESULTANT WIND DIRECTION   W (280)
  HIGHEST WIND SPEED    17   HIGHEST WIND DIRECTION    NW (300)
  HIGHEST GUST SPEED    22   HIGHEST GUST DIRECTION    NW (300)
  AVERAGE WIND SPEED     9.5




RELATIVE HUMIDITY (PERCENT)
 HIGHEST    92          1100 PM
 LOWEST     33           400 PM
 AVERAGE    63

..........................................................


THE PIERRE SD CLIMATE NORMALS FOR TODAY
                         NORMAL    RECORD    YEAR
 MAXIMUM TEMPERATURE (F)   31        61      1934
 MINIMUM TEMPERATURE (F)   10       -23      1948


SUNRISE AND SUNSET
JANUARY 27 2015.......SUNRISE   805 AM CST   SUNSET   543 PM CST
JANUARY 28 2015.......SUNRISE   804 AM CST   SUNSET   545 PM CST


-  INDICATES NEGATIVE NUMBERS.
R  INDICATES RECORD WAS SET OR TIED.
MM INDICATES DATA IS MISSING.
T  INDICATES TRACE AMOUNT.




$$
