000
CDUS41 KPBZ 162115
CLIPIT

CLIMATE REPORT
NATIONAL WEATHER SERVICE PITTSBURGH PA
515 PM EDT MON OCT 16 2017

...................................

...THE PITTSBURGH PA CLIMATE SUMMARY FOR OCTOBER 16 2017...
VALID TODAY AS OF 0500 PM LOCAL TIME.

CLIMATE NORMAL PERIOD 1981 TO 2010
CLIMATE RECORD PERIOD 1871 TO 2017

WEATHER ITEM   OBSERVED TIME   RECORD YEAR NORMAL DEPARTURE LAST
                VALUE   (LST)  VALUE       VALUE  FROM      YEAR
                                                  NORMAL
..................................................................
TEMPERATURE (F)
 TODAY
  MAXIMUM         58    359 PM  87    1897  63     -5       77
  MINIMUM         47    720 AM  25    1876  43      4       59
  AVERAGE         53                        53      0       68

PRECIPITATION (IN)
  TODAY            T             1.15 1919   0.06  -0.06      T
  MONTH TO DATE    2.53                      1.15   1.38     0.59
  SINCE JUN 1     15.94                     15.87   0.07    13.18
  SINCE JAN 1     34.65                     30.97   3.68    26.80

SNOWFALL (IN)
  TODAY            0.0           T    2009   0.0    0.0      0.0
                                      2004
                                      1982
  MONTH TO DATE    0.0                       0.0    0.0      0.0
  SINCE OCT 1      0.0                       0.0    0.0      0.0
  SINCE JUL 1      0.0                       0.0    0.0      0.0
  SNOW DEPTH       0

DEGREE DAYS
 HEATING
  TODAY           12                        13     -1        0
  MONTH TO DATE   33                       166   -133      117
  SINCE SEP 1    101                       267   -166      132
  SINCE JUL 1    106                       280   -174      133

 COOLING
  TODAY            0                         0      0        3
  MONTH TO DATE   39                         6     33        3
  SINCE SEP 1    160                        82     78      159
  SINCE JAN 1    864                       734    130     1134
..................................................................

WIND (MPH)
  HIGHEST WIND SPEED    21   HIGHEST WIND DIRECTION    NW (330)
  HIGHEST GUST SPEED    25   HIGHEST GUST DIRECTION    NW (330)
  AVERAGE WIND SPEED    12.6


SKY COVER
  POSSIBLE SUNSHINE  MM
  AVERAGE SKY COVER 0.8


WEATHER CONDITIONS
 THE FOLLOWING WEATHER WAS RECORDED TODAY.
  LIGHT RAIN
  FOG


RELATIVE HUMIDITY (PERCENT)
 HIGHEST    93           600 AM
 LOWEST     36           400 PM
 AVERAGE    65

..........................................................


THE PITTSBURGH PA CLIMATE NORMALS FOR TOMORROW
                         NORMAL    RECORD    YEAR
 MAXIMUM TEMPERATURE (F)   62        83      1928
                                             1881
 MINIMUM TEMPERATURE (F)   42        28      1991


SUNRISE AND SUNSET
OCTOBER 16 2017.......SUNRISE   733 AM EDT   SUNSET   639 PM EDT
OCTOBER 17 2017.......SUNRISE   734 AM EDT   SUNSET   637 PM EDT


-  INDICATES NEGATIVE NUMBERS.
R  INDICATES RECORD WAS SET OR TIED.
MM INDICATES DATA IS MISSING.
T  INDICATES TRACE AMOUNT.

&&

SNOW DEPTH IS MEASURED AT 7 AM EST OR 8 AM EDT.

$$
