000
CDUS41 KPBZ 032112
CLIPIT

CLIMATE REPORT
NATIONAL WEATHER SERVICE PITTSBURGH PA
511 PM EDT MON AUG 3 2015

...................................

...THE PITTSBURGH PA CLIMATE SUMMARY FOR AUGUST 3 2015...
VALID TODAY AS OF 0500 PM LOCAL TIME.

CLIMATE NORMAL PERIOD 1981 TO 2010
CLIMATE RECORD PERIOD 1871 TO 2015

WEATHER ITEM   OBSERVED TIME   RECORD YEAR NORMAL DEPARTURE LAST
                VALUE   (LST)  VALUE       VALUE  FROM      YEAR
                                                  NORMAL
..................................................................
TEMPERATURE (F)
 TODAY
  MAXIMUM         84    129 PM  96    1995  82      2       75
                                      1930
  MINIMUM         66    528 AM  49    1976  63      3       64
  AVERAGE         75                        72      3       70

PRECIPITATION (IN)
  TODAY            0.09          1.79 1885   0.12  -0.03     0.12
  MONTH TO DATE    0.09                      0.36  -0.27     0.14
  SINCE JUN 1     11.04                      8.49   2.55     9.38
  SINCE JAN 1     25.52                     23.59   1.93    24.47

SNOWFALL (IN)
  TODAY            0.0           0.0  2002   0.0    0.0      0.0
                                      2001
  MONTH TO DATE    0.0                       0.0    0.0      0.0
  SINCE OCT 1     47.5                      41.9    5.6     63.4
  SINCE JUL 1      0.0                       0.0    0.0      0.0
  SNOW DEPTH       0

DEGREE DAYS
 HEATING
  TODAY            0                         0      0        0
  MONTH TO DATE    0                         0      0        0
  SINCE JUN 1     25                        42    -17       20
  SINCE JUL 1      0                         4     -4       11

 COOLING
  TODAY           10                         8      2        5
  MONTH TO DATE   30                        24      6       19
  SINCE JUN 1    489                       415     74      392
  SINCE JAN 1    623                       467    156      466
..................................................................

WIND (MPH)
  HIGHEST WIND SPEED    16   HIGHEST WIND DIRECTION     W (280)
  HIGHEST GUST SPEED    22   HIGHEST GUST DIRECTION    SW (210)
  AVERAGE WIND SPEED     7.9


SKY COVER
  POSSIBLE SUNSHINE  MM
  AVERAGE SKY COVER 0.7


WEATHER CONDITIONS
 THE FOLLOWING WEATHER WAS RECORDED TODAY.
  THUNDERSTORM
  RAIN
  HAZE


RELATIVE HUMIDITY (PERCENT)
 HIGHEST    81           600 AM
 LOWEST     43           200 PM
 AVERAGE    62

..........................................................


THE PITTSBURGH PA CLIMATE NORMALS FOR TOMORROW
                         NORMAL    RECORD    YEAR
 MAXIMUM TEMPERATURE (F)   82        99      1930
 MINIMUM TEMPERATURE (F)   63        49      1912


SUNRISE AND SUNSET
AUGUST  3 2015........SUNRISE   620 AM EDT   SUNSET   834 PM EDT
AUGUST  4 2015........SUNRISE   621 AM EDT   SUNSET   833 PM EDT


-  INDICATES NEGATIVE NUMBERS.
R  INDICATES RECORD WAS SET OR TIED.
MM INDICATES DATA IS MISSING.
T  INDICATES TRACE AMOUNT.

&&

SNOW DEPTH IS MEASURED AT 7 AM EST OR 8 AM EDT.

$$
