819
CDUS41 KPBZ 272122
CLIPIT

CLIMATE REPORT
NATIONAL WEATHER SERVICE PITTSBURGH PA
521 PM EDT THU APR 27 2017

...................................

...THE PITTSBURGH PA CLIMATE SUMMARY FOR APRIL 27 2017...
VALID TODAY AS OF 0500 PM LOCAL TIME.

CLIMATE NORMAL PERIOD 1981 TO 2010
CLIMATE RECORD PERIOD 1871 TO 2017

WEATHER ITEM   OBSERVED TIME   RECORD YEAR NORMAL DEPARTURE LAST
                VALUE   (LST)  VALUE       VALUE  FROM      YEAR
                                                  NORMAL
..................................................................
TEMPERATURE (F)
 TODAY
  MAXIMUM         81    215 PM  89    1990  66     15       67
  MINIMUM         59    513 AM  24    1971  44     15       45
  AVERAGE         70                        55     15       56

PRECIPITATION (IN)
  TODAY            T             1.59 1948   0.10  -0.10     0.00
  MONTH TO DATE    2.43                      2.80  -0.37     1.82
  SINCE JUN 1     33.84                     33.93  -0.09    35.66
  SINCE JAN 1     12.45                     10.84   1.61     9.58

SNOWFALL (IN)
  TODAY            0.0           0.5  1928   0.0    0.0      0.0
  MONTH TO DATE    T                         1.5   -1.5      3.1
  SINCE OCT 1     32.0                      41.9   -9.9     29.6
  SINCE JUL 1     32.0                      41.9   -9.9     29.6
  SNOW DEPTH       0

DEGREE DAYS
 HEATING
  TODAY            0                        11    -11        9
  MONTH TO DATE  242                       400   -158      370
  SINCE MAR 1   1015                      1188   -173      890
  SINCE JUL 1   4441                      5445  -1004     4456

 COOLING
  TODAY            5                         0      5        0
  MONTH TO DATE   17                         0     17        1
  SINCE MAR 1     19                         1     18        3
  SINCE JAN 1     20                         1     19        3
..................................................................

WIND (MPH)
  HIGHEST WIND SPEED    23   HIGHEST WIND DIRECTION    SW (240)
  HIGHEST GUST SPEED    36   HIGHEST GUST DIRECTION    SW (230)
  AVERAGE WIND SPEED     7.8


SKY COVER
  POSSIBLE SUNSHINE  MM
  AVERAGE SKY COVER 0.7


WEATHER CONDITIONS
 THE FOLLOWING WEATHER WAS RECORDED TODAY.
  LIGHT RAIN


RELATIVE HUMIDITY (PERCENT)
 HIGHEST    90           400 AM
 LOWEST     36           200 PM
 AVERAGE    63

..........................................................


THE PITTSBURGH PA CLIMATE NORMALS FOR TOMORROW
                         NORMAL    RECORD    YEAR
 MAXIMUM TEMPERATURE (F)   66        88      1990
                                             1986
 MINIMUM TEMPERATURE (F)   44        29      1934


SUNRISE AND SUNSET
APRIL 27 2017.........SUNRISE   625 AM EDT   SUNSET   813 PM EDT
APRIL 28 2017.........SUNRISE   623 AM EDT   SUNSET   814 PM EDT


-  INDICATES NEGATIVE NUMBERS.
R  INDICATES RECORD WAS SET OR TIED.
MM INDICATES DATA IS MISSING.
T  INDICATES TRACE AMOUNT.

&&

SNOW DEPTH IS MEASURED AT 7 AM EST OR 8 AM EDT.

$$
