000
CDUS41 KPBZ 262228
CLIPIT


CLIMATE REPORT
NATIONAL WEATHER SERVICE PITTSBURGH PA
527 PM EST MON JAN 26 2015


...................................

...THE PITTSBURGH PA CLIMATE SUMMARY FOR JANUARY 26 2015...
VALID TODAY AS OF 0500 PM LOCAL TIME.

CLIMATE NORMAL PERIOD 1981 TO 2010
CLIMATE RECORD PERIOD 1871 TO 2015


WEATHER ITEM   OBSERVED TIME   RECORD YEAR NORMAL DEPARTURE LAST
                VALUE   (LST)  VALUE       VALUE  FROM      YEAR
                                                  NORMAL
..................................................................
TEMPERATURE (F)
 TODAY
  MAXIMUM         29    558 AM  68    1950  36     -7       36
  MINIMUM         25    153 PM  -5    1897  21      4        7
  AVERAGE         27                        28     -1       22

PRECIPITATION (IN)
  TODAY            0.25          1.52 1952   0.09   0.16     0.08
  MONTH TO DATE    1.89                      2.28  -0.39     2.17
  SINCE JUN 1     23.64                     25.37  -1.73    26.48
  SINCE JAN 1      1.89                      2.28  -0.39     2.17

SNOWFALL (IN)
  TODAY            3.9           4.2  1963   0.3    3.6      1.6
  MONTH TO DATE   14.6                       9.5    5.1     17.7
  SINCE OCT 1     17.9                      20.2   -2.3     42.1
  SINCE JUL 1     17.9                      20.2   -2.3     42.1
  SNOW DEPTH       4

DEGREE DAYS
 HEATING
  TODAY           38                        36      2       43
  MONTH TO DATE  995                       957     38     1076
  SINCE DEC 1   1904                      1969    -65     2025
  SINCE JUL 1   3142                      3132     10     3193

 COOLING
  TODAY            0                         0      0        0
  MONTH TO DATE    0                         0      0        0
  SINCE DEC 1      0                         0      0        0
  SINCE JAN 1      0                         0      0        0
..................................................................


WIND (MPH)
  HIGHEST WIND SPEED    15   HIGHEST WIND DIRECTION     N (340)
  HIGHEST GUST SPEED    19   HIGHEST GUST DIRECTION    NW (330)
  AVERAGE WIND SPEED     8.7


SKY COVER
  POSSIBLE SUNSHINE  MM
  AVERAGE SKY COVER 1.0


WEATHER CONDITIONS
 THE FOLLOWING WEATHER WAS RECORDED TODAY.
  SNOW
  LIGHT SNOW
  FOG


RELATIVE HUMIDITY (PERCENT)
 HIGHEST   100          1200 AM
 LOWEST     81           300 PM
 AVERAGE    91

..........................................................


THE PITTSBURGH PA CLIMATE NORMALS FOR TOMORROW
                         NORMAL    RECORD    YEAR
 MAXIMUM TEMPERATURE (F)   36        69      1916
 MINIMUM TEMPERATURE (F)   21        -9      1936


SUNRISE AND SUNSET
JANUARY 26 2015.......SUNRISE   736 AM EST   SUNSET   531 PM EST
JANUARY 27 2015.......SUNRISE   735 AM EST   SUNSET   533 PM EST


-  INDICATES NEGATIVE NUMBERS.
R  INDICATES RECORD WAS SET OR TIED.
MM INDICATES DATA IS MISSING.
T  INDICATES TRACE AMOUNT.





&&
SNOW DEPTH IS MEASURED AT 7 AM EST OR 8 AM EDT.
$$
