000
CDUS41 KPBZ 162127
CLIPIT


CLIMATE REPORT
NATIONAL WEATHER SERVICE PITTSBURGH PA
526 PM EDT TUE SEP 16 2014


...................................

...THE PITTSBURGH PA CLIMATE SUMMARY FOR SEPTEMBER 16 2014...
VALID TODAY AS OF 0500 PM LOCAL TIME.

CLIMATE NORMAL PERIOD 1981 TO 2010
CLIMATE RECORD PERIOD 1871 TO 2014


WEATHER ITEM   OBSERVED TIME   RECORD YEAR NORMAL DEPARTURE LAST
                VALUE   (LST)  VALUE       VALUE  FROM      YEAR
                                                  NORMAL
..................................................................
TEMPERATURE (F)
 TODAY
  MAXIMUM         67    320 PM  94    1897  74     -7       70
  MINIMUM         54    803 AM  37    1984  54      0       52
  AVERAGE         61                        64     -3       61

PRECIPITATION (IN)
  TODAY            0.13          1.00 1977   0.11   0.02     0.19
  MONTH TO DATE    0.46                      1.73  -1.27     1.33
  SINCE JUN 1     14.75                     13.34   1.41    14.75
  SINCE JAN 1     29.84                     28.44   1.40    27.09

SNOWFALL (IN)
  TODAY            0.0           0.0  2002   0.0    0.0      0.0
                                      2001
  MONTH TO DATE    0.0                       0.0    0.0      0.0
  SINCE OCT 1     63.4                      41.4   22.0     57.4
  SINCE JUL 1      0.0                       0.0    0.0      0.0
  SNOW DEPTH       0

DEGREE DAYS
 HEATING
  TODAY            4                         3      1        4
  MONTH TO DATE   42                        27     15       31
  SINCE SEP 1     42                        27     15       31
  SINCE JUL 1     63                        40     23       42

 COOLING
  TODAY            0                         2     -2        0
  MONTH TO DATE   67                        56     11       67
  SINCE SEP 1     67                        56     11       67
  SINCE JAN 1    688                       708    -20      786
..................................................................


WIND (MPH)
  HIGHEST WIND SPEED    15   HIGHEST WIND DIRECTION     N (360)
  HIGHEST GUST SPEED    22   HIGHEST GUST DIRECTION     N (350)
  AVERAGE WIND SPEED     6.0


SKY COVER
  POSSIBLE SUNSHINE  MM
  AVERAGE SKY COVER 0.8


WEATHER CONDITIONS
 THE FOLLOWING WEATHER WAS RECORDED TODAY.
  LIGHT RAIN
  FOG


RELATIVE HUMIDITY (PERCENT)
 HIGHEST   100           200 AM
 LOWEST     56           300 PM
 AVERAGE    78

..........................................................


THE PITTSBURGH PA CLIMATE NORMALS FOR TOMORROW
                         NORMAL    RECORD    YEAR
 MAXIMUM TEMPERATURE (F)   74        91      1955
 MINIMUM TEMPERATURE (F)   54        33      1959


SUNRISE AND SUNSET
SEPTEMBER 16 2014.....SUNRISE   703 AM EDT   SUNSET   728 PM EDT
SEPTEMBER 17 2014.....SUNRISE   703 AM EDT   SUNSET   726 PM EDT


-  INDICATES NEGATIVE NUMBERS.
R  INDICATES RECORD WAS SET OR TIED.
MM INDICATES DATA IS MISSING.
T  INDICATES TRACE AMOUNT.






&&
SNOW DEPTH IS MEASURED AT 7 AM EST OR 8 AM EDT.
$$
