000
CDUS41 KPBZ 301221
CLIPIT


CLIMATE REPORT
NATIONAL WEATHER SERVICE PITTSBURGH PA
820 AM EDT THU OCT 30 2014


...................................

...THE PITTSBURGH PA CLIMATE SUMMARY FOR OCTOBER 30 2014...
VALID AS OF 0800 AM LOCAL TIME.

CLIMATE NORMAL PERIOD 1981 TO 2010
CLIMATE RECORD PERIOD 1871 TO 2014


WEATHER ITEM   OBSERVED TIME   RECORD YEAR NORMAL DEPARTURE LAST
                VALUE   (LST)  VALUE       VALUE  FROM      YEAR
                                                  NORMAL
..................................................................
TEMPERATURE (F)
 TODAY
  MINIMUM         36    659 AM  24    1980  39     -3       43
                                      1965

PRECIPITATION (IN)
  TODAY            0.00          1.81 1970   0.08  -0.08     0.00
  MONTH TO DATE    1.76                      2.20  -0.44     2.19
  SINCE JUN 1     17.02                     16.92   0.10    17.92
  SINCE JAN 1     32.11                     32.02   0.09    30.26

SNOWFALL (IN)
  TODAY            0.0           2.0  1925   0.1   -0.1      0.0
  MONTH TO DATE    T                         0.4   -0.4      0.1
  SINCE OCT 1      T                         0.4   -0.4      0.1
  SINCE JUL 1      T                         0.4   -0.4      0.1
  SNOW DEPTH       0

DEGREE DAYS
 HEATING
  TODAY           25

 COOLING
  TODAY            0
..................................................................





WEATHER CONDITIONS
 THE FOLLOWING WEATHER WAS RECORDED TODAY.
  NO SIGNIFICANT WEATHER WAS OBSERVED.


RELATIVE HUMIDITY (PERCENT)
 HIGHEST    92           600 AM

..........................................................


THE PITTSBURGH PA CLIMATE NORMALS FOR TOMORROW
                         NORMAL    RECORD    YEAR
 MAXIMUM TEMPERATURE (F)   58        79      1950
                                             1876
 MINIMUM TEMPERATURE (F)   39        20      1887


SUNRISE AND SUNSET
OCTOBER 30 2014.......SUNRISE   748 AM EDT   SUNSET   620 PM EDT
OCTOBER 31 2014.......SUNRISE   750 AM EDT   SUNSET   619 PM EDT


-  INDICATES NEGATIVE NUMBERS.
R  INDICATES RECORD WAS SET OR TIED.
MM INDICATES DATA IS MISSING.
T  INDICATES TRACE AMOUNT.





&&
SNOW DEPTH IS MEASURED AT 7 AM EST OR 8 AM EDT.
$$
