000
CDUS41 KRLX 070816
CLIPKB


CLIMATE REPORT
NATIONAL WEATHER SERVICE CHARLESTON WV
315 AM EST WED DEC 7 2016


...................................

...THE PARKERSBURG WV CLIMATE SUMMARY FOR DECEMBER 6 2016...

CLIMATE NORMAL PERIOD 1981 TO 2010
CLIMATE RECORD PERIOD 1889 TO 2016


WEATHER ITEM   OBSERVED TIME   RECORD YEAR NORMAL DEPARTURE LAST
                VALUE   (LST)  VALUE       VALUE  FROM      YEAR
                                                  NORMAL
..................................................................
TEMPERATURE (F)
 YESTERDAY
  MAXIMUM         47    238 PM  74    1998  46      1       54
  MINIMUM         38    252 AM   5    1977  29      9       25
  AVERAGE         43                        38      5       40

PRECIPITATION (IN)
  YESTERDAY        0.74          0.93 2014   0.10   0.64     0.00
  MONTH TO DATE    0.80                      0.63   0.17     0.85
  SINCE JAN 1     32.91                     38.72  -5.81    38.86

SNOWFALL (IN)
  YESTERDAY       MM
  MONTH TO DATE   MM
  SINCE SEP 1     MM
  SNOW DEPTH      MM

DEGREE DAYS
 HEATING
  YESTERDAY       22                        27     -5       25
  MONTH TO DATE  149                       159    -10      136
  SINCE DEC 1    149                       159    -10      136
  SINCE JUL 1    903                      1144   -241      898

 COOLING
  YESTERDAY        0                         0      0        0
  MONTH TO DATE    0                         0      0        0
  SINCE DEC 1      0                         0      0        0
  SINCE JAN 1   1352                       955    397     1040
..................................................................


WIND (MPH)
  HIGHEST WIND SPEED    20   HIGHEST WIND DIRECTION     W (280)
  HIGHEST GUST SPEED    27   HIGHEST GUST DIRECTION     W (260)
  AVERAGE WIND SPEED     7.4


SKY COVER
  POSSIBLE SUNSHINE  MM
  AVERAGE SKY COVER 0.8


WEATHER CONDITIONS
 THE FOLLOWING WEATHER WAS RECORDED YESTERDAY.
  HEAVY RAIN
  RAIN
  LIGHT RAIN
  FOG
  HAZE


RELATIVE HUMIDITY (PERCENT)
 HIGHEST    92           100 PM
 LOWEST     70           300 AM
 AVERAGE    81

..........................................................


THE PARKERSBURG WV CLIMATE NORMALS FOR TODAY
                         NORMAL    RECORD    YEAR
 MAXIMUM TEMPERATURE (F)   46        73      2004
                                             1951
 MINIMUM TEMPERATURE (F)   29         0      1977


SUNRISE AND SUNSET
DECEMBER  7 2016......SUNRISE   733 AM EST   SUNSET   502 PM EST
DECEMBER  8 2016......SUNRISE   733 AM EST   SUNSET   502 PM EST


-  INDICATES NEGATIVE NUMBERS.
R  INDICATES RECORD WAS SET OR TIED.
MM INDICATES DATA IS MISSING.
T  INDICATES TRACE AMOUNT.




$$
