000
CDUS41 KRLX 180834
CLIPKB


CLIMATE REPORT
NATIONAL WEATHER SERVICE CHARLESTON WV
333 AM EST MON DEC 18 2017


...................................

...THE PARKERSBURG WV CLIMATE SUMMARY FOR DECEMBER 17 2017...

CLIMATE NORMAL PERIOD 1981 TO 2010
CLIMATE RECORD PERIOD 1889 TO 2017


WEATHER ITEM   OBSERVED TIME   RECORD YEAR NORMAL DEPARTURE LAST
                VALUE   (LST)  VALUE       VALUE  FROM      YEAR
                                                  NORMAL
..................................................................
TEMPERATURE (F)
 YESTERDAY
  MAXIMUM         45    409 PM  70    1984  43      2       65
  MINIMUM         30   1207 AM  -8    1989  27      3       32
  AVERAGE         38                        34      4       49

PRECIPITATION (IN)
  YESTERDAY        0.00          1.09 1933   0.09  -0.09     0.61
  MONTH TO DATE    0.59                      1.77  -1.18     2.20
  SINCE JAN 1     49.39                     39.86   9.53    34.31

SNOWFALL (IN)
  YESTERDAY       MM
  MONTH TO DATE   MM
  SINCE SEP 1     MM
  SNOW DEPTH      MM

DEGREE DAYS
 HEATING
  YESTERDAY       27                        30     -3       16
  MONTH TO DATE  503                       479     24      529
  SINCE DEC 1    503                       479     24      529
  SINCE JUL 1   1403                      1464    -61     1283

 COOLING
  YESTERDAY        0                         0      0        0
  MONTH TO DATE    0                         0      0        0
  SINCE DEC 1      0                         0      0        0
  SINCE JAN 1    975                       955     20     1352
..................................................................


WIND (MPH)
  HIGHEST WIND SPEED    10   HIGHEST WIND DIRECTION     S (200)
  HIGHEST GUST SPEED    14   HIGHEST GUST DIRECTION    SW (220)
  AVERAGE WIND SPEED     4.6


SKY COVER
  POSSIBLE SUNSHINE  MM
  AVERAGE SKY COVER 0.5


WEATHER CONDITIONS
 THE FOLLOWING WEATHER WAS RECORDED YESTERDAY.
  NO SIGNIFICANT WEATHER WAS OBSERVED.


RELATIVE HUMIDITY (PERCENT)
 HIGHEST    75           400 AM
 LOWEST     53           200 PM
 AVERAGE    64

..........................................................


THE PARKERSBURG WV CLIMATE NORMALS FOR TODAY
                         NORMAL    RECORD    YEAR
 MAXIMUM TEMPERATURE (F)   42        69      1967
 MINIMUM TEMPERATURE (F)   26        -4      1989


SUNRISE AND SUNSET
DECEMBER 18 2017......SUNRISE   741 AM EST   SUNSET   504 PM EST
DECEMBER 19 2017......SUNRISE   741 AM EST   SUNSET   505 PM EST


-  INDICATES NEGATIVE NUMBERS.
R  INDICATES RECORD WAS SET OR TIED.
MM INDICATES DATA IS MISSING.
T  INDICATES TRACE AMOUNT.




$$
