000
CDUS41 KRLX 300716
CLIPKB


CLIMATE REPORT
NATIONAL WEATHER SERVICE CHARLESTON WV
315 AM EDT TUE AUG 30 2016


...................................

...THE PARKERSBURG WV CLIMATE SUMMARY FOR AUGUST 29 2016...

CLIMATE NORMAL PERIOD 1981 TO 2010
CLIMATE RECORD PERIOD 1889 TO 2016


WEATHER ITEM   OBSERVED TIME   RECORD YEAR NORMAL DEPARTURE LAST
                VALUE   (LST)  VALUE       VALUE  FROM      YEAR
                                                  NORMAL
..................................................................
TEMPERATURE (F)
 YESTERDAY
  MAXIMUM         92    259 PM  99    1953  83      9       87
  MINIMUM         67   1159 PM  40    1986  61      6       55
  AVERAGE         80                        72      8       71

PRECIPITATION (IN)
  YESTERDAY        0.00          0.59 2003   0.11  -0.11     0.00
  MONTH TO DATE    1.28                      3.38  -2.10     2.74
  SINCE JAN 1     25.84                     28.56  -2.72    27.97

SNOWFALL (IN)
  YESTERDAY       MM
  MONTH TO DATE   MM
  SINCE SEP 1     MM
  SNOW DEPTH      MM

DEGREE DAYS
 HEATING
  YESTERDAY        0                         0      0        0
  MONTH TO DATE    0                         0      0        3
  SINCE JUN 1      7                        20    -13       18
  SINCE JUL 1      0                         1     -1        3

 COOLING
  YESTERDAY       15                         7      8        6
  MONTH TO DATE  389                       247    142      190
  SINCE JUN 1    967                       730    237      692
  SINCE JAN 1   1055                       814    241      853
..................................................................


WIND (MPH)
  HIGHEST WIND SPEED    12   HIGHEST WIND DIRECTION    NE (40)
  HIGHEST GUST SPEED    16   HIGHEST GUST DIRECTION     E (110)
  AVERAGE WIND SPEED     4.3


SKY COVER
  POSSIBLE SUNSHINE  MM
  AVERAGE SKY COVER 0.1


WEATHER CONDITIONS
 THE FOLLOWING WEATHER WAS RECORDED YESTERDAY.
  FOG


RELATIVE HUMIDITY (PERCENT)
 HIGHEST    93           500 AM
 LOWEST     38           400 PM
 AVERAGE    66

..........................................................


THE PARKERSBURG WV CLIMATE NORMALS FOR TODAY
                         NORMAL    RECORD    YEAR
 MAXIMUM TEMPERATURE (F)   83       100      1953
 MINIMUM TEMPERATURE (F)   61        44      1986


SUNRISE AND SUNSET
AUGUST 30 2016........SUNRISE   653 AM EDT   SUNSET   759 PM EDT
AUGUST 31 2016........SUNRISE   654 AM EDT   SUNSET   757 PM EDT


-  INDICATES NEGATIVE NUMBERS.
R  INDICATES RECORD WAS SET OR TIED.
MM INDICATES DATA IS MISSING.
T  INDICATES TRACE AMOUNT.




$$
