000
CDUS41 KRLX 012123
CLIPKB


CLIMATE REPORT
NATIONAL WEATHER SERVICE CHARLESTON WV
523 PM EDT SAT OCT 1 2016


...................................

...THE PARKERSBURG WV CLIMATE SUMMARY FOR OCTOBER 1 2016...
VALID TODAY AS OF 0500 PM LOCAL TIME.

CLIMATE NORMAL PERIOD 1981 TO 2010
CLIMATE RECORD PERIOD 1889 TO 2016


WEATHER ITEM   OBSERVED TIME   RECORD YEAR NORMAL DEPARTURE LAST
                VALUE   (LST)  VALUE       VALUE  FROM      YEAR
                                                  NORMAL
..................................................................
TEMPERATURE (F)
 TODAY
  MAXIMUM         71    335 PM  91    1927  71      0       61
  MINIMUM         59    907 AM  28    1895  49     10       56
  AVERAGE         65                        60      5       59

PRECIPITATION (IN)
  TODAY            T             0.39 2011   0.09  -0.09     0.00
  MONTH TO DATE    T                         0.09  -0.09     0.00
  SINCE SEP 1      2.28                      3.17  -0.89     5.97
  SINCE JAN 1     28.17                     31.96  -3.79    33.94

DEGREE DAYS
 HEATING
  TODAY            0                         6     -6        6
  MONTH TO DATE    0                         6     -6        6
  SINCE SEP 1     11                        77    -66       37
  SINCE JUL 1     11                        82    -71       40

 COOLING
  TODAY            0                         1     -1        0
  MONTH TO DATE    0                         1     -1        0
  SINCE SEP 1    235                       107    128      161
  SINCE JAN 1   1313                       937    376     1037
..................................................................


WIND (MPH)
  HIGHEST WIND SPEED     8   HIGHEST WIND DIRECTION     S (170)
  HIGHEST GUST SPEED    12   HIGHEST GUST DIRECTION     S (170)
  AVERAGE WIND SPEED     2.0


SKY COVER
  POSSIBLE SUNSHINE  MM
  AVERAGE SKY COVER 0.8


WEATHER CONDITIONS
 THE FOLLOWING WEATHER WAS RECORDED TODAY.
  LIGHT RAIN
  FOG


RELATIVE HUMIDITY (PERCENT)
 HIGHEST   100          1200 AM
 LOWEST     61           100 PM
 AVERAGE    81

..........................................................


THE PARKERSBURG WV CLIMATE NORMALS FOR TOMORROW
                         NORMAL    RECORD    YEAR
 MAXIMUM TEMPERATURE (F)   71        91      1919
 MINIMUM TEMPERATURE (F)   49        32      2003
                                             1895


SUNRISE AND SUNSET
OCTOBER  1 2016.......SUNRISE   722 AM EDT   SUNSET   707 PM EDT
OCTOBER  2 2016.......SUNRISE   723 AM EDT   SUNSET   706 PM EDT


-  INDICATES NEGATIVE NUMBERS.
R  INDICATES RECORD WAS SET OR TIED.
MM INDICATES DATA IS MISSING.
T  INDICATES TRACE AMOUNT.




$$
