161
CDUS41 KRLX 180729
CLIPKB


CLIMATE REPORT
NATIONAL WEATHER SERVICE CHARLESTON WV
326 AM EDT WED OCT 18 2017


...................................

...THE PARKERSBURG WV CLIMATE SUMMARY FOR OCTOBER 17 2017...

CLIMATE NORMAL PERIOD 1981 TO 2010
CLIMATE RECORD PERIOD 1889 TO 2017


WEATHER ITEM   OBSERVED TIME   RECORD YEAR NORMAL DEPARTURE LAST
                VALUE   (LST)  VALUE       VALUE  FROM      YEAR
                                                  NORMAL
..................................................................
TEMPERATURE (F)
 YESTERDAY
  MAXIMUM         65    314 PM  87    1928  66     -1       82
  MINIMUM         35    716 AM  28    1991  44     -9       62
  AVERAGE         50                        55     -5       72

PRECIPITATION (IN)
  YESTERDAY        0.00          1.51 1975   0.09  -0.09     0.00
  MONTH TO DATE    2.02                      1.55   0.47     0.38
  SINCE JAN 1     42.78                     33.42   9.36    28.55

SNOWFALL (IN)
  YESTERDAY       MM
  MONTH TO DATE   MM
  SINCE SEP 1     MM
  SNOW DEPTH      MM

DEGREE DAYS
 HEATING
  YESTERDAY       15                        10      5        0
  MONTH TO DATE   46                       141    -95       88
  SINCE SEP 1    104                       212   -108       99
  SINCE JUL 1    106                       217   -111       99

 COOLING
  YESTERDAY        0                         0      0        7
  MONTH TO DATE   46                        13     33       11
  SINCE SEP 1    171                       119     52      246
  SINCE JAN 1    973                       949     24     1324
..................................................................


WIND (MPH)
  HIGHEST WIND SPEED     9   HIGHEST WIND DIRECTION    SW (230)
  HIGHEST GUST SPEED    12   HIGHEST GUST DIRECTION     W (280)
  AVERAGE WIND SPEED     1.2


SKY COVER
  POSSIBLE SUNSHINE  MM
  AVERAGE SKY COVER 0.2


WEATHER CONDITIONS
 THE FOLLOWING WEATHER WAS RECORDED YESTERDAY.
  FOG
  FOG W/VISIBILITY <= 1/4 MILE


RELATIVE HUMIDITY (PERCENT)
 HIGHEST   100           500 AM
 LOWEST     37           300 PM
 AVERAGE    69

..........................................................


THE PARKERSBURG WV CLIMATE NORMALS FOR TODAY
                         NORMAL    RECORD    YEAR
 MAXIMUM TEMPERATURE (F)   66        85      2016
                                             1938
 MINIMUM TEMPERATURE (F)   43        26      2015


SUNRISE AND SUNSET
OCTOBER 18 2017.......SUNRISE   739 AM EDT   SUNSET   642 PM EDT
OCTOBER 19 2017.......SUNRISE   740 AM EDT   SUNSET   641 PM EDT


-  INDICATES NEGATIVE NUMBERS.
R  INDICATES RECORD WAS SET OR TIED.
MM INDICATES DATA IS MISSING.
T  INDICATES TRACE AMOUNT.




$$
