000
CDUS41 KRLX 300716
CLIPKB


CLIMATE REPORT
NATIONAL WEATHER SERVICE CHARLESTON WV
316 AM EDT SAT APR 30 2016


...................................

...THE PARKERSBURG WV CLIMATE SUMMARY FOR APRIL 29 2016...

CLIMATE NORMAL PERIOD 1981 TO 2010
CLIMATE RECORD PERIOD 1889 TO 2016


WEATHER ITEM   OBSERVED TIME   RECORD YEAR NORMAL DEPARTURE LAST
                VALUE   (LST)  VALUE       VALUE  FROM      YEAR
                                                  NORMAL
..................................................................
TEMPERATURE (F)
 YESTERDAY
  MAXIMUM         65    442 PM  89    1899  70     -5       71
  MINIMUM         51   1159 PM  31    2010  46      5       37
                                      1992
  AVERAGE         58                        58      0       54

PRECIPITATION (IN)
  YESTERDAY        0.03R         T    2002   0.11  -0.08     0.00
  MONTH TO DATE    4.17                      3.16   1.01     6.72
  SINCE JAN 1     12.49                     12.54  -0.05    16.20

SNOWFALL (IN)
  YESTERDAY       MM
  MONTH TO DATE    0.0
  SINCE SEP 1      0.0
  SNOW DEPTH      MM

DEGREE DAYS
 HEATING
  YESTERDAY        7                         8     -1       11
  MONTH TO DATE  323                       338    -15      293
  SINCE MAR 1    760                      1009   -249     1034
  SINCE JUL 1   3973                      4799   -826     5252

 COOLING
  YESTERDAY        0                         1     -1        0
  MONTH TO DATE   12                        19     -7       12
  SINCE MAR 1     20                        22     -2       12
  SINCE JAN 1     20                        22     -2       12
..................................................................


WIND (MPH)
  HIGHEST WIND SPEED    17   HIGHEST WIND DIRECTION    NW (310)
  HIGHEST GUST SPEED    24   HIGHEST GUST DIRECTION    NW (320)
  AVERAGE WIND SPEED     5.8


SKY COVER
  POSSIBLE SUNSHINE  MM
  AVERAGE SKY COVER 0.7


WEATHER CONDITIONS
 THE FOLLOWING WEATHER WAS RECORDED YESTERDAY.
  LIGHT RAIN
  FOG
  FOG W/VISIBILITY <= 1/4 MILE
  HAZE


RELATIVE HUMIDITY (PERCENT)
 HIGHEST   100           800 AM
 LOWEST     63           500 PM
 AVERAGE    82

..........................................................


THE PARKERSBURG WV CLIMATE NORMALS FOR TODAY
                         NORMAL    RECORD    YEAR
 MAXIMUM TEMPERATURE (F)   71        91      1942
 MINIMUM TEMPERATURE (F)   46        30      1962


SUNRISE AND SUNSET
APRIL 30 2016.........SUNRISE   628 AM EDT   SUNSET   819 PM EDT
MAY  1 2016...........SUNRISE   626 AM EDT   SUNSET   820 PM EDT


-  INDICATES NEGATIVE NUMBERS.
R  INDICATES RECORD WAS SET OR TIED.
MM INDICATES DATA IS MISSING.
T  INDICATES TRACE AMOUNT.




$$
