000
CDUS41 KRLX 222118
CLIPKB


CLIMATE REPORT
NATIONAL WEATHER SERVICE CHARLESTON WV
518 PM EDT FRI MAY 22 2015


...................................

...THE PARKERSBURG WV CLIMATE SUMMARY FOR MAY 22 2015...
VALID TODAY AS OF 0500 PM LOCAL TIME.

CLIMATE NORMAL PERIOD 1981 TO 2010
CLIMATE RECORD PERIOD 1889 TO 2015


WEATHER ITEM   OBSERVED TIME   RECORD YEAR NORMAL DEPARTURE LAST
                VALUE   (LST)  VALUE       VALUE  FROM      YEAR
                                                  NORMAL
..................................................................
TEMPERATURE (F)
 TODAY
  MAXIMUM         73    256 PM  93    1941  75     -2       MM
  MINIMUM         41    533 AM  30    2002  52    -11       MM
  AVERAGE         57                        64     -7       MM

PRECIPITATION (IN)
  TODAY            0.00          0.80 2001   0.15  -0.15    MM
  MONTH TO DATE    0.64                      2.97  -2.33    MM
  SINCE MAR 1     13.01                      9.97   3.04     5.00
  SINCE JAN 1     16.90                     15.62   1.28     8.89

DEGREE DAYS
 HEATING
  TODAY            8                         4      4       MM
  MONTH TO DATE   70                       121    -51       MM
  SINCE MAR 1   1119                      1137    -18      858
  SINCE JUL 1   5337                      4927    410     4621

 COOLING
  TODAY            0                         3     -3       MM
  MONTH TO DATE   91                        34     57       MM
  SINCE MAR 1    103                        55     48        5
  SINCE JAN 1    103                        55     48        5
..................................................................


WIND (MPH)
  HIGHEST WIND SPEED    18   HIGHEST WIND DIRECTION     W (260)
  HIGHEST GUST SPEED    25   HIGHEST GUST DIRECTION     W (260)
  AVERAGE WIND SPEED     6.8


SKY COVER
  POSSIBLE SUNSHINE  MM
  AVERAGE SKY COVER 0.2


WEATHER CONDITIONS
 THE FOLLOWING WEATHER WAS RECORDED TODAY.
  FOG


RELATIVE HUMIDITY (PERCENT)
 HIGHEST    92          1200 AM
 LOWEST     38           300 PM
 AVERAGE    65

..........................................................


THE PARKERSBURG WV CLIMATE NORMALS FOR TOMORROW
                         NORMAL    RECORD    YEAR
 MAXIMUM TEMPERATURE (F)   76        92      1925
 MINIMUM TEMPERATURE (F)   53        34      2006


SUNRISE AND SUNSET
MAY 22 2015...........SUNRISE   607 AM EDT   SUNSET   839 PM EDT
MAY 23 2015...........SUNRISE   606 AM EDT   SUNSET   839 PM EDT


-  INDICATES NEGATIVE NUMBERS.
R  INDICATES RECORD WAS SET OR TIED.
MM INDICATES DATA IS MISSING.
T  INDICATES TRACE AMOUNT.




$$
