000
CDUS41 KRLX 041254
CLIPKB


CLIMATE REPORT
NATIONAL WEATHER SERVICE CHARLESTON WV
752 AM EST WED MAR 4 2015


...................................

...THE PARKERSBURG WV CLIMATE SUMMARY FOR MARCH 3 2015...

CLIMATE NORMAL PERIOD 1981 TO 2010
CLIMATE RECORD PERIOD 1889 TO 2015


WEATHER ITEM   OBSERVED TIME   RECORD YEAR NORMAL DEPARTURE LAST
                VALUE   (LST)  VALUE       VALUE  FROM      YEAR
                                                  NORMAL
..................................................................
TEMPERATURE (F)
 YESTERDAY
  MAXIMUM         54    718 PM  79    1974  49      5       MM
  MINIMUM         22   1238 AM  -5    1980  29     -7       MM
  AVERAGE         38                        39     -1       MM

PRECIPITATION (IN)
  YESTERDAY        0.67R         0.67 2015   0.10   0.57     0.03
  MONTH TO DATE    1.00                      0.31   0.69     0.53
  SINCE JAN 1      4.89                      5.96  -1.07     4.42

SNOWFALL (IN)
  YESTERDAY       MM
  MONTH TO DATE   MM
  SINCE SEP 1     MM
  SINCE JUL 1     MM
  SNOW DEPTH      MM

DEGREE DAYS
 HEATING
  YESTERDAY       27                        26      1       MM
  MONTH TO DATE   94                        79     15       MM
  SINCE MAR 1     94                        79     15      115
  SINCE JUL 1     MM                      3869    443     3878

 COOLING
  YESTERDAY        0                         0      0       MM
  MONTH TO DATE    0                         0      0       MM
  SINCE MAR 1      0                         0      0        0
  SINCE JAN 1      0                         0      0        0
..................................................................


WIND (MPH)
  HIGHEST WIND SPEED    15   HIGHEST WIND DIRECTION     W (280)
  HIGHEST GUST SPEED    24   HIGHEST GUST DIRECTION     W (260)
  AVERAGE WIND SPEED     6.6


SKY COVER
  POSSIBLE SUNSHINE  MM
  AVERAGE SKY COVER 0.8


WEATHER CONDITIONS
 THE FOLLOWING WEATHER WAS RECORDED YESTERDAY.
  RAIN
  LIGHT RAIN
  FOG
  FOG W/VISIBILITY <= 1/4 MILE


RELATIVE HUMIDITY (PERCENT)
 HIGHEST   100           800 PM
 LOWEST     59          1200 PM
 AVERAGE    80

..........................................................


THE PARKERSBURG WV CLIMATE NORMALS FOR TODAY
                         NORMAL    RECORD    YEAR
 MAXIMUM TEMPERATURE (F)   49        82      1976
 MINIMUM TEMPERATURE (F)   29        -3      1943


SUNRISE AND SUNSET
MARCH  4 2015.........SUNRISE   654 AM EST   SUNSET   621 PM EST
MARCH  5 2015.........SUNRISE   653 AM EST   SUNSET   622 PM EST


-  INDICATES NEGATIVE NUMBERS.
R  INDICATES RECORD WAS SET OR TIED.
MM INDICATES DATA IS MISSING.
T  INDICATES TRACE AMOUNT.




$$
