000
CDUS41 KRLX 190716
CLIPKB


CLIMATE REPORT
NATIONAL WEATHER SERVICE CHARLESTON WV
316 AM EDT SAT APR 19 2014


...................................

...THE PARKERSBURG WV CLIMATE SUMMARY FOR APRIL 18 2014...

CLIMATE NORMAL PERIOD 1981 TO 2010
CLIMATE RECORD PERIOD 1889 TO 2014


WEATHER ITEM   OBSERVED TIME   RECORD YEAR NORMAL DEPARTURE LAST
                VALUE   (LST)  VALUE       VALUE  FROM      YEAR
                                                  NORMAL
..................................................................
TEMPERATURE (F)
 YESTERDAY
  MAXIMUM         72    312 PM  94    1976  67      5       87
  MINIMUM         42    643 AM  28    1951  43     -1       57
  AVERAGE         57                        55      2       72

PRECIPITATION (IN)
  YESTERDAY        0.00          0.90 2000   0.10  -0.10     0.00
  MONTH TO DATE    1.96                      1.93   0.03     0.86
  SINCE JAN 1      7.37                     11.31  -3.94     9.07

SNOWFALL (IN)
  YESTERDAY       MM
  MONTH TO DATE   MM
  SINCE SEP 1     MM
  SINCE JUL 1     MM
  SNOW DEPTH      MM

DEGREE DAYS
 HEATING
  YESTERDAY        8                        11     -3        0
  MONTH TO DATE  192                       238    -46      187
  SINCE MAR 1    777                       909   -132      999
  SINCE JUL 1   4540                      4699   -159     4735

 COOLING
  YESTERDAY        0                         1     -1        7
  MONTH TO DATE    5                         8     -3       29
  SINCE MAR 1      5                        11     -6       29
  SINCE JAN 1      5                        11     -6       29
..................................................................


WIND (MPH)
  HIGHEST WIND SPEED    13   HIGHEST WIND DIRECTION     W (280)
  HIGHEST GUST SPEED    16   HIGHEST GUST DIRECTION     W (270)
  AVERAGE WIND SPEED     2.7


SKY COVER
  POSSIBLE SUNSHINE  MM
  AVERAGE SKY COVER 0.0


WEATHER CONDITIONS
 THE FOLLOWING WEATHER WAS RECORDED YESTERDAY.
  NO SIGNIFICANT WEATHER WAS OBSERVED.


RELATIVE HUMIDITY (PERCENT)
 HIGHEST    70           700 AM
 LOWEST     22           100 PM
 AVERAGE    46

..........................................................


THE PARKERSBURG WV CLIMATE NORMALS FOR TODAY
                         NORMAL    RECORD    YEAR
 MAXIMUM TEMPERATURE (F)   68        89      1942
 MINIMUM TEMPERATURE (F)   43        25      1983


SUNRISE AND SUNSET
APRIL 19 2014.........SUNRISE   643 AM EDT   SUNSET   807 PM EDT
APRIL 20 2014.........SUNRISE   642 AM EDT   SUNSET   808 PM EDT


-  INDICATES NEGATIVE NUMBERS.
R  INDICATES RECORD WAS SET OR TIED.
MM INDICATES DATA IS MISSING.
T  INDICATES TRACE AMOUNT.




$$
