000
CDUS46 KLOX 210858
CLIPMD


CLIMATE REPORT
NATIONAL WEATHER SERVICE LOS ANGELES/OXNARD CA
1258 AM PST TUE NOV 21 2017


...................................

...THE PALMDALE AIRPORT CA CLIMATE SUMMARY FOR NOVEMBER 20 2017...

CLIMATE NORMAL PERIOD 1981 TO 2010
CLIMATE RECORD PERIOD 1931 TO 2017


WEATHER ITEM   OBSERVED TIME   RECORD YEAR NORMAL DEPARTURE LAST
                VALUE   (LST)  VALUE       VALUE  FROM      YEAR
                                                  NORMAL
..................................................................
TEMPERATURE (F)
 YESTERDAY
  MAXIMUM         74    321 PM  80    1995  65      9       65
  MINIMUM         36    649 AM   8    1964  35      1       45
  AVERAGE         55                        50      5       55

PRECIPITATION (IN)
  YESTERDAY        0.00          0.71 1967   0.02  -0.02     0.15
  MONTH TO DATE    T                         0.50  -0.50     0.15
  SINCE OCT 1      T                         1.10  -1.10     0.22
  SINCE JAN 1      4.56                      6.95  -2.39     2.69

SNOWFALL (IN)
  YESTERDAY        0.0           0.0  1973  MM              MM
  MONTH TO DATE    0.0                      MM               0.0
  SINCE SEP 1      0.0                      MM               0.0
  SINCE JUL 1      0.0                      MM               0.0
  SNOW DEPTH       0

DEGREE DAYS
 HEATING
  YESTERDAY       10                        15     -5       10
  MONTH TO DATE  140                       229    -89      133
  SINCE SEP 1    213                       356   -143      188
  SINCE JUL 1    213                       356   -143      188

 COOLING
  YESTERDAY        0                         0      0        0
  MONTH TO DATE    1                         0      1        0
  SINCE SEP 1    354                       332     22      322
  SINCE JAN 1   2267                      1814    453     2086
..................................................................


WIND (MPH)
  HIGHEST WIND SPEED    28   HIGHEST WIND DIRECTION    NW (300)
  HIGHEST GUST SPEED    35   HIGHEST GUST DIRECTION    NW (310)
  AVERAGE WIND SPEED     5.8


SKY COVER
  POSSIBLE SUNSHINE  MM
  AVERAGE SKY COVER 0.0


WEATHER CONDITIONS
 THE FOLLOWING WEATHER WAS RECORDED YESTERDAY.
  NO SIGNIFICANT WEATHER WAS OBSERVED.


RELATIVE HUMIDITY (PERCENT)
 HIGHEST    40           700 AM
 LOWEST      9           100 PM
 AVERAGE    25

..........................................................


THE PALMDALE AIRPORT CA CLIMATE NORMALS FOR TODAY
                         NORMAL    RECORD    YEAR
 MAXIMUM TEMPERATURE (F)   65        80      1995
 MINIMUM TEMPERATURE (F)   35        12      1964


SUNRISE AND SUNSET
NOVEMBER 21 2017......SUNRISE   632 AM PST   SUNSET   444 PM PST
NOVEMBER 22 2017......SUNRISE   633 AM PST   SUNSET   444 PM PST


-  INDICATES NEGATIVE NUMBERS.
R  INDICATES RECORD WAS SET OR TIED.
MM INDICATES DATA IS MISSING.
T  INDICATES TRACE AMOUNT.




$$
