000
CDUS46 KLOX 020111
CLIPMD


CLIMATE REPORT
NATIONAL WEATHER SERVICE LOS ANGELES/OXNARD CA
511 PM PST SUN MAR 1 2015


...................................

...THE PALMDALE AIRPORT CA CLIMATE SUMMARY FOR MARCH 1 2015...
VALID TODAY AS OF 0500 PM LOCAL TIME.

CLIMATE NORMAL PERIOD 1981 TO 2010
CLIMATE RECORD PERIOD 1931 TO 2015


WEATHER ITEM   OBSERVED TIME   RECORD YEAR NORMAL DEPARTURE LAST
                VALUE   (LST)  VALUE       VALUE  FROM      YEAR
                                                  NORMAL
..................................................................
TEMPERATURE (F)
 TODAY
  MAXIMUM         53   1241 PM  83    1967  64    -11       55
  MINIMUM         41    621 AM  23    1955  38      3       43
  AVERAGE         47                        51     -4       49

PRECIPITATION (IN)
  TODAY            0.03          2.11 1983   0.08  -0.05     0.48
  MONTH TO DATE    0.03                      0.08  -0.05     0.48
  SINCE OCT 1      3.71                      5.82  -2.11     3.81
  SINCE JAN 1      1.14                      3.37  -2.23     1.87

SNOWFALL (IN)
  TODAY           MM             2.0  1951  MM              MM
  MONTH TO DATE   MM                        MM              MM
  SINCE MAR 1     MM                        MM              MM
  SINCE JUL 1      0.0                      MM               0.0
  SNOW DEPTH       0

DEGREE DAYS
 HEATING
  TODAY           18                        14      4       16
  MONTH TO DATE   18                        14      4       16
  SINCE MAR 1     18                        14      4       16
  SINCE JUL 1   1673                      2259   -586     1914

 COOLING
  TODAY            0                         0      0        0
  MONTH TO DATE    0                         0      0        0
  SINCE MAR 1      0                         0      0        0
  SINCE JAN 1      0                         0      0        1
..................................................................


WIND (MPH)
  HIGHEST WIND SPEED    17   HIGHEST WIND DIRECTION     S (180)
  HIGHEST GUST SPEED    20   HIGHEST GUST DIRECTION     S (180)
  AVERAGE WIND SPEED     6.3


SKY COVER
  POSSIBLE SUNSHINE  MM
  AVERAGE SKY COVER 0.9


WEATHER CONDITIONS
 THE FOLLOWING WEATHER WAS RECORDED TODAY.
  LIGHT RAIN
  FOG


RELATIVE HUMIDITY (PERCENT)
 HIGHEST    89           700 AM
 LOWEST     59          1200 PM
 AVERAGE    74

..........................................................


THE PALMDALE AIRPORT CA CLIMATE NORMALS FOR TOMORROW
                         NORMAL    RECORD    YEAR
 MAXIMUM TEMPERATURE (F)   64        80      1999
 MINIMUM TEMPERATURE (F)   38        20      1939


SUNRISE AND SUNSET
MARCH  1 2015.........SUNRISE   622 AM PST   SUNSET   548 PM PST
MARCH  2 2015.........SUNRISE   620 AM PST   SUNSET   549 PM PST


-  INDICATES NEGATIVE NUMBERS.
R  INDICATES RECORD WAS SET OR TIED.
MM INDICATES DATA IS MISSING.
T  INDICATES TRACE AMOUNT.




$$
