000
CDUS46 KLOX 290909
CLIPMD


CLIMATE REPORT
NATIONAL WEATHER SERVICE LOS ANGELES/OXNARD CA
209 AM PDT MON AUG 29 2016


...................................

...THE PALMDALE AIRPORT CA CLIMATE SUMMARY FOR AUGUST 28 2016...

CLIMATE NORMAL PERIOD 1981 TO 2010
CLIMATE RECORD PERIOD 1931 TO 2016


WEATHER ITEM   OBSERVED TIME   RECORD YEAR NORMAL DEPARTURE LAST
                VALUE   (LST)  VALUE       VALUE  FROM      YEAR
                                                  NORMAL
..................................................................
TEMPERATURE (F)
 YESTERDAY
  MAXIMUM         99    338 PM 107    2008  96      3      102
  MINIMUM         66    606 AM  48    1945  63      3       70
  AVERAGE         83                        79      4       86

PRECIPITATION (IN)
  YESTERDAY        0.00          0.03 2000   0.00   0.00     0.00
  MONTH TO DATE    0.00                      0.12  -0.12      T
  SINCE OCT 1      4.28                      7.99  -3.71     5.85
  SINCE JAN 1      2.47                      5.54  -3.07     3.28

SNOWFALL (IN)
  YESTERDAY        0.0          MM      MM  MM               0.0
  MONTH TO DATE    0.0                      MM               0.0
  SINCE JUN 1      0.0                      MM               0.0
  SINCE JUL 1      0.0                      MM               0.0
  SNOW DEPTH       0

DEGREE DAYS
 HEATING
  YESTERDAY        0                         0      0        0
  MONTH TO DATE    0                         0      0        0
  SINCE JUN 1      0                         7     -7        0
  SINCE JUL 1      0                         0      0        0

 COOLING
  YESTERDAY       18                        14      4       21
  MONTH TO DATE  487                       463     24      507
  SINCE JUN 1   1565                      1271    294     1379
  SINCE JAN 1   1709                      1441    268     1504
..................................................................


WIND (MPH)
  HIGHEST WIND SPEED    21   HIGHEST WIND DIRECTION    SW (230)
  HIGHEST GUST SPEED    26   HIGHEST GUST DIRECTION    SW (240)
  AVERAGE WIND SPEED     6.0


SKY COVER
  POSSIBLE SUNSHINE  MM
  AVERAGE SKY COVER 0.0


WEATHER CONDITIONS
 THE FOLLOWING WEATHER WAS RECORDED YESTERDAY.
  NO SIGNIFICANT WEATHER WAS OBSERVED.


RELATIVE HUMIDITY (PERCENT)
 HIGHEST    37           600 AM
 LOWEST      9           100 PM
 AVERAGE    23

..........................................................


THE PALMDALE AIRPORT CA CLIMATE NORMALS FOR TODAY
                         NORMAL    RECORD    YEAR
 MAXIMUM TEMPERATURE (F)   96       108      1998
 MINIMUM TEMPERATURE (F)   63        49      1947


SUNRISE AND SUNSET
AUGUST 29 2016........SUNRISE   624 AM PDT   SUNSET   722 PM PDT
AUGUST 30 2016........SUNRISE   624 AM PDT   SUNSET   721 PM PDT


-  INDICATES NEGATIVE NUMBERS.
R  INDICATES RECORD WAS SET OR TIED.
MM INDICATES DATA IS MISSING.
T  INDICATES TRACE AMOUNT.




$$
