000
CDUS46 KLOX 190118
CLIPMD


CLIMATE REPORT
NATIONAL WEATHER SERVICE LOS ANGELES/OXNARD CA
617 PM PDT FRI AUG 18 2017


...................................

...THE PALMDALE AIRPORT CA CLIMATE SUMMARY FOR AUGUST 18 2017...
VALID TODAY AS OF 0600 PM LOCAL TIME.

CLIMATE NORMAL PERIOD 1981 TO 2010
CLIMATE RECORD PERIOD 1931 TO 2017


WEATHER ITEM   OBSERVED TIME   RECORD YEAR NORMAL DEPARTURE LAST
                VALUE   (LST)  VALUE       VALUE  FROM      YEAR
                                                  NORMAL
..................................................................
TEMPERATURE (F)
 TODAY
  MAXIMUM         99    149 PM 108    1950  98      1       99
  MINIMUM         70    535 AM  47    1978  65      5       59
  AVERAGE         85                        81      4       79

PRECIPITATION (IN)
  TODAY            0.00          0.10 1977   0.00   0.00     0.00
  MONTH TO DATE    T                         0.05  -0.05     0.00
  SINCE OCT 1      5.94                      7.92  -1.98     4.28
  SINCE JAN 1      4.15                      5.47  -1.32     2.47

SNOWFALL (IN)
  TODAY            0.0          MM      MM  MM               0.0
  MONTH TO DATE    0.0                      MM               0.0
  SINCE JUN 1      0.0                      MM               0.0
  SINCE JUL 1      0.0                      MM               0.0
  SNOW DEPTH       0

DEGREE DAYS
 HEATING
  TODAY            0                         0      0        0
  MONTH TO DATE    0                         0      0        0
  SINCE JUN 1      7                         7      0        0
  SINCE JUL 1      0                         0      0        0

 COOLING
  TODAY           20                        16      4       14
  MONTH TO DATE  327                       310     17      321
  SINCE JUN 1   1463                      1118    345     1399
  SINCE JAN 1   1644                      1288    356     1543
..................................................................


WIND (MPH)
  HIGHEST WIND SPEED    23   HIGHEST WIND DIRECTION    SW (240)
  HIGHEST GUST SPEED    28   HIGHEST GUST DIRECTION     W (250)
  AVERAGE WIND SPEED     7.5


SKY COVER
  POSSIBLE SUNSHINE  MM
  AVERAGE SKY COVER 0.0


WEATHER CONDITIONS
 THE FOLLOWING WEATHER WAS RECORDED TODAY.
  NO SIGNIFICANT WEATHER WAS OBSERVED.


RELATIVE HUMIDITY (PERCENT)
 HIGHEST    49           600 AM
 LOWEST     17           200 PM
 AVERAGE    33

..........................................................


THE PALMDALE AIRPORT CA CLIMATE NORMALS FOR TOMORROW
                         NORMAL    RECORD    YEAR
 MAXIMUM TEMPERATURE (F)   97       109      1950
 MINIMUM TEMPERATURE (F)   65        38      1931


SUNRISE AND SUNSET
AUGUST 18 2017........SUNRISE   615 AM PDT   SUNSET   736 PM PDT
AUGUST 19 2017........SUNRISE   616 AM PDT   SUNSET   735 PM PDT


-  INDICATES NEGATIVE NUMBERS.
R  INDICATES RECORD WAS SET OR TIED.
MM INDICATES DATA IS MISSING.
T  INDICATES TRACE AMOUNT.




$$
