000
CDUS44 KMOB 272243
CLIPNS


CLIMATE REPORT
NATIONAL WEATHER SERVICE MOBILE AL
542 PM CDT WED JUL 27 2016


...................................

...THE PENSACOLA CLIMATE SUMMARY FOR JULY 27 2016...
VALID TODAY AS OF 0500 PM LOCAL TIME.

CLIMATE NORMAL PERIOD 1981 TO 2010
CLIMATE RECORD PERIOD 1879 TO 2016


WEATHER ITEM   OBSERVED TIME   RECORD YEAR NORMAL DEPARTURE LAST
                VALUE   (LST)  VALUE       VALUE  FROM      YEAR
                                                  NORMAL
..................................................................
TEMPERATURE (F)
 TODAY
  MAXIMUM         90    254 PM  98    1970  90      0       95
  MINIMUM         78    534 AM  70    1894  74      4       75
  AVERAGE         84                        82      2       85

PRECIPITATION (IN)
  TODAY            0.00          2.58 1894   0.24  -0.24     0.00
  MONTH TO DATE    6.62                      6.43   0.19     5.35
  SINCE MAR 1     29.88                     27.34   2.54    26.94
  SINCE JAN 1     38.53                     37.03   1.50    37.35

DEGREE DAYS
 COOLING
  TODAY           19                        17      2       20
  MONTH TO DATE  531                       459     72      527
  SINCE JUN 1   1052                       924    128     1010
  SINCE JAN 1   1648                      1372    276     1663
..................................................................


WIND (MPH)
  HIGHEST WIND SPEED    21   HIGHEST WIND DIRECTION     S (180)
  HIGHEST GUST SPEED    29   HIGHEST GUST DIRECTION     S (200)
  AVERAGE WIND SPEED     9.7


SKY COVER
  POSSIBLE SUNSHINE  MM
  AVERAGE SKY COVER 0.2


WEATHER CONDITIONS
 THE FOLLOWING WEATHER WAS RECORDED TODAY.
  NO SIGNIFICANT WEATHER WAS OBSERVED.


RELATIVE HUMIDITY (PERCENT)
 HIGHEST    85           500 AM
 LOWEST     59           800 AM
 AVERAGE    72

..........................................................


THE PENSACOLA CLIMATE NORMALS FOR TOMORROW
                         NORMAL    RECORD    YEAR
 MAXIMUM TEMPERATURE (F)   90        98      1993
 MINIMUM TEMPERATURE (F)   74        68      1994
                                             1911


SUNRISE AND SUNSET
JULY 27 2016..........SUNRISE   604 AM CDT   SUNSET   746 PM CDT
JULY 28 2016..........SUNRISE   605 AM CDT   SUNSET   745 PM CDT


-  INDICATES NEGATIVE NUMBERS.
R  INDICATES RECORD WAS SET OR TIED.
MM INDICATES DATA IS MISSING.
T  INDICATES TRACE AMOUNT.




$$
