000
CDUS44 KMOB 300645
CLIPNS


CLIMATE REPORT
NATIONAL WEATHER SERVICE MOBILE AL
145 AM CDT THU JUL 30 2015


...................................

...THE PENSACOLA CLIMATE SUMMARY FOR JULY 29 2015...

CLIMATE NORMAL PERIOD 1981 TO 2010
CLIMATE RECORD PERIOD 1879 TO 2015


WEATHER ITEM   OBSERVED TIME   RECORD YEAR NORMAL DEPARTURE LAST
                VALUE   (LST)  VALUE       VALUE  FROM      YEAR
                                                  NORMAL
..................................................................
TEMPERATURE (F)
 YESTERDAY
  MAXIMUM         98    115 PM 100    1986  90      8       87
  MINIMUM         77    213 PM  66    1994  74      3       72
  AVERAGE         88                        82      6       80

PRECIPITATION (IN)
  YESTERDAY        0.21          4.25 1946   0.24  -0.03     0.00
  MONTH TO DATE    6.78                      6.91  -0.13     7.64
  SINCE MAR 1     28.37                     27.82   0.55    56.05
  SINCE JAN 1     38.78                     37.51   1.27    67.38

DEGREE DAYS
 COOLING
  YESTERDAY       23                        17      6       15
  MONTH TO DATE  572                       493     79      473
  SINCE JUN 1   1055                       958     97      952
  SINCE JAN 1   1708                      1406    302     1403
..................................................................


WIND (MPH)
  HIGHEST WIND SPEED    17   HIGHEST WIND DIRECTION     E (100)
  HIGHEST GUST SPEED    27   HIGHEST GUST DIRECTION    NE (40)
  AVERAGE WIND SPEED     7.2


SKY COVER
  POSSIBLE SUNSHINE  MM
  AVERAGE SKY COVER 0.1


WEATHER CONDITIONS
 THE FOLLOWING WEATHER WAS RECORDED YESTERDAY.
  THUNDERSTORM
  LIGHT RAIN


RELATIVE HUMIDITY (PERCENT)
 HIGHEST    91           700 PM
 LOWEST     48           100 PM
 AVERAGE    70

..........................................................


THE PENSACOLA CLIMATE NORMALS FOR TODAY
                         NORMAL    RECORD    YEAR
 MAXIMUM TEMPERATURE (F)   90       102      1986
 MINIMUM TEMPERATURE (F)   74        67      2014
                                             1994


SUNRISE AND SUNSET
JULY 30 2015..........SUNRISE   606 AM CDT   SUNSET   744 PM CDT
JULY 31 2015..........SUNRISE   606 AM CDT   SUNSET   744 PM CDT


-  INDICATES NEGATIVE NUMBERS.
R  INDICATES RECORD WAS SET OR TIED.
MM INDICATES DATA IS MISSING.
T  INDICATES TRACE AMOUNT.




$$
