000
CDUS44 KMOB 122013
CLIPNS


CLIMATE REPORT
NATIONAL WEATHER SERVICE MOBILE AL
212 PM CST TUE DEC 12 2017


...................................

...THE PENSACOLA CLIMATE SUMMARY FOR DECEMBER 9 2017...

CLIMATE NORMAL PERIOD 1981 TO 2010
CLIMATE RECORD PERIOD 1879 TO 2017


WEATHER ITEM   OBSERVED TIME   RECORD YEAR NORMAL DEPARTURE LAST
                VALUE   (LST)  VALUE       VALUE  FROM      YEAR
                                                  NORMAL
..................................................................
TEMPERATURE (F)
 YESTERDAY
  MAXIMUM         49    310 PM  79    2009  64    -15       53
  MINIMUM         33    723 AM  22    1917  45    -12       37
  AVERAGE         41                        55    -14       45

PRECIPITATION (IN)
  YESTERDAY        0.04          2.79 1992   0.16  -0.12     0.00
  MONTH TO DATE    3.02                      1.43   1.59     6.09
  SINCE MAR 1     75.92                     52.46  23.46    52.44
  SINCE JAN 1     91.27                     62.15  29.12    61.09

SNOWFALL (IN)
  YESTERDAY       MM             0.0  2002   0.0   MM        0.0
                                      2001
                                      2000
  MONTH TO DATE    0.0                       0.0    0.0      0.0
  SINCE MAR 1      0.0                       0.0    0.0      0.0
  SINCE JUL 1      0.0                       0.0    0.0      0.0
  SNOW DEPTH       0

DEGREE DAYS
 HEATING
  YESTERDAY       24                        11     13       20
  MONTH TO DATE   82                        90     -8       57
  SINCE DEC 1     82                        90     -8       57
  SINCE JUL 1    217                       302    -85      126

 COOLING
  YESTERDAY        0                         0      0        0
  MONTH TO DATE   10                         7      3        7
  SINCE DEC 1     10                         7      3        7
  SINCE JAN 1   3343                      2603    740     3215
..................................................................


WIND (MPH)
  HIGHEST WIND SPEED    18   HIGHEST WIND DIRECTION    NW (300)
  HIGHEST GUST SPEED    25   HIGHEST GUST DIRECTION    NW (300)
  AVERAGE WIND SPEED    10.2


SKY COVER
  POSSIBLE SUNSHINE  MM
  AVERAGE SKY COVER 0.2


WEATHER CONDITIONS
 THE FOLLOWING WEATHER WAS RECORDED YESTERDAY.
  LIGHT RAIN
  LIGHT SNOW
  FOG


RELATIVE HUMIDITY (PERCENT)
 HIGHEST    96           200 AM
 LOWEST     42           200 PM
 AVERAGE    69

..........................................................


THE PENSACOLA CLIMATE NORMALS FOR TODAY
                         NORMAL    RECORD    YEAR
 MAXIMUM TEMPERATURE (F)   64        78      2012
                                             1971
 MINIMUM TEMPERATURE (F)   45        25      1995


SUNRISE AND SUNSET
DECEMBER 10 2017......SUNRISE   635 AM CST   SUNSET   448 PM CST
DECEMBER 11 2017......SUNRISE   636 AM CST   SUNSET   449 PM CST


-  INDICATES NEGATIVE NUMBERS.
R  INDICATES RECORD WAS SET OR TIED.
MM INDICATES DATA IS MISSING.
T  INDICATES TRACE AMOUNT.




$$
