000
CDUS44 KMOB 200645
CLIPNS


CLIMATE REPORT
NATIONAL WEATHER SERVICE MOBILE AL
145 AM CDT SAT SEP 20 2014


...................................

...THE PENSACOLA CLIMATE SUMMARY FOR SEPTEMBER 19 2014...

CLIMATE NORMAL PERIOD 1981 TO 2010
CLIMATE RECORD PERIOD 1879 TO 2014


WEATHER ITEM   OBSERVED TIME   RECORD YEAR NORMAL DEPARTURE LAST
                VALUE   (LST)  VALUE       VALUE  FROM      YEAR
                                                  NORMAL
..................................................................
TEMPERATURE (F)
 YESTERDAY
  MAXIMUM         83   1213 PM  97    2005  86     -3       86
  MINIMUM         71    728 AM  49    1981  70      1       73
  AVERAGE         77                        78     -1       80

PRECIPITATION (IN)
  YESTERDAY        0.17          5.60 1947   0.19  -0.02     0.00
  MONTH TO DATE    5.09                      3.79   1.30     1.80
  SINCE MAR 1     62.51                     38.87  23.64    43.98
  SINCE JAN 1     73.84                     48.56  25.28    58.25

DEGREE DAYS
 COOLING
  YESTERDAY       12                        13     -1       15
  MONTH TO DATE  297                       279     18      334
  SINCE SEP 1    297                       279     18      334
  SINCE JAN 1   2253                      2246      7     2316
..................................................................


WIND (MPH)
  HIGHEST WIND SPEED    17   HIGHEST WIND DIRECTION     S (160)
  HIGHEST GUST SPEED    24   HIGHEST GUST DIRECTION    SE (150)
  AVERAGE WIND SPEED     6.4


SKY COVER
  POSSIBLE SUNSHINE  MM
  AVERAGE SKY COVER 0.3


WEATHER CONDITIONS
 THE FOLLOWING WEATHER WAS RECORDED YESTERDAY.
  HEAVY RAIN
  LIGHT RAIN
  FOG


RELATIVE HUMIDITY (PERCENT)
 HIGHEST   100           600 AM
 LOWEST     62           400 PM
 AVERAGE    81

..........................................................


THE PENSACOLA CLIMATE NORMALS FOR TODAY
                         NORMAL    RECORD    YEAR
 MAXIMUM TEMPERATURE (F)   86        98      1925
 MINIMUM TEMPERATURE (F)   69        51      1981


SUNRISE AND SUNSET
SEPTEMBER 20 2014.....SUNRISE   636 AM CDT   SUNSET   648 PM CDT
SEPTEMBER 21 2014.....SUNRISE   637 AM CDT   SUNSET   647 PM CDT


-  INDICATES NEGATIVE NUMBERS.
R  INDICATES RECORD WAS SET OR TIED.
MM INDICATES DATA IS MISSING.
T  INDICATES TRACE AMOUNT.




$$
