866
CDUS44 KMOB 290645
CLIPNS


CLIMATE REPORT
NATIONAL WEATHER SERVICE MOBILE AL
145 AM CDT WED MAR 29 2017


...................................

...THE PENSACOLA CLIMATE SUMMARY FOR MARCH 28 2017...

CLIMATE NORMAL PERIOD 1981 TO 2010
CLIMATE RECORD PERIOD 1879 TO 2017


WEATHER ITEM   OBSERVED TIME   RECORD YEAR NORMAL DEPARTURE LAST
                VALUE   (LST)  VALUE       VALUE  FROM      YEAR
                                                  NORMAL
..................................................................
TEMPERATURE (F)
 YESTERDAY
  MAXIMUM         82   1239 PM  83    2009  72     10       81
  MINIMUM         69   1159 PM  34    1937  53     16       61
  AVERAGE         76                        63     13       71

PRECIPITATION (IN)
  YESTERDAY        T             4.01 2014   0.18  -0.18     0.00
  MONTH TO DATE    1.79                      5.27  -3.48     7.65
  SINCE MAR 1      1.79                      5.27  -3.48     7.65
  SINCE JAN 1     17.14                     14.96   2.18    16.30

SNOWFALL (IN)
  YESTERDAY        0.0          MM      MM   0.0    0.0      0.0
  MONTH TO DATE    0.0                       0.0    0.0      0.0
  SINCE MAR 1      0.0                       0.0    0.0      0.0
  SINCE JUL 1      0.0                       0.0    0.0      0.0
  SNOW DEPTH       0

DEGREE DAYS
 HEATING
  YESTERDAY        0                         4     -4        0
  MONTH TO DATE   92                       166    -74       72
  SINCE MAR 1     92                       166    -74       72
  SINCE JUL 1    625                      1474   -849      954

 COOLING
  YESTERDAY       11                         2      9        6
  MONTH TO DATE  103                        28     75       71
  SINCE MAR 1    103                        28     75       71
  SINCE JAN 1    213                        42    171       89
..................................................................


WIND (MPH)
  HIGHEST WIND SPEED    18   HIGHEST WIND DIRECTION     S (190)
  HIGHEST GUST SPEED    25   HIGHEST GUST DIRECTION    SW (210)
  AVERAGE WIND SPEED    10.2


SKY COVER
  POSSIBLE SUNSHINE  MM
  AVERAGE SKY COVER 0.6


WEATHER CONDITIONS
 THE FOLLOWING WEATHER WAS RECORDED YESTERDAY.
  NO SIGNIFICANT WEATHER WAS OBSERVED.


RELATIVE HUMIDITY (PERCENT)
 HIGHEST    90          1200 AM
 LOWEST     62          1200 PM
 AVERAGE    76

..........................................................


THE PENSACOLA CLIMATE NORMALS FOR TODAY
                         NORMAL    RECORD    YEAR
 MAXIMUM TEMPERATURE (F)   72        83      1974
                                             1884
 MINIMUM TEMPERATURE (F)   54        34      1955


SUNRISE AND SUNSET
MARCH 29 2017.........SUNRISE   641 AM CDT   SUNSET   706 PM CDT
MARCH 30 2017.........SUNRISE   640 AM CDT   SUNSET   707 PM CDT


-  INDICATES NEGATIVE NUMBERS.
R  INDICATES RECORD WAS SET OR TIED.
MM INDICATES DATA IS MISSING.
T  INDICATES TRACE AMOUNT.




$$
