000
CDUS44 KMOB 262225
CLIPNS


CLIMATE REPORT
NATIONAL WEATHER SERVICE MOBILE AL
525 PM CDT MON JUN 26 2017


...................................

...THE PENSACOLA CLIMATE SUMMARY FOR JUNE 26 2017...
VALID TODAY AS OF 0500 PM LOCAL TIME.

CLIMATE NORMAL PERIOD 1981 TO 2010
CLIMATE RECORD PERIOD 1879 TO 2017


WEATHER ITEM   OBSERVED TIME   RECORD YEAR NORMAL DEPARTURE LAST
                VALUE   (LST)  VALUE       VALUE  FROM      YEAR
                                                  NORMAL
..................................................................
TEMPERATURE (F)
 TODAY
  MAXIMUM         91    330 PM 100    1988  90      1       94
  MINIMUM         72    513 AM  66    1974  74     -2       74
  AVERAGE         82                        82      0       84

PRECIPITATION (IN)
  TODAY            0.00          3.41 1929   0.25  -0.25     0.34
  MONTH TO DATE   18.37                      5.61  12.76     5.12
  SINCE MAR 1     31.52                     19.92  11.60    20.73
  SINCE JAN 1     46.87                     29.61  17.26    29.38

DEGREE DAYS
 COOLING
  TODAY           17                        17      0       19
  MONTH TO DATE  401                       397      4      452
  SINCE JUN 1    401                       397      4      452
  SINCE JAN 1   1197                       845    352     1048
..................................................................


WIND (MPH)
  HIGHEST WIND SPEED    12   HIGHEST WIND DIRECTION    NE (30)
  HIGHEST GUST SPEED    16   HIGHEST GUST DIRECTION     N (350)
  AVERAGE WIND SPEED     7.0


SKY COVER
  POSSIBLE SUNSHINE  MM
  AVERAGE SKY COVER 0.0


WEATHER CONDITIONS
 THE FOLLOWING WEATHER WAS RECORDED TODAY.
  NO SIGNIFICANT WEATHER WAS OBSERVED.


RELATIVE HUMIDITY (PERCENT)
 HIGHEST    66           500 AM
 LOWEST     37           300 PM
 AVERAGE    52

..........................................................


THE PENSACOLA CLIMATE NORMALS FOR TOMORROW
                         NORMAL    RECORD    YEAR
 MAXIMUM TEMPERATURE (F)   90       101      1988
                                             1952
                                             1950
 MINIMUM TEMPERATURE (F)   74        63      1974


SUNRISE AND SUNSET
JUNE 26 2017..........SUNRISE   549 AM CDT   SUNSET   755 PM CDT
JUNE 27 2017..........SUNRISE   549 AM CDT   SUNSET   755 PM CDT


-  INDICATES NEGATIVE NUMBERS.
R  INDICATES RECORD WAS SET OR TIED.
MM INDICATES DATA IS MISSING.
T  INDICATES TRACE AMOUNT.




$$
