000
CDUS44 KMOB 310640
CLIPNS


CLIMATE REPORT
NATIONAL WEATHER SERVICE MOBILE AL
130 AM CDT MON AUG 31 2015


...................................

...THE PENSACOLA CLIMATE SUMMARY FOR AUGUST 30 2015...

CLIMATE NORMAL PERIOD 1981 TO 2010
CLIMATE RECORD PERIOD 1879 TO 2015


WEATHER ITEM   OBSERVED TIME   RECORD YEAR NORMAL DEPARTURE LAST
                VALUE   (LST)  VALUE       VALUE  FROM      YEAR
                                                  NORMAL
..................................................................
TEMPERATURE (F)
 YESTERDAY
  MAXIMUM         89   1234 PM 103    1951  89      0       90
  MINIMUM         70    539 AM  62    1992  74     -4       76
  AVERAGE         80                        81     -1       83

PRECIPITATION (IN)
  YESTERDAY        0.03          6.29 1950   0.19  -0.16     0.00
  MONTH TO DATE    6.71                      6.57   0.14     1.37
  SINCE MAR 1     35.30                     34.89   0.41    57.42
  SINCE JAN 1     45.71                     44.58   1.13    68.75

DEGREE DAYS
 COOLING
  YESTERDAY       15                        16     -1       18
  MONTH TO DATE  535                       507     28      513
  SINCE JUN 1   1629                      1505    124     1486
  SINCE JAN 1   2282                      1953    329     1937
..................................................................


WIND (MPH)
  HIGHEST WIND SPEED    14   HIGHEST WIND DIRECTION     S (200)
  HIGHEST GUST SPEED    17   HIGHEST GUST DIRECTION     S (200)
  AVERAGE WIND SPEED     5.0


SKY COVER
  POSSIBLE SUNSHINE  MM
  AVERAGE SKY COVER 0.2


WEATHER CONDITIONS
 THE FOLLOWING WEATHER WAS RECORDED YESTERDAY.
  NO SIGNIFICANT WEATHER WAS OBSERVED.


RELATIVE HUMIDITY (PERCENT)
 HIGHEST    93           300 AM
 LOWEST     59          1200 PM
 AVERAGE    76

..........................................................


THE PENSACOLA CLIMATE NORMALS FOR TODAY
                         NORMAL    RECORD    YEAR
 MAXIMUM TEMPERATURE (F)   89       101      1954
 MINIMUM TEMPERATURE (F)   74        64      1986
                                             1946


SUNRISE AND SUNSET
AUGUST 31 2015........SUNRISE   625 AM CDT   SUNSET   713 PM CDT
SEPTEMBER  1 2015.....SUNRISE   625 AM CDT   SUNSET   712 PM CDT


-  INDICATES NEGATIVE NUMBERS.
R  INDICATES RECORD WAS SET OR TIED.
MM INDICATES DATA IS MISSING.
T  INDICATES TRACE AMOUNT.




$$
