000
CDUS44 KMOB 220645
CLIPNS


CLIMATE REPORT
NATIONAL WEATHER SERVICE MOBILE AL
145 AM CDT SUN OCT 22 2017


...................................

...THE PENSACOLA CLIMATE SUMMARY FOR OCTOBER 21 2017...

CLIMATE NORMAL PERIOD 1981 TO 2010
CLIMATE RECORD PERIOD 1879 TO 2017


WEATHER ITEM   OBSERVED TIME   RECORD YEAR NORMAL DEPARTURE LAST
                VALUE   (LST)  VALUE       VALUE  FROM      YEAR
                                                  NORMAL
..................................................................
TEMPERATURE (F)
 YESTERDAY
  MAXIMUM         83    257 PM  88    2005  78      5       79
                                      1963
  MINIMUM         71    341 AM  34    1989  59     12       59
  AVERAGE         77                        68      9       69

PRECIPITATION (IN)
  YESTERDAY        0.00          3.20 1900   0.16  -0.16     0.00
  MONTH TO DATE    4.74                      3.57   1.17      T
  SINCE MAR 1     67.25                     44.63  22.62    45.49
  SINCE JAN 1     82.60                     54.32  28.28    54.14

DEGREE DAYS
 HEATING
  YESTERDAY        0                         2     -2        0
  MONTH TO DATE    0                        12    -12        0
  SINCE SEP 1      0                        13    -13        0
  SINCE JUL 1      0                        13    -13        0

 COOLING
  YESTERDAY       12                         5      7        4
  MONTH TO DATE  283                       143    140      238
  SINCE SEP 1    757                       546    211      754
  SINCE JAN 1   3236                      2513    723     3057
..................................................................


WIND (MPH)
  HIGHEST WIND SPEED    17   HIGHEST WIND DIRECTION    SE (120)
  HIGHEST GUST SPEED    40   HIGHEST GUST DIRECTION     E (100)
  AVERAGE WIND SPEED     9.2


SKY COVER
  POSSIBLE SUNSHINE  MM
  AVERAGE SKY COVER 0.4


WEATHER CONDITIONS
 THE FOLLOWING WEATHER WAS RECORDED YESTERDAY.
  NO SIGNIFICANT WEATHER WAS OBSERVED.


RELATIVE HUMIDITY (PERCENT)
 HIGHEST    84           600 AM
 LOWEST     65           200 PM
 AVERAGE    75

..........................................................


THE PENSACOLA CLIMATE NORMALS FOR TODAY
                         NORMAL    RECORD    YEAR
 MAXIMUM TEMPERATURE (F)   77        90      1963
 MINIMUM TEMPERATURE (F)   58        42      1989
                                             1976


SUNRISE AND SUNSET
OCTOBER 22 2017.......SUNRISE   656 AM CDT   SUNSET   610 PM CDT
OCTOBER 23 2017.......SUNRISE   657 AM CDT   SUNSET   609 PM CDT


-  INDICATES NEGATIVE NUMBERS.
R  INDICATES RECORD WAS SET OR TIED.
MM INDICATES DATA IS MISSING.
T  INDICATES TRACE AMOUNT.




$$
