000
CDUS44 KMOB 200645
CLIPNS


CLIMATE REPORT
NATIONAL WEATHER SERVICE MOBILE AL
1245 AM CST TUE FEB 20 2018


...................................

...THE PENSACOLA CLIMATE SUMMARY FOR FEBRUARY 19 2018...

CLIMATE NORMAL PERIOD 1981 TO 2010
CLIMATE RECORD PERIOD 1879 TO 2018


WEATHER ITEM   OBSERVED TIME   RECORD YEAR NORMAL DEPARTURE LAST
                VALUE   (LST)  VALUE       VALUE  FROM      YEAR
                                                  NORMAL
..................................................................
TEMPERATURE (F)
 YESTERDAY
  MAXIMUM         77    146 PM  81    2017  65     12       81
  MINIMUM         68    541 AM  25    1958  46     22       55
                                      1928
  AVERAGE         73                        55     18       68

PRECIPITATION (IN)
  YESTERDAY        0.00          1.79 1990   0.19  -0.19     0.00
  MONTH TO DATE    9.31                      3.41   5.90     1.61
  SINCE MAR 1     88.99                     63.62  25.37    69.31
  SINCE JAN 1     12.43                      8.04   4.39    13.34

SNOWFALL (IN)
  YESTERDAY        0.0          MM      MM   0.0    0.0      0.0
  MONTH TO DATE    0.0                       0.0    0.0      0.0
  SINCE MAR 1      T                         0.0    0.0      0.0
  SINCE JUL 1      T                         0.0    0.0      0.0
  SNOW DEPTH       0

DEGREE DAYS
 HEATING
  YESTERDAY        0                        10    -10        0
  MONTH TO DATE   65                       218   -153       74
  SINCE DEC 1    888                      1017   -129      457
  SINCE JUL 1   1023                      1229   -206      526

 COOLING
  YESTERDAY        8                         0      8        3
  MONTH TO DATE   38                         0     38       28
  SINCE DEC 1     75                        19     56      139
  SINCE JAN 1     38                         6     32       92
..................................................................


WIND (MPH)
  HIGHEST WIND SPEED    21   HIGHEST WIND DIRECTION    SE (120)
  HIGHEST GUST SPEED    37   HIGHEST GUST DIRECTION     E (100)
  AVERAGE WIND SPEED    10.5


SKY COVER
  POSSIBLE SUNSHINE  MM
  AVERAGE SKY COVER 0.7


WEATHER CONDITIONS
 THE FOLLOWING WEATHER WAS RECORDED YESTERDAY.
  NO SIGNIFICANT WEATHER WAS OBSERVED.


RELATIVE HUMIDITY (PERCENT)
 HIGHEST    97          1200 AM
 LOWEST     73           100 PM
 AVERAGE    85

..........................................................


THE PENSACOLA CLIMATE NORMALS FOR TODAY
                         NORMAL    RECORD    YEAR
 MAXIMUM TEMPERATURE (F)   65        80      1981
 MINIMUM TEMPERATURE (F)   47        27      1958


SUNRISE AND SUNSET
FEBRUARY 20 2018......SUNRISE   624 AM CST   SUNSET   541 PM CST
FEBRUARY 21 2018......SUNRISE   623 AM CST   SUNSET   542 PM CST


-  INDICATES NEGATIVE NUMBERS.
R  INDICATES RECORD WAS SET OR TIED.
MM INDICATES DATA IS MISSING.
T  INDICATES TRACE AMOUNT.




$$
